{"id":6348,"date":"2024-03-21T11:07:01","date_gmt":"2024-03-21T08:07:01","guid":{"rendered":"https:\/\/birimler.atauni.edu.tr\/fotograf-bolumu\/?page_id=6348"},"modified":"2024-03-21T11:07:01","modified_gmt":"2024-03-21T08:07:01","slug":"toplumsal-duyarlilik-projeleri","status":"publish","type":"page","link":"https:\/\/atauni.edu.tr\/fotograf-bolumu\/toplumsal-duyarlilik-projeleri\/","title":{"rendered":"Toplumsal Duyarl\u0131l\u0131k Projeleri"},"content":{"rendered":"\n<p>Ahmet Hakan T\u0131rabzon; Foto\u011fraf Bask\u0131 Tekniklerinden \u201cMavi Bask\u0131\u201d At\u00f6lyesi, 2023<\/p>\n\n\n\n<p>Song\u00fcl Ye\u015fil; Sava\u015f\u0131n Sil\u00fcetleri, 2023<\/p>\n\n\n\n<p>B\u00fc\u015fra G\u00f6zl\u00fc; Tan\u0131kl\u0131k Et!, 2023<\/p>\n\n\n\n<p>Muhammet Hamza Do\u011frul; 6 \u015eubat Deprem Felaketinin Sergisi, 2023<\/p>\n\n\n\n<p>Yasemin Da\u011f; Cyanotype Workshop, 2022<\/p>\n\n\n\n<p>Ahmet Da\u011fdelen; Alternatif Bask\u0131 Y\u00f6ntemlerinden \u201cCyanotype Bask\u0131\u201d At\u00f6lyesi, 2022<\/p>\n\n\n\n<p>Muhammet Hamza Do\u011frul; T\u00fcrk Foto\u011fraf Sanat\u00e7\u0131lar\u0131, 2022<\/p>\n\n\n\n<p>Ahmet Da\u011fdelen; Karanl\u0131k Odada 35mm (Negatif) Film \u00fczerinden Foto\u011fraf Bask\u0131s\u0131 Alma E\u011fitimi, 2022<\/p>\n\n\n\n<p>Ahmet Da\u011fdelen; Analog (Filmli) SLR Foto\u011fraf Makinesi ile Foto\u011fraf \u00c7ekme ve Karanl\u0131k Odada 35mm Film (Negatif) Y\u0131kama E\u011fitimi, 2022<\/p>\n","protected":false},"excerpt":{"rendered":"<p>Ahmet Hakan T\u0131rabzon; Foto\u011fraf Bask\u0131 Tekniklerinden \u201cMavi Bask\u0131\u201d At\u00f6lyesi, 2023 Song\u00fcl Ye\u015fil; Sava\u015f\u0131n Sil\u00fcetleri, 2023 B\u00fc\u015fra G\u00f6zl\u00fc; Tan\u0131kl\u0131k Et!, 2023 Muhammet Hamza Do\u011frul; 6 \u015eubat Deprem Felaketinin Sergisi, 2023 Yasemin Da\u011f; Cyanotype Workshop, 2022 Ahmet Da\u011fdelen; Alternatif Bask\u0131 Y\u00f6ntemlerinden \u201cCyanotype Bask\u0131\u201d At\u00f6lyesi, 2022 Muhammet Hamza Do\u011frul; T\u00fcrk Foto\u011fraf Sanat\u00e7\u0131lar\u0131, 2022 Ahmet Da\u011fdelen; Karanl\u0131k Odada 35mm [&hellip;]<\/p>\n","protected":false},"author":97,"featured_media":0,"parent":0,"menu_order":0,"comment_status":"closed","ping_status":"closed","template":"","meta":{"footnotes":""},"class_list":["post-6348","page","type-page","status-publish","hentry"],"_links":{"self":[{"href":"https:\/\/atauni.edu.tr\/fotograf-bolumu\/wp-json\/wp\/v2\/pages\/6348","targetHints":{"allow":["GET"]}}],"collection":[{"href":"https:\/\/atauni.edu.tr\/fotograf-bolumu\/wp-json\/wp\/v2\/pages"}],"about":[{"href":"https:\/\/atauni.edu.tr\/fotograf-bolumu\/wp-json\/wp\/v2\/types\/page"}],"author":[{"embeddable":true,"href":"https:\/\/atauni.edu.tr\/fotograf-bolumu\/wp-json\/wp\/v2\/users\/97"}],"replies":[{"embeddable":true,"href":"https:\/\/atauni.edu.tr\/fotograf-bolumu\/wp-json\/wp\/v2\/comments?post=6348"}],"version-history":[{"count":1,"href":"https:\/\/atauni.edu.tr\/fotograf-bolumu\/wp-json\/wp\/v2\/pages\/6348\/revisions"}],"predecessor-version":[{"id":6349,"href":"https:\/\/atauni.edu.tr\/fotograf-bolumu\/wp-json\/wp\/v2\/pages\/6348\/revisions\/6349"}],"wp:attachment":[{"href":"https:\/\/atauni.edu.tr\/fotograf-bolumu\/wp-json\/wp\/v2\/media?parent=6348"}],"curies":[{"name":"wp","href":"https:\/\/api.w.org\/{rel}","templated":true}]}}