{"id":5682,"date":"2021-07-13T10:10:01","date_gmt":"2021-07-13T07:10:01","guid":{"rendered":"https:\/\/portaltest.atauni.edu.tr\/bilgisayar-muhendisligi\/?page_id=5682"},"modified":"2022-02-23T21:34:10","modified_gmt":"2022-02-23T18:34:10","slug":"misyon-vizyon-ve-temel-degerler","status":"publish","type":"page","link":"https:\/\/atauni.edu.tr\/geleneksel-turk-sanatlari-bolumu\/misyon-vizyon-ve-temel-degerler\/","title":{"rendered":"Misyon, Vizyon ve Temel De\u011ferler"},"content":{"rendered":"\t\t<div data-elementor-type=\"wp-page\" data-elementor-id=\"5682\" class=\"elementor elementor-5682\" data-elementor-post-type=\"page\">\n\t\t\t\t\t\t<section class=\"elementor-section elementor-top-section elementor-element elementor-element-730d320 elementor-section-boxed elementor-section-height-default elementor-section-height-default\" data-id=\"730d320\" data-element_type=\"section\">\n\t\t\t\t\t\t<div class=\"elementor-container elementor-column-gap-default\">\n\t\t\t\t\t<div class=\"elementor-column elementor-col-100 elementor-top-column elementor-element elementor-element-753d0860\" data-id=\"753d0860\" data-element_type=\"column\">\n\t\t\t<div class=\"elementor-widget-wrap\">\n\t\t\t\t\t\t\t<\/div>\n\t\t<\/div>\n\t\t\t\t\t<\/div>\n\t\t<\/section>\n\t\t\t\t<section class=\"elementor-section elementor-top-section elementor-element elementor-element-9be811a elementor-section-boxed elementor-section-height-default elementor-section-height-default\" data-id=\"9be811a\" data-element_type=\"section\">\n\t\t\t\t\t\t<div class=\"elementor-container elementor-column-gap-default\">\n\t\t\t\t\t<div class=\"elementor-column elementor-col-100 elementor-top-column elementor-element elementor-element-1ed847b7\" data-id=\"1ed847b7\" data-element_type=\"column\">\n\t\t\t<div class=\"elementor-widget-wrap elementor-element-populated\">\n\t\t\t\t\t\t<div class=\"elementor-element elementor-element-4ce0d07f elementor-widget elementor-widget-heading\" data-id=\"4ce0d07f\" data-element_type=\"widget\" data-widget_type=\"heading.default\">\n\t\t\t\t<div class=\"elementor-widget-container\">\n\t\t\t\t\t<h2 class=\"elementor-heading-title elementor-size-default\">Misyon, Vizyon ve Temel De\u011ferler<\/h2>\t\t\t\t<\/div>\n\t\t\t\t<\/div>\n\t\t\t\t<div class=\"elementor-element elementor-element-63260862 elementor-widget-divider--view-line elementor-widget elementor-widget-divider\" data-id=\"63260862\" data-element_type=\"widget\" data-widget_type=\"divider.default\">\n\t\t\t\t<div class=\"elementor-widget-container\">\n\t\t\t\t\t\t\t<div class=\"elementor-divider\">\n\t\t\t<span class=\"elementor-divider-separator\">\n\t\t\t\t\t\t<\/span>\n\t\t<\/div>\n\t\t\t\t\t\t<\/div>\n\t\t\t\t<\/div>\n\t\t\t\t\t<\/div>\n\t\t<\/div>\n\t\t\t\t\t<\/div>\n\t\t<\/section>\n\t\t\t\t<section class=\"elementor-section elementor-top-section elementor-element elementor-element-681db8b elementor-section-boxed elementor-section-height-default elementor-section-height-default\" data-id=\"681db8b\" data-element_type=\"section\">\n\t\t\t\t\t\t<div class=\"elementor-container elementor-column-gap-default\">\n\t\t\t\t\t<div class=\"elementor-column elementor-col-100 elementor-top-column elementor-element elementor-element-ad4dac5\" data-id=\"ad4dac5\" data-element_type=\"column\">\n\t\t\t<div class=\"elementor-widget-wrap elementor-element-populated\">\n\t\t\t\t\t\t<div class=\"elementor-element elementor-element-2f96b3d elementor-widget elementor-widget-text-editor\" data-id=\"2f96b3d\" data-element_type=\"widget\" data-widget_type=\"text-editor.default\">\n\t\t\t\t<div class=\"elementor-widget-container\">\n\t\t\t\t\t\t\t\t\t<h6>M\u0130SYON<\/h6><h6>\u201cHayat\u0131n Hizmetinde\u201d<\/h6><p>Alan\u0131nda yetkin bilim insanlar\u0131 ve sanat\u00e7\u0131lar yeti\u015ftirmek i\u00e7in gerekli alt yap\u0131y\u0131 olu\u015fturarak, en yeni teknik donan\u0131m\u0131 ve en kaliteli malzemeleri \u00f6\u011fretim eleman\u0131 ve \u00f6\u011frencilerimizin hizmetine sunarak, toplumun, bilim ve sanat d\u00fcnyas\u0131n\u0131n ayd\u0131nlanmas\u0131na \u00f6nemli katk\u0131lar kazand\u0131rabilecek, bilgisini yetene\u011fiyle b\u00fct\u00fcnle\u015ftirmi\u015f, dura\u011fanl\u0131\u011f\u0131, taklidi ve tekrar\u0131 de\u011fil, s\u00fcrekli ilerlemeyi, geli\u015fmeyi hedef edinerek \u00e7al\u0131\u015fan, ara\u015ft\u0131ran, d\u00fc\u015f\u00fcnen ve \u00fcreten akademisyen-sanat\u00e7\u0131lar taraf\u0131ndan ortaya konan eserlerin, yap\u0131lan ara\u015ft\u0131rmalar\u0131n, \u00e7e\u015fitli bilim ve sanat etkinlikleri arac\u0131l\u0131\u011f\u0131yla ulusumuza ve t\u00fcm d\u00fcnyaya duyuruldu\u011fu, misyonumuzu benimsemi\u015f nesillerin gelece\u011fe haz\u0131rland\u0131\u011f\u0131 bir bilim ve sanat yuvas\u0131 olmakt\u0131r.<\/p><h5>V\u0130ZYON<\/h5><h6>\u201cHep \u0130leriye\u201d<\/h6><p>Sanat\u0131n evrensel dilini kullanarak, ulusal ve uluslararas\u0131 d\u00fczeydeki bilimsel, sanatsal, k\u00fclt\u00fcrel geli\u015fmeler \u0131\u015f\u0131\u011f\u0131nda, bilime ve sanata farkl\u0131 bak\u0131\u015f a\u00e7\u0131lar\u0131 kazand\u0131rabilen, ayn\u0131 zamanda k\u00f6kl\u00fc T\u00fcrk k\u00fclt\u00fcr\u00fcn\u00fc benimsemi\u015f, payla\u015f\u0131mc\u0131, kat\u0131l\u0131mc\u0131, \u00f6zverili, sanat\u00e7\u0131 kimli\u011fini \u00f6z\u00fcmsemi\u015f, ge\u00e7mi\u015ften gelen birikimle modern imk\u00e2nlar\u0131 birle\u015ftirebilen, at\u0131l\u0131mc\u0131, \u00e7ok y\u00f6nl\u00fc, tutarl\u0131, istikrarl\u0131, ara\u015ft\u0131rmac\u0131 ruha sahip bilim insanlar\u0131 ve sanat\u00e7\u0131lar yeti\u015ftirerek T\u00fcrk Sanat\u0131\u2019n\u0131 ya\u015fatmak, geli\u015ftirmek, tan\u0131tmak ve en ileri d\u00fczeyde temsil etmektir.<\/p>\t\t\t\t\t\t\t\t<\/div>\n\t\t\t\t<\/div>\n\t\t\t\t\t<\/div>\n\t\t<\/div>\n\t\t\t\t\t<\/div>\n\t\t<\/section>\n\t\t\t\t<\/div>\n\t\t","protected":false},"excerpt":{"rendered":"<p>Misyon, Vizyon ve Temel De\u011ferler M\u0130SYON \u201cHayat\u0131n Hizmetinde\u201d Alan\u0131nda yetkin bilim insanlar\u0131 ve sanat\u00e7\u0131lar yeti\u015ftirmek i\u00e7in gerekli alt yap\u0131y\u0131 olu\u015fturarak, en yeni teknik donan\u0131m\u0131 ve en kaliteli malzemeleri \u00f6\u011fretim eleman\u0131 ve \u00f6\u011frencilerimizin hizmetine sunarak, toplumun, bilim ve sanat d\u00fcnyas\u0131n\u0131n ayd\u0131nlanmas\u0131na \u00f6nemli katk\u0131lar kazand\u0131rabilecek, bilgisini yetene\u011fiyle b\u00fct\u00fcnle\u015ftirmi\u015f, dura\u011fanl\u0131\u011f\u0131, taklidi ve tekrar\u0131 de\u011fil, s\u00fcrekli ilerlemeyi, geli\u015fmeyi hedef [&hellip;]<\/p>\n","protected":false},"author":1,"featured_media":0,"parent":0,"menu_order":0,"comment_status":"closed","ping_status":"closed","template":"elementor_header_footer","meta":{"footnotes":""},"class_list":["post-5682","page","type-page","status-publish","hentry"],"_links":{"self":[{"href":"https:\/\/atauni.edu.tr\/geleneksel-turk-sanatlari-bolumu\/wp-json\/wp\/v2\/pages\/5682","targetHints":{"allow":["GET"]}}],"collection":[{"href":"https:\/\/atauni.edu.tr\/geleneksel-turk-sanatlari-bolumu\/wp-json\/wp\/v2\/pages"}],"about":[{"href":"https:\/\/atauni.edu.tr\/geleneksel-turk-sanatlari-bolumu\/wp-json\/wp\/v2\/types\/page"}],"author":[{"embeddable":true,"href":"https:\/\/atauni.edu.tr\/geleneksel-turk-sanatlari-bolumu\/wp-json\/wp\/v2\/users\/1"}],"replies":[{"embeddable":true,"href":"https:\/\/atauni.edu.tr\/geleneksel-turk-sanatlari-bolumu\/wp-json\/wp\/v2\/comments?post=5682"}],"version-history":[{"count":17,"href":"https:\/\/atauni.edu.tr\/geleneksel-turk-sanatlari-bolumu\/wp-json\/wp\/v2\/pages\/5682\/revisions"}],"predecessor-version":[{"id":6245,"href":"https:\/\/atauni.edu.tr\/geleneksel-turk-sanatlari-bolumu\/wp-json\/wp\/v2\/pages\/5682\/revisions\/6245"}],"wp:attachment":[{"href":"https:\/\/atauni.edu.tr\/geleneksel-turk-sanatlari-bolumu\/wp-json\/wp\/v2\/media?parent=5682"}],"curies":[{"name":"wp","href":"https:\/\/api.w.org\/{rel}","templated":true}]}}