{"id":5791,"date":"2021-07-13T13:07:15","date_gmt":"2021-07-13T10:07:15","guid":{"rendered":"https:\/\/portaltest.atauni.edu.tr\/bilgisayar-muhendisligi\/?page_id=5791"},"modified":"2021-08-27T15:49:32","modified_gmt":"2021-08-27T12:49:32","slug":"staj","status":"publish","type":"page","link":"https:\/\/atauni.edu.tr\/geleneksel-turk-sanatlari-bolumu\/staj\/","title":{"rendered":"Staj"},"content":{"rendered":"\t\t<div data-elementor-type=\"wp-page\" data-elementor-id=\"5791\" class=\"elementor elementor-5791\" data-elementor-post-type=\"page\">\n\t\t\t\t\t\t<section class=\"elementor-section elementor-top-section elementor-element elementor-element-730d320 elementor-section-boxed elementor-section-height-default elementor-section-height-default\" data-id=\"730d320\" data-element_type=\"section\">\n\t\t\t\t\t\t<div class=\"elementor-container elementor-column-gap-default\">\n\t\t\t\t\t<div class=\"elementor-column elementor-col-100 elementor-top-column elementor-element elementor-element-753d0860\" data-id=\"753d0860\" data-element_type=\"column\">\n\t\t\t<div class=\"elementor-widget-wrap\">\n\t\t\t\t\t\t\t<\/div>\n\t\t<\/div>\n\t\t\t\t\t<\/div>\n\t\t<\/section>\n\t\t\t\t<section class=\"elementor-section elementor-top-section elementor-element elementor-element-9be811a elementor-section-boxed elementor-section-height-default elementor-section-height-default\" data-id=\"9be811a\" data-element_type=\"section\">\n\t\t\t\t\t\t<div class=\"elementor-container elementor-column-gap-default\">\n\t\t\t\t\t<div class=\"elementor-column elementor-col-100 elementor-top-column elementor-element elementor-element-1ed847b7\" data-id=\"1ed847b7\" data-element_type=\"column\">\n\t\t\t<div class=\"elementor-widget-wrap elementor-element-populated\">\n\t\t\t\t\t\t<div class=\"elementor-element elementor-element-4ce0d07f elementor-widget elementor-widget-heading\" data-id=\"4ce0d07f\" data-element_type=\"widget\" data-widget_type=\"heading.default\">\n\t\t\t\t<div class=\"elementor-widget-container\">\n\t\t\t\t\t<h2 class=\"elementor-heading-title elementor-size-default\">Staj<\/h2>\t\t\t\t<\/div>\n\t\t\t\t<\/div>\n\t\t\t\t<div class=\"elementor-element elementor-element-63260862 elementor-widget-divider--view-line elementor-widget elementor-widget-divider\" data-id=\"63260862\" data-element_type=\"widget\" data-widget_type=\"divider.default\">\n\t\t\t\t<div class=\"elementor-widget-container\">\n\t\t\t\t\t\t\t<div class=\"elementor-divider\">\n\t\t\t<span class=\"elementor-divider-separator\">\n\t\t\t\t\t\t<\/span>\n\t\t<\/div>\n\t\t\t\t\t\t<\/div>\n\t\t\t\t<\/div>\n\t\t\t\t\t<\/div>\n\t\t<\/div>\n\t\t\t\t\t<\/div>\n\t\t<\/section>\n\t\t\t\t<section class=\"elementor-section elementor-top-section elementor-element elementor-element-10e8347 elementor-section-boxed elementor-section-height-default elementor-section-height-default\" data-id=\"10e8347\" data-element_type=\"section\">\n\t\t\t\t\t\t<div class=\"elementor-container elementor-column-gap-default\">\n\t\t\t\t\t<div class=\"elementor-column elementor-col-100 elementor-top-column elementor-element elementor-element-795ab05\" data-id=\"795ab05\" data-element_type=\"column\">\n\t\t\t<div class=\"elementor-widget-wrap elementor-element-populated\">\n\t\t\t\t\t\t<div class=\"elementor-element elementor-element-4524745 elementor-widget elementor-widget-text-editor\" data-id=\"4524745\" data-element_type=\"widget\" data-widget_type=\"text-editor.default\">\n\t\t\t\t<div class=\"elementor-widget-container\">\n\t\t\t\t\t\t\t\t\t<p>Geleneksel T\u00fcrk Sanatlar\u0131 B\u00f6l\u00fcm\u00fc, \u00f6\u011frencilerin teorik ve pratik becerilerini geli\u015ftirmelerine yard\u0131mc\u0131 olmak amac\u0131yla staj olanaklar\u0131 sunar. Bu olanaklar, \u00f6\u011frencilere farkl\u0131 sanat dallar\u0131nda deneyim kazanma f\u0131rsat\u0131 verir.<\/p>\n<p>Staj program\u0131, \u00f6\u011frencilerin geleneksel T\u00fcrk sanatlar\u0131n\u0131n \u00e7e\u015fitli alanlar\u0131nda \u00e7al\u0131\u015farak, bu sanatlar\u0131n teknik ve estetik y\u00f6nlerini \u00f6\u011frenmelerine olanak tan\u0131r. \u00d6\u011frenciler, bu s\u00fcre\u00e7te uzman sanat\u00e7\u0131larla birlikte \u00e7al\u0131\u015farak, kendi becerilerini geli\u015ftirme f\u0131rsat\u0131 bulurlar.<\/p>\n<p>Stajyerler, geleneksel T\u00fcrk sanatlar\u0131n\u0131n farkl\u0131 disiplinlerinde deneyim kazanma \u015fans\u0131na sahip olurlar. Bu experience, onlara gelecekteki kariyerlerinde ba\u015far\u0131l\u0131 olmak i\u00e7in gerekli olan bilgi ve becerileri kazand\u0131r\u0131r.<\/p>\n<p>Bu sayede, \u00f6\u011frenciler mezun olduklar\u0131nda, hem teorik hem de pratik a\u00e7\u0131dan donan\u0131ml\u0131 bir \u015fekilde sanat d\u00fcnyas\u0131na ad\u0131m atarlar. Staj program\u0131, Geleneksel T\u00fcrk Sanatlar\u0131 B\u00f6l\u00fcm\u00fc&#8217;n\u00fcn e\u011fitim hedeflerine ula\u015fmas\u0131na \u00f6nemli \u00f6l\u00e7\u00fcde katk\u0131da bulunur.<\/p>\t\t\t\t\t\t\t\t<\/div>\n\t\t\t\t<\/div>\n\t\t\t\t\t<\/div>\n\t\t<\/div>\n\t\t\t\t\t<\/div>\n\t\t<\/section>\n\t\t\t\t<\/div>\n\t\t","protected":false},"excerpt":{"rendered":"<p>**Staj** Geleneksel T\u00fcrk Sanatlar\u0131 B\u00f6l\u00fcm\u00fcn\u00fcn temel amac\u0131, \u00f6\u011frencilerin geleneksel sanatlar\u0131m\u0131z\u0131n teorik ve uygulamal\u0131 e\u011fitimini alarak, bu alanda uzmanla\u015fmalar\u0131n\u0131 sa\u011flamakt\u0131r. Bu ama\u00e7 do\u011frultusunda, b\u00f6l\u00fcm\u00fcm\u00fcz\u00fcn staj uygulamas\u0131 b\u00fcy\u00fck \u00f6nem ta\u015f\u0131maktad\u0131r. Staj, \u00f6\u011frencilerin teorik bilgileri pratik olarak uygulama f\u0131rsat\u0131 bulduklar\u0131 \u00f6nemli bir \u00f6\u011frenim deneyimidir. B\u00f6l\u00fcm\u00fcm\u00fczde staj, \u00f6\u011frencilerin geleneksel T\u00fcrk sanatlar\u0131ndaki becerilerini geli\u015ftirmelerine ve bu alanda kendilerini yeti\u015ftirmelerine yard\u0131mc\u0131 [&hellip;]<\/p>\n","protected":false},"author":1,"featured_media":0,"parent":0,"menu_order":0,"comment_status":"closed","ping_status":"closed","template":"elementor_header_footer","meta":{"footnotes":""},"class_list":["post-5791","page","type-page","status-publish","hentry"],"_links":{"self":[{"href":"https:\/\/atauni.edu.tr\/geleneksel-turk-sanatlari-bolumu\/wp-json\/wp\/v2\/pages\/5791","targetHints":{"allow":["GET"]}}],"collection":[{"href":"https:\/\/atauni.edu.tr\/geleneksel-turk-sanatlari-bolumu\/wp-json\/wp\/v2\/pages"}],"about":[{"href":"https:\/\/atauni.edu.tr\/geleneksel-turk-sanatlari-bolumu\/wp-json\/wp\/v2\/types\/page"}],"author":[{"embeddable":true,"href":"https:\/\/atauni.edu.tr\/geleneksel-turk-sanatlari-bolumu\/wp-json\/wp\/v2\/users\/1"}],"replies":[{"embeddable":true,"href":"https:\/\/atauni.edu.tr\/geleneksel-turk-sanatlari-bolumu\/wp-json\/wp\/v2\/comments?post=5791"}],"version-history":[{"count":8,"href":"https:\/\/atauni.edu.tr\/geleneksel-turk-sanatlari-bolumu\/wp-json\/wp\/v2\/pages\/5791\/revisions"}],"predecessor-version":[{"id":6094,"href":"https:\/\/atauni.edu.tr\/geleneksel-turk-sanatlari-bolumu\/wp-json\/wp\/v2\/pages\/5791\/revisions\/6094"}],"wp:attachment":[{"href":"https:\/\/atauni.edu.tr\/geleneksel-turk-sanatlari-bolumu\/wp-json\/wp\/v2\/media?parent=5791"}],"curies":[{"name":"wp","href":"https:\/\/api.w.org\/{rel}","templated":true}]}}