{"id":5728,"date":"2021-07-13T11:33:38","date_gmt":"2021-07-13T08:33:38","guid":{"rendered":"https:\/\/portaltest.atauni.edu.tr\/bilgisayar-muhendisligi\/?page_id=5728"},"modified":"2021-08-27T15:49:46","modified_gmt":"2021-08-27T12:49:46","slug":"bolum-tanitimi","status":"publish","type":"page","link":"https:\/\/atauni.edu.tr\/gen-muhendisligi\/bolum-tanitimi\/","title":{"rendered":"B\u00f6l\u00fcm Tan\u0131t\u0131m\u0131"},"content":{"rendered":"\t\t<div data-elementor-type=\"wp-page\" data-elementor-id=\"5728\" class=\"elementor elementor-5728\" data-elementor-post-type=\"page\">\n\t\t\t\t\t\t<section class=\"elementor-section elementor-top-section elementor-element elementor-element-730d320 elementor-section-boxed elementor-section-height-default elementor-section-height-default\" data-id=\"730d320\" data-element_type=\"section\">\n\t\t\t\t\t\t<div class=\"elementor-container elementor-column-gap-default\">\n\t\t\t\t\t<div class=\"elementor-column elementor-col-100 elementor-top-column elementor-element elementor-element-753d0860\" data-id=\"753d0860\" data-element_type=\"column\">\n\t\t\t<div class=\"elementor-widget-wrap\">\n\t\t\t\t\t\t\t<\/div>\n\t\t<\/div>\n\t\t\t\t\t<\/div>\n\t\t<\/section>\n\t\t\t\t<section class=\"elementor-section elementor-top-section elementor-element elementor-element-9be811a elementor-section-boxed elementor-section-height-default elementor-section-height-default\" data-id=\"9be811a\" data-element_type=\"section\">\n\t\t\t\t\t\t<div class=\"elementor-container elementor-column-gap-default\">\n\t\t\t\t\t<div class=\"elementor-column elementor-col-100 elementor-top-column elementor-element elementor-element-1ed847b7\" data-id=\"1ed847b7\" data-element_type=\"column\">\n\t\t\t<div class=\"elementor-widget-wrap elementor-element-populated\">\n\t\t\t\t\t\t<div class=\"elementor-element elementor-element-4ce0d07f elementor-widget elementor-widget-heading\" data-id=\"4ce0d07f\" data-element_type=\"widget\" data-widget_type=\"heading.default\">\n\t\t\t\t<div class=\"elementor-widget-container\">\n\t\t\t\t\t<h2 class=\"elementor-heading-title elementor-size-default\">B\u00f6l\u00fcm Tan\u0131t\u0131m\u0131<\/h2>\t\t\t\t<\/div>\n\t\t\t\t<\/div>\n\t\t\t\t<div class=\"elementor-element elementor-element-63260862 elementor-widget-divider--view-line elementor-widget elementor-widget-divider\" data-id=\"63260862\" data-element_type=\"widget\" data-widget_type=\"divider.default\">\n\t\t\t\t<div class=\"elementor-widget-container\">\n\t\t\t\t\t\t\t<div class=\"elementor-divider\">\n\t\t\t<span class=\"elementor-divider-separator\">\n\t\t\t\t\t\t<\/span>\n\t\t<\/div>\n\t\t\t\t\t\t<\/div>\n\t\t\t\t<\/div>\n\t\t\t\t\t<\/div>\n\t\t<\/div>\n\t\t\t\t\t<\/div>\n\t\t<\/section>\n\t\t\t\t<section class=\"elementor-section elementor-top-section elementor-element elementor-element-681db8b elementor-section-boxed elementor-section-height-default elementor-section-height-default\" data-id=\"681db8b\" data-element_type=\"section\">\n\t\t\t\t\t\t<div class=\"elementor-container elementor-column-gap-default\">\n\t\t\t\t\t<div class=\"elementor-column elementor-col-100 elementor-top-column elementor-element elementor-element-ad4dac5\" data-id=\"ad4dac5\" data-element_type=\"column\">\n\t\t\t<div class=\"elementor-widget-wrap elementor-element-populated\">\n\t\t\t\t\t\t<div class=\"elementor-element elementor-element-2f96b3d elementor-widget elementor-widget-text-editor\" data-id=\"2f96b3d\" data-element_type=\"widget\" data-widget_type=\"text-editor.default\">\n\t\t\t\t<div class=\"elementor-widget-container\">\n\t\t\t\t\t\t\t\t\t<p>Gen m\u00fchendisli\u011fi b\u00f6l\u00fcm\u00fc, biyolojik sistemlerin anla\u015f\u0131lmas\u0131 ve geli\u015ftirilmesine y\u00f6nelikadvanced teknolojilerin uygulanmas\u0131n\u0131 hedefleyen bir aland\u0131r. Bu b\u00f6l\u00fcmde, \u00f6\u011frenciler genetik bilgisi, molek\u00fcler biyoloji ve biyoteknoloji gibi konularda e\u011fitim al\u0131rlar.<\/p>\n<p>Bu e\u011fitimin amac\u0131, canl\u0131lar\u0131n genetik yap\u0131s\u0131n\u0131 de\u011fi\u015ftirmek ve yeni \u00f6zellikler kazand\u0131rmak i\u00e7in gereken bilgi ve becerileri kazand\u0131rmakt\u0131r. \u00d6\u011frenciler, laboratuvar \u00e7al\u0131\u015fmalar\u0131 ve projelerle prati\u011fini yaparak, bu alanda uzmanla\u015fmay\u0131 ama\u00e7lar.<\/p>\n<p>Gen m\u00fchendisli\u011fi b\u00f6l\u00fcm\u00fc mezunlar\u0131, t\u0131p, tar\u0131m, \u00e7evre gibi \u00e7e\u015fitli sekt\u00f6rlerde \u00e7al\u0131\u015fabilirler. \u00d6rne\u011fin, hastal\u0131klar\u0131n tedavisi i\u00e7in yeni y\u00f6ntemler geli\u015ftirebilir veya bitki ve hayvan \u00fcretiminde verimlili\u011fi art\u0131rmak i\u00e7in genetik \u00e7al\u0131\u015fmalar yapabilirler.<\/p>\n<p>Bu b\u00f6l\u00fcmde e\u011fitim alan \u00f6\u011frenciler, biyoteknoloji \u015firketlerinde, ara\u015ft\u0131rma enstit\u00fclerinde veya \u00fcniversitelerde \u00e7al\u0131\u015fabilirler. Ayr\u0131ca, kendi i\u015flerini kurmak isteyen giri\u015fimciler de bu alanda faaliyet g\u00f6sterebilirler.<\/p>\t\t\t\t\t\t\t\t<\/div>\n\t\t\t\t<\/div>\n\t\t\t\t\t<\/div>\n\t\t<\/div>\n\t\t\t\t\t<\/div>\n\t\t<\/section>\n\t\t\t\t<\/div>\n\t\t","protected":false},"excerpt":{"rendered":"<p>B\u00f6l\u00fcm Tan\u0131t\u0131m\u0131 Gen m\u00fchendisli\u011finin temel amac\u0131, canl\u0131 organizmalarda var olan genlerin yap\u0131s\u0131n\u0131 de\u011fi\u015ftirmek veya yeni genler olu\u015fturarak belirli \u00f6zelliklere sahip organizmalar yaratmakt\u0131r. Bu alanda \u00e7al\u0131\u015fan m\u00fchendisler, genom bilgisi ve biyoteknoloji ara\u00e7lar\u0131n\u0131 kullanarak genetik materyali manip\u00fcle ederler. Gen m\u00fchendisli\u011fi b\u00f6l\u00fcm\u00fc, \u00f6\u011frencilere genetik, molek\u00fcler biyoloji, biyokimya, biyoinformatik ve biyom\u00fchendislik konular\u0131nda kapsaml\u0131 bir e\u011fitim sa\u011flar. B\u00f6l\u00fcm\u00fcn amac\u0131, \u00f6\u011frencileri [&hellip;]<\/p>\n","protected":false},"author":1,"featured_media":0,"parent":0,"menu_order":0,"comment_status":"closed","ping_status":"closed","template":"elementor_header_footer","meta":{"footnotes":""},"class_list":["post-5728","page","type-page","status-publish","hentry"],"_links":{"self":[{"href":"https:\/\/atauni.edu.tr\/gen-muhendisligi\/wp-json\/wp\/v2\/pages\/5728","targetHints":{"allow":["GET"]}}],"collection":[{"href":"https:\/\/atauni.edu.tr\/gen-muhendisligi\/wp-json\/wp\/v2\/pages"}],"about":[{"href":"https:\/\/atauni.edu.tr\/gen-muhendisligi\/wp-json\/wp\/v2\/types\/page"}],"author":[{"embeddable":true,"href":"https:\/\/atauni.edu.tr\/gen-muhendisligi\/wp-json\/wp\/v2\/users\/1"}],"replies":[{"embeddable":true,"href":"https:\/\/atauni.edu.tr\/gen-muhendisligi\/wp-json\/wp\/v2\/comments?post=5728"}],"version-history":[{"count":8,"href":"https:\/\/atauni.edu.tr\/gen-muhendisligi\/wp-json\/wp\/v2\/pages\/5728\/revisions"}],"predecessor-version":[{"id":6100,"href":"https:\/\/atauni.edu.tr\/gen-muhendisligi\/wp-json\/wp\/v2\/pages\/5728\/revisions\/6100"}],"wp:attachment":[{"href":"https:\/\/atauni.edu.tr\/gen-muhendisligi\/wp-json\/wp\/v2\/media?parent=5728"}],"curies":[{"name":"wp","href":"https:\/\/api.w.org\/{rel}","templated":true}]}}