{"id":5791,"date":"2021-07-13T13:07:15","date_gmt":"2021-07-13T10:07:15","guid":{"rendered":"https:\/\/portaltest.atauni.edu.tr\/bilgisayar-muhendisligi\/?page_id=5791"},"modified":"2021-08-27T15:49:32","modified_gmt":"2021-08-27T12:49:32","slug":"staj","status":"publish","type":"page","link":"https:\/\/atauni.edu.tr\/gen-muhendisligi\/staj\/","title":{"rendered":"Staj"},"content":{"rendered":"\t\t<div data-elementor-type=\"wp-page\" data-elementor-id=\"5791\" class=\"elementor elementor-5791\" data-elementor-post-type=\"page\">\n\t\t\t\t\t\t<section class=\"elementor-section elementor-top-section elementor-element elementor-element-730d320 elementor-section-boxed elementor-section-height-default elementor-section-height-default\" data-id=\"730d320\" data-element_type=\"section\">\n\t\t\t\t\t\t<div class=\"elementor-container elementor-column-gap-default\">\n\t\t\t\t\t<div class=\"elementor-column elementor-col-100 elementor-top-column elementor-element elementor-element-753d0860\" data-id=\"753d0860\" data-element_type=\"column\">\n\t\t\t<div class=\"elementor-widget-wrap\">\n\t\t\t\t\t\t\t<\/div>\n\t\t<\/div>\n\t\t\t\t\t<\/div>\n\t\t<\/section>\n\t\t\t\t<section class=\"elementor-section elementor-top-section elementor-element elementor-element-9be811a elementor-section-boxed elementor-section-height-default elementor-section-height-default\" data-id=\"9be811a\" data-element_type=\"section\">\n\t\t\t\t\t\t<div class=\"elementor-container elementor-column-gap-default\">\n\t\t\t\t\t<div class=\"elementor-column elementor-col-100 elementor-top-column elementor-element elementor-element-1ed847b7\" data-id=\"1ed847b7\" data-element_type=\"column\">\n\t\t\t<div class=\"elementor-widget-wrap elementor-element-populated\">\n\t\t\t\t\t\t<div class=\"elementor-element elementor-element-4ce0d07f elementor-widget elementor-widget-heading\" data-id=\"4ce0d07f\" data-element_type=\"widget\" data-widget_type=\"heading.default\">\n\t\t\t\t<div class=\"elementor-widget-container\">\n\t\t\t\t\t<h2 class=\"elementor-heading-title elementor-size-default\">Staj<\/h2>\t\t\t\t<\/div>\n\t\t\t\t<\/div>\n\t\t\t\t<div class=\"elementor-element elementor-element-63260862 elementor-widget-divider--view-line elementor-widget elementor-widget-divider\" data-id=\"63260862\" data-element_type=\"widget\" data-widget_type=\"divider.default\">\n\t\t\t\t<div class=\"elementor-widget-container\">\n\t\t\t\t\t\t\t<div class=\"elementor-divider\">\n\t\t\t<span class=\"elementor-divider-separator\">\n\t\t\t\t\t\t<\/span>\n\t\t<\/div>\n\t\t\t\t\t\t<\/div>\n\t\t\t\t<\/div>\n\t\t\t\t\t<\/div>\n\t\t<\/div>\n\t\t\t\t\t<\/div>\n\t\t<\/section>\n\t\t\t\t<section class=\"elementor-section elementor-top-section elementor-element elementor-element-10e8347 elementor-section-boxed elementor-section-height-default elementor-section-height-default\" data-id=\"10e8347\" data-element_type=\"section\">\n\t\t\t\t\t\t<div class=\"elementor-container elementor-column-gap-default\">\n\t\t\t\t\t<div class=\"elementor-column elementor-col-100 elementor-top-column elementor-element elementor-element-795ab05\" data-id=\"795ab05\" data-element_type=\"column\">\n\t\t\t<div class=\"elementor-widget-wrap elementor-element-populated\">\n\t\t\t\t\t\t<div class=\"elementor-element elementor-element-4524745 elementor-widget elementor-widget-text-editor\" data-id=\"4524745\" data-element_type=\"widget\" data-widget_type=\"text-editor.default\">\n\t\t\t\t<div class=\"elementor-widget-container\">\n\t\t\t\t\t\t\t\t\t<p>Atat\u00fcrk \u00dcniversitesi Gen M\u00fchendisli\u011fi b\u00f6l\u00fcm\u00fc, \u00f6\u011frencilerine teorik bilgiyi peki\u015ftirmenin yan\u0131 s\u0131ra pratik deneyim kazand\u0131rmak amac\u0131yla staj olanaklar\u0131 sunar. Bu stajlar, \u00f6\u011frencilerin mesleki becerilerini geli\u015ftirmeleri ve sekt\u00f6rde kar\u015f\u0131la\u015facaklar\u0131 ger\u00e7ek ya\u015fam ko\u015fullar\u0131na uyum sa\u011flamalar\u0131 a\u00e7\u0131s\u0131ndan b\u00fcy\u00fck \u00f6nem ta\u015f\u0131r.<\/p>\n<p>Staj programlar\u0131 arac\u0131l\u0131\u011f\u0131yla \u00f6\u011frenciler, gen m\u00fchendisli\u011fi alan\u0131ndaki \u00e7e\u015fitli uygulamalar\u0131 yak\u0131ndan takip eder ve deneyim sahibi olurlar. Bu deneyimler, onlar\u0131n gelecekteki kariyerlerine y\u00f6n vermek i\u00e7in gerekli olan praktik bilgi ve becerileri kazanmalar\u0131na yard\u0131mc\u0131 olur.<\/p>\n<p>Genel olarak, stajlar \u00f6\u011frencilerin akademik e\u011fitimini destekleyerek, onlar\u0131 i\u015f ya\u015fam\u0131n\u0131n taleplerine uygun bir \u015fekilde haz\u0131rlamay\u0131 ama\u00e7lar. \u00d6\u011frenciler, bu s\u00fcre\u00e7te yaln\u0131zca teorik bilgilerini uygulayarak derinle\u015ftirmekle kalmaz, ayn\u0131 zamanda ileti\u015fim, problem \u00e7\u00f6zme ve tak\u0131m \u00e7al\u0131\u015fmas\u0131 gibi \u00f6nemli meslek i\u00e7i becerileri de geli\u015ftirirler.<\/p>\n<p>Atat\u00fcrk \u00dcniversitesi Gen M\u00fchendisli\u011fi b\u00f6l\u00fcm\u00fcn\u00fcn sundu\u011fu staj f\u0131rsatlar\u0131, \u00f6\u011frencilere sekt\u00f6r\u00fcn \u00f6nde gelen kurumlar\u0131nda \u00e7al\u0131\u015fma imkan\u0131 tan\u0131yarak,_network_ olu\u015fturma ve gelecekteki i\u015f f\u0131rsatlar\u0131n\u0131 ara\u015ft\u0131rma konular\u0131nda da destek sa\u011flar.<\/p>\n<p>Bu \u015fekilde, Atat\u00fcrk \u00dcniversitesi Gen M\u00fchendisli\u011fi b\u00f6l\u00fcm\u00fc \u00f6\u011frencilerinin hem akademik hem de mesleki geli\u015fimine katk\u0131da bulunmak amac\u0131n\u0131 ta\u015f\u0131r ve onlar\u0131 ba\u015far\u0131l\u0131 bir kariyer i\u00e7in gerekli olan donan\u0131ma sahip olmalar\u0131na yard\u0131mc\u0131 olur.<\/p>\t\t\t\t\t\t\t\t<\/div>\n\t\t\t\t<\/div>\n\t\t\t\t\t<\/div>\n\t\t<\/div>\n\t\t\t\t\t<\/div>\n\t\t<\/section>\n\t\t\t\t<\/div>\n\t\t","protected":false},"excerpt":{"rendered":"<p>**Staj** Staj, \u00f6\u011frencilerin e\u011fitim hayatlar\u0131 boyunca teorik bilgilerini praktik olarak uygulamalar\u0131na olanak tan\u0131yan \u00f6nemli bir deneyimdir. Gen M\u00fchendisli\u011fi alan\u0131nda staj yapan \u00f6\u011frenciler, laboratuvar ortam\u0131nda \u00e7al\u0131\u015farak genetik m\u00fchendisli\u011fi ile ilgili \u00e7e\u015fitli teknik ve y\u00f6ntemleri \u00f6\u011frenme f\u0131rsat\u0131 bulurlar. Staj boyunca \u00f6\u011frenciler, deney tasarlama, veri toplama ve analiz gibi konularda deneyim kazanarak gelecekteki kariyerlerini \u015fekillendirmeye ba\u015flarlar. Ayr\u0131ca, staj [&hellip;]<\/p>\n","protected":false},"author":1,"featured_media":0,"parent":0,"menu_order":0,"comment_status":"closed","ping_status":"closed","template":"elementor_header_footer","meta":{"footnotes":""},"class_list":["post-5791","page","type-page","status-publish","hentry"],"_links":{"self":[{"href":"https:\/\/atauni.edu.tr\/gen-muhendisligi\/wp-json\/wp\/v2\/pages\/5791","targetHints":{"allow":["GET"]}}],"collection":[{"href":"https:\/\/atauni.edu.tr\/gen-muhendisligi\/wp-json\/wp\/v2\/pages"}],"about":[{"href":"https:\/\/atauni.edu.tr\/gen-muhendisligi\/wp-json\/wp\/v2\/types\/page"}],"author":[{"embeddable":true,"href":"https:\/\/atauni.edu.tr\/gen-muhendisligi\/wp-json\/wp\/v2\/users\/1"}],"replies":[{"embeddable":true,"href":"https:\/\/atauni.edu.tr\/gen-muhendisligi\/wp-json\/wp\/v2\/comments?post=5791"}],"version-history":[{"count":8,"href":"https:\/\/atauni.edu.tr\/gen-muhendisligi\/wp-json\/wp\/v2\/pages\/5791\/revisions"}],"predecessor-version":[{"id":6094,"href":"https:\/\/atauni.edu.tr\/gen-muhendisligi\/wp-json\/wp\/v2\/pages\/5791\/revisions\/6094"}],"wp:attachment":[{"href":"https:\/\/atauni.edu.tr\/gen-muhendisligi\/wp-json\/wp\/v2\/media?parent=5791"}],"curies":[{"name":"wp","href":"https:\/\/api.w.org\/{rel}","templated":true}]}}