{"id":5638,"date":"2021-07-13T09:49:25","date_gmt":"2021-07-13T06:49:25","guid":{"rendered":"https:\/\/portaltest.atauni.edu.tr\/bilgisayar-muhendisligi\/?page_id=5638"},"modified":"2022-01-10T11:34:33","modified_gmt":"2022-01-10T08:34:33","slug":"tarihce","status":"publish","type":"page","link":"https:\/\/atauni.edu.tr\/genel-sekreterlik\/tarihce\/","title":{"rendered":"Tarih\u00e7e"},"content":{"rendered":"\t\t<div data-elementor-type=\"wp-page\" data-elementor-id=\"5638\" class=\"elementor elementor-5638\" data-elementor-post-type=\"page\">\n\t\t\t\t\t\t<section class=\"elementor-section elementor-top-section elementor-element elementor-element-730d320 elementor-section-boxed elementor-section-height-default elementor-section-height-default\" data-id=\"730d320\" data-element_type=\"section\">\n\t\t\t\t\t\t<div class=\"elementor-container elementor-column-gap-default\">\n\t\t\t\t\t<div class=\"elementor-column elementor-col-100 elementor-top-column elementor-element elementor-element-753d0860\" data-id=\"753d0860\" data-element_type=\"column\">\n\t\t\t<div class=\"elementor-widget-wrap\">\n\t\t\t\t\t\t\t<\/div>\n\t\t<\/div>\n\t\t\t\t\t<\/div>\n\t\t<\/section>\n\t\t\t\t<section class=\"elementor-section elementor-top-section elementor-element elementor-element-9be811a elementor-section-boxed elementor-section-height-default elementor-section-height-default\" data-id=\"9be811a\" data-element_type=\"section\">\n\t\t\t\t\t\t<div class=\"elementor-container elementor-column-gap-default\">\n\t\t\t\t\t<div class=\"elementor-column elementor-col-100 elementor-top-column elementor-element elementor-element-1ed847b7\" data-id=\"1ed847b7\" data-element_type=\"column\">\n\t\t\t<div class=\"elementor-widget-wrap elementor-element-populated\">\n\t\t\t\t\t\t<div class=\"elementor-element elementor-element-4ce0d07f elementor-widget elementor-widget-heading\" data-id=\"4ce0d07f\" data-element_type=\"widget\" data-widget_type=\"heading.default\">\n\t\t\t\t<div class=\"elementor-widget-container\">\n\t\t\t\t\t<h2 class=\"elementor-heading-title elementor-size-default\">G\u00f6rev Tan\u0131m\u0131<\/h2>\t\t\t\t<\/div>\n\t\t\t\t<\/div>\n\t\t\t\t<div class=\"elementor-element elementor-element-63260862 elementor-widget-divider--view-line elementor-widget elementor-widget-divider\" data-id=\"63260862\" data-element_type=\"widget\" data-widget_type=\"divider.default\">\n\t\t\t\t<div class=\"elementor-widget-container\">\n\t\t\t\t\t\t\t<div class=\"elementor-divider\">\n\t\t\t<span class=\"elementor-divider-separator\">\n\t\t\t\t\t\t<\/span>\n\t\t<\/div>\n\t\t\t\t\t\t<\/div>\n\t\t\t\t<\/div>\n\t\t\t\t\t<\/div>\n\t\t<\/div>\n\t\t\t\t\t<\/div>\n\t\t<\/section>\n\t\t\t\t<section class=\"elementor-section elementor-top-section elementor-element elementor-element-681db8b elementor-section-boxed elementor-section-height-default elementor-section-height-default\" data-id=\"681db8b\" data-element_type=\"section\">\n\t\t\t\t\t\t<div class=\"elementor-container elementor-column-gap-default\">\n\t\t\t\t\t<div class=\"elementor-column elementor-col-100 elementor-top-column elementor-element elementor-element-ad4dac5\" data-id=\"ad4dac5\" data-element_type=\"column\">\n\t\t\t<div class=\"elementor-widget-wrap elementor-element-populated\">\n\t\t\t\t\t\t<div class=\"elementor-element elementor-element-2f96b3d elementor-widget elementor-widget-text-editor\" data-id=\"2f96b3d\" data-element_type=\"widget\" data-widget_type=\"text-editor.default\">\n\t\t\t\t<div class=\"elementor-widget-container\">\n\t\t\t\t\t\t\t\t\t<p style=\"margin-bottom: 10px\"><span style=\"letter-spacing: 0px\">124 Say\u0131l\u0131 Y\u00fcksek\u00f6\u011fretim Kurumlar\u0131n\u0131n \u0130dari Te\u015fkilat\u0131 Hakk\u0131nda Kanun H\u00fckm\u00fcnde Kararname uyar\u0131nca; Genel Sekreterin G\u00f6revleri ve Yetkileri a\u015fa\u011f\u0131daki gibidir.<\/span><\/p><p><i>\u00a0Madde 27 \u2013 Genel Sekreterlik, bir Genel Sekreter ile en \u00e7ok iki Genel Sekreter Yard\u0131mc\u0131s\u0131ndan ve ba\u011fl\u0131 birimlerden olu\u015fur.<\/i><\/p><p style=\"margin-bottom: 10px\">&#8211; Genel Sekreter, \u00fcniversite idari te\u015fkilat\u0131n\u0131n ba\u015f\u0131d\u0131r ve bu te\u015fkilat\u0131n \u00e7al\u0131\u015fmas\u0131ndan Rekt\u00f6re kar\u015f\u0131 sorumludur.<\/p><p style=\"margin-bottom: 10px\"><u style=\"letter-spacing: 0px\"><b>Genel Sekreter, \u00fcniversite idari te\u015fkilat\u0131n\u0131n ba\u015f\u0131 olarak yapaca\u011f\u0131 g\u00f6revler d\u0131\u015f\u0131nda, kendisi ve kendisine ba\u011fl\u0131 birimler arac\u0131l\u0131\u011f\u0131 ile a\u015fa\u011f\u0131daki g\u00f6revleri yerine getirir:<\/b><\/u><\/p><ul><li>\u00dcniversite idari te\u015fkilat\u0131nda bulunan birimlerin verimli, d\u00fczenli ve uyumlu \u015fekilde \u00e7al\u0131\u015fmas\u0131n\u0131 sa\u011flamak,<\/li><\/ul><ul><li>\u00dcniversite Senatosu ile \u00dcniversite Y\u00f6netim Kurulunda oy kullanmaks\u0131z\u0131n raport\u00f6rl\u00fck g\u00f6revi yapmak; bu kurullarda al\u0131nan kararlar\u0131n yaz\u0131lmas\u0131n\u0131, korunmas\u0131n\u0131 ve muhafazas\u0131n\u0131 sa\u011flamak,<\/li><\/ul><ul><li>\u00dcniversite Senatosu ile \u00dcniversite Y\u00f6netim Kurulunun kararlar\u0131n\u0131 ilgili birimlere iletmek,<\/li><\/ul><ul><li>\u00dcniversite idari te\u015fkilat\u0131nda g\u00f6revlendirilecek personel hakk\u0131nda Rekt\u00f6re \u00f6neride bulunmak,<\/li><\/ul><ul><li>Rekt\u00f6rl\u00fc\u011f\u00fcn protokol, ziyaret ve t\u00f6ren i\u015flerini \u00d6zel Kalem M\u00fcd\u00fcrl\u00fc\u011f\u00fc eliyle d\u00fczenlemek,<\/li><\/ul><ul><li>Ba\u011fl\u0131 birimler arac\u0131l\u0131\u011f\u0131 ile g\u00f6rev alan\u0131ndaki b\u00fcrokratik ve idari hizmetleri y\u00fcr\u00fctmek,<\/li><\/ul><ul><li>Ba\u011fl\u0131 birimlerin faaliyetlerini d\u00fczenlemek, denetlemek ve sa\u011fl\u0131kl\u0131 y\u00fcr\u00fct\u00fclmesini sa\u011flamak,<\/li><\/ul><ul><li>Daire Ba\u015fkanl\u0131klar\u0131 ile periyodik toplant\u0131lar yapmak, g\u00f6r\u00fc\u015f al\u0131\u015fveri\u015finde bulunmak,<\/li><\/ul><ul><li>Rekt\u00f6r taraf\u0131ndan verilecek benzeri g\u00f6revleri yapmak.<\/li><\/ul><p style=\"margin-bottom: 10px\">\u00a0<\/p>\t\t\t\t\t\t\t\t<\/div>\n\t\t\t\t<\/div>\n\t\t\t\t<div class=\"elementor-element elementor-element-e2830d3 elementor-widget elementor-widget-button\" data-id=\"e2830d3\" data-element_type=\"widget\" data-widget_type=\"button.default\">\n\t\t\t\t<div class=\"elementor-widget-container\">\n\t\t\t\t\t\t\t\t\t<div class=\"elementor-button-wrapper\">\n\t\t\t\t\t<a class=\"elementor-button elementor-button-link elementor-size-sm\" href=\"https:\/\/www.mevzuat.gov.tr\/MevzuatMetin\/4.5.124.pdf\" target=\"_blank\">\n\t\t\t\t\t\t<span class=\"elementor-button-content-wrapper\">\n\t\t\t\t\t\t\t\t\t<span class=\"elementor-button-text\">\u0130lgili Mevzuat Linki<\/span>\n\t\t\t\t\t<\/span>\n\t\t\t\t\t<\/a>\n\t\t\t\t<\/div>\n\t\t\t\t\t\t\t\t<\/div>\n\t\t\t\t<\/div>\n\t\t\t\t\t<\/div>\n\t\t<\/div>\n\t\t\t\t\t<\/div>\n\t\t<\/section>\n\t\t\t\t<\/div>\n\t\t","protected":false},"excerpt":{"rendered":"<p>G\u00f6rev Tan\u0131m\u0131 124 Say\u0131l\u0131 Y\u00fcksek\u00f6\u011fretim Kurumlar\u0131n\u0131n \u0130dari Te\u015fkilat\u0131 Hakk\u0131nda Kanun H\u00fckm\u00fcnde Kararname uyar\u0131nca; Genel Sekreterin G\u00f6revleri ve Yetkileri a\u015fa\u011f\u0131daki gibidir. \u00a0Madde 27 \u2013 Genel Sekreterlik, bir Genel Sekreter ile en \u00e7ok iki Genel Sekreter Yard\u0131mc\u0131s\u0131ndan ve ba\u011fl\u0131 birimlerden olu\u015fur. &#8211; Genel Sekreter, \u00fcniversite idari te\u015fkilat\u0131n\u0131n ba\u015f\u0131d\u0131r ve bu te\u015fkilat\u0131n \u00e7al\u0131\u015fmas\u0131ndan Rekt\u00f6re kar\u015f\u0131 sorumludur. Genel Sekreter, [&hellip;]<\/p>\n","protected":false},"author":1,"featured_media":0,"parent":0,"menu_order":0,"comment_status":"closed","ping_status":"closed","template":"","meta":{"footnotes":""},"class_list":["post-5638","page","type-page","status-publish","hentry"],"_links":{"self":[{"href":"https:\/\/atauni.edu.tr\/genel-sekreterlik\/wp-json\/wp\/v2\/pages\/5638","targetHints":{"allow":["GET"]}}],"collection":[{"href":"https:\/\/atauni.edu.tr\/genel-sekreterlik\/wp-json\/wp\/v2\/pages"}],"about":[{"href":"https:\/\/atauni.edu.tr\/genel-sekreterlik\/wp-json\/wp\/v2\/types\/page"}],"author":[{"embeddable":true,"href":"https:\/\/atauni.edu.tr\/genel-sekreterlik\/wp-json\/wp\/v2\/users\/1"}],"replies":[{"embeddable":true,"href":"https:\/\/atauni.edu.tr\/genel-sekreterlik\/wp-json\/wp\/v2\/comments?post=5638"}],"version-history":[{"count":36,"href":"https:\/\/atauni.edu.tr\/genel-sekreterlik\/wp-json\/wp\/v2\/pages\/5638\/revisions"}],"predecessor-version":[{"id":6416,"href":"https:\/\/atauni.edu.tr\/genel-sekreterlik\/wp-json\/wp\/v2\/pages\/5638\/revisions\/6416"}],"wp:attachment":[{"href":"https:\/\/atauni.edu.tr\/genel-sekreterlik\/wp-json\/wp\/v2\/media?parent=5638"}],"curies":[{"name":"wp","href":"https:\/\/api.w.org\/{rel}","templated":true}]}}