{"id":5751,"date":"2021-07-13T12:50:27","date_gmt":"2021-07-13T09:50:27","guid":{"rendered":"https:\/\/portaltest.atauni.edu.tr\/bilgisayar-muhendisligi\/?page_id=5751"},"modified":"2021-08-27T15:49:39","modified_gmt":"2021-08-27T12:49:39","slug":"lisansustu-ders-listesi","status":"publish","type":"page","link":"https:\/\/atauni.edu.tr\/genetik\/lisansustu-ders-listesi\/","title":{"rendered":"Ders Listesi"},"content":{"rendered":"\t\t<div data-elementor-type=\"wp-page\" data-elementor-id=\"5751\" class=\"elementor elementor-5751\" data-elementor-post-type=\"page\">\n\t\t\t\t\t\t<section class=\"elementor-section elementor-top-section elementor-element elementor-element-730d320 elementor-section-boxed elementor-section-height-default elementor-section-height-default\" data-id=\"730d320\" data-element_type=\"section\">\n\t\t\t\t\t\t<div class=\"elementor-container elementor-column-gap-default\">\n\t\t\t\t\t<div class=\"elementor-column elementor-col-100 elementor-top-column elementor-element elementor-element-753d0860\" data-id=\"753d0860\" data-element_type=\"column\">\n\t\t\t<div class=\"elementor-widget-wrap\">\n\t\t\t\t\t\t\t<\/div>\n\t\t<\/div>\n\t\t\t\t\t<\/div>\n\t\t<\/section>\n\t\t\t\t<section class=\"elementor-section elementor-top-section elementor-element elementor-element-9be811a elementor-section-boxed elementor-section-height-default elementor-section-height-default\" data-id=\"9be811a\" data-element_type=\"section\">\n\t\t\t\t\t\t<div class=\"elementor-container elementor-column-gap-default\">\n\t\t\t\t\t<div class=\"elementor-column elementor-col-100 elementor-top-column elementor-element elementor-element-1ed847b7\" data-id=\"1ed847b7\" data-element_type=\"column\">\n\t\t\t<div class=\"elementor-widget-wrap elementor-element-populated\">\n\t\t\t\t\t\t<div class=\"elementor-element elementor-element-4ce0d07f elementor-widget elementor-widget-heading\" data-id=\"4ce0d07f\" data-element_type=\"widget\" data-widget_type=\"heading.default\">\n\t\t\t\t<div class=\"elementor-widget-container\">\n\t\t\t\t\t<h2 class=\"elementor-heading-title elementor-size-default\">Lisans\u00fcst\u00fc Ders Listesi<\/h2>\t\t\t\t<\/div>\n\t\t\t\t<\/div>\n\t\t\t\t<div class=\"elementor-element elementor-element-63260862 elementor-widget-divider--view-line elementor-widget elementor-widget-divider\" data-id=\"63260862\" data-element_type=\"widget\" data-widget_type=\"divider.default\">\n\t\t\t\t<div class=\"elementor-widget-container\">\n\t\t\t\t\t\t\t<div class=\"elementor-divider\">\n\t\t\t<span class=\"elementor-divider-separator\">\n\t\t\t\t\t\t<\/span>\n\t\t<\/div>\n\t\t\t\t\t\t<\/div>\n\t\t\t\t<\/div>\n\t\t\t\t\t<\/div>\n\t\t<\/div>\n\t\t\t\t\t<\/div>\n\t\t<\/section>\n\t\t\t\t<section class=\"elementor-section elementor-top-section elementor-element elementor-element-6a5b7ef elementor-section-boxed elementor-section-height-default elementor-section-height-default\" data-id=\"6a5b7ef\" data-element_type=\"section\">\n\t\t\t\t\t\t<div class=\"elementor-container elementor-column-gap-default\">\n\t\t\t\t\t<div class=\"elementor-column elementor-col-100 elementor-top-column elementor-element elementor-element-ce70762\" data-id=\"ce70762\" data-element_type=\"column\">\n\t\t\t<div class=\"elementor-widget-wrap elementor-element-populated\">\n\t\t\t\t\t\t<div class=\"elementor-element elementor-element-b780842 elementor-widget elementor-widget-text-editor\" data-id=\"b780842\" data-element_type=\"widget\" data-widget_type=\"text-editor.default\">\n\t\t\t\t<div class=\"elementor-widget-container\">\n\t\t\t\t\t\t\t\t\t<html>\n<p>Atat\u00fcrk \u00dcniversitesi Genetik b\u00f6l\u00fcm\u00fcn\u00fcn ders listesi, \u00f6\u011frencilerin akademik yolculuklar\u0131n\u0131 \u015fekillendiren \u00f6nemli bir bile\u015fendir. Bu liste, genellikle her d\u00f6nem ba\u015f\u0131nda g\u00fcncellenerek \u00f6\u011frencilere sunulur ve \u00f6\u011frencilerin se\u00e7meli veya zorunlu olarak alaca\u011f\u0131 dersleri i\u00e7erir.<\/p>\n\n<p>Genelikle birinci s\u0131n\u0131ftan ba\u015flayarak, \u00f6\u011frenciler Temel Biyoloji, Kimya, Fizik, Matematik gibi temel bilim derslerini al\u0131r. \u0130kinci ve \u00fc\u00e7\u00fcnc\u00fc s\u0131n\u0131flarda ise Genetik, Molek\u00fcler Biyoloji, Biyokimya, Biyoistatistik gibi alanlarla ilgili daha spesifik derslere ge\u00e7i\u015f yap\u0131l\u0131r.<\/p>\n\n<p>D\u00f6rd\u00fcnc\u00fc s\u0131n\u0131fta, \u00f6\u011frenciler genellikle daha uzmanla\u015fm\u0131\u015f konularda se\u00e7meli dersler alabilir. Bu dersler, laboratuvar \u00e7al\u0131\u015fmalar\u0131, ara\u015ft\u0131rma projeleri veya \u00f6zel konular hakk\u0131nda olabilir. Baz\u0131 dersler, \u00f6\u011frencilere ger\u00e7ek d\u00fcnya uygulamalar\u0131 hakk\u0131nda bilgi verirken, di\u011ferleri teorik derinlik kazand\u0131r\u0131r.<\/p>\n\n<p>\u00d6\u011frencilerin mezun olmadan \u00f6nce bir bitirme projesi veya tez haz\u0131rlama zorunlulu\u011fu da olabilir. Bu proje, \u00f6\u011frencilerin edindikleri bilgileri pratik olarak uygulamalar\u0131na ve ba\u011f\u0131ms\u0131z \u00e7al\u0131\u015fabilme yeteneklerini geli\u015ftirmelerine yard\u0131mc\u0131 olur.<\/p>\n\n<p>Atat\u00fcrk \u00dcniversitesi Genetik b\u00f6l\u00fcm\u00fcn\u00fcn ders listesi, \u00f6\u011frencilere geni\u015f bir yelpazede bilgi birikimi kazand\u0131rmay\u0131 ama\u00e7lar. Bu sayede mezun olan \u00f6\u011frenciler, akademik veya end\u00fcstriyel ortamlarda ba\u015far\u0131l\u0131 bir \u015fekilde \u00e7al\u0131\u015fabilirler.<\/p>\n<\/html>\t\t\t\t\t\t\t\t<\/div>\n\t\t\t\t<\/div>\n\t\t\t\t\t<\/div>\n\t\t<\/div>\n\t\t\t\t\t<\/div>\n\t\t<\/section>\n\t\t\t\t<\/div>\n\t\t","protected":false},"excerpt":{"rendered":"<p>**Ders Listesi** Genetik b\u00f6l\u00fcm\u00fcnde ald\u0131\u011f\u0131n\u0131z dersler, genetik biliminin temel ilkelerini ve uygulamalar\u0131n\u0131 \u00f6\u011frenmenize yard\u0131mc\u0131 olur. A\u015fa\u011f\u0131daki listede, genetik b\u00f6l\u00fcm\u00fcn\u00fcn ana derslerini bulabilirsiniz: * **Giri\u015f to Genetik**: Bu ders, genetik biliminin temel kavramlar\u0131n\u0131 ve tarihini kapsar. * **Genetik Temelleri**: Bu ders, DNA yap\u0131s\u0131, kal\u0131t\u0131m ilkeleri ve gen ifadesi konular\u0131n\u0131 ele al\u0131r. * **Molek\u00fcler Biyoloji**: Bu ders, [&hellip;]<\/p>\n","protected":false},"author":1,"featured_media":0,"parent":0,"menu_order":0,"comment_status":"closed","ping_status":"closed","template":"elementor_header_footer","meta":{"footnotes":""},"class_list":["post-5751","page","type-page","status-publish","hentry"],"_links":{"self":[{"href":"https:\/\/atauni.edu.tr\/genetik\/wp-json\/wp\/v2\/pages\/5751","targetHints":{"allow":["GET"]}}],"collection":[{"href":"https:\/\/atauni.edu.tr\/genetik\/wp-json\/wp\/v2\/pages"}],"about":[{"href":"https:\/\/atauni.edu.tr\/genetik\/wp-json\/wp\/v2\/types\/page"}],"author":[{"embeddable":true,"href":"https:\/\/atauni.edu.tr\/genetik\/wp-json\/wp\/v2\/users\/1"}],"replies":[{"embeddable":true,"href":"https:\/\/atauni.edu.tr\/genetik\/wp-json\/wp\/v2\/comments?post=5751"}],"version-history":[{"count":11,"href":"https:\/\/atauni.edu.tr\/genetik\/wp-json\/wp\/v2\/pages\/5751\/revisions"}],"predecessor-version":[{"id":6097,"href":"https:\/\/atauni.edu.tr\/genetik\/wp-json\/wp\/v2\/pages\/5751\/revisions\/6097"}],"wp:attachment":[{"href":"https:\/\/atauni.edu.tr\/genetik\/wp-json\/wp\/v2\/media?parent=5751"}],"curies":[{"name":"wp","href":"https:\/\/api.w.org\/{rel}","templated":true}]}}