{"id":5682,"date":"2021-07-13T10:10:01","date_gmt":"2021-07-13T07:10:01","guid":{"rendered":"https:\/\/portaltest.atauni.edu.tr\/bilgisayar-muhendisligi\/?page_id=5682"},"modified":"2022-03-03T10:42:36","modified_gmt":"2022-03-03T07:42:36","slug":"misyon-vizyon-ve-temel-degerler","status":"publish","type":"page","link":"https:\/\/atauni.edu.tr\/gida-analiz-laboratuvarlari-koordinatorlugu\/misyon-vizyon-ve-temel-degerler\/","title":{"rendered":"Misyon, Vizyon ve Temel De\u011ferler"},"content":{"rendered":"\t\t<div data-elementor-type=\"wp-page\" data-elementor-id=\"5682\" class=\"elementor elementor-5682\" data-elementor-post-type=\"page\">\n\t\t\t\t\t\t<section class=\"elementor-section elementor-top-section elementor-element elementor-element-730d320 elementor-section-boxed elementor-section-height-default elementor-section-height-default\" data-id=\"730d320\" data-element_type=\"section\">\n\t\t\t\t\t\t<div class=\"elementor-container elementor-column-gap-default\">\n\t\t\t\t\t<div class=\"elementor-column elementor-col-100 elementor-top-column elementor-element elementor-element-753d0860\" data-id=\"753d0860\" data-element_type=\"column\">\n\t\t\t<div class=\"elementor-widget-wrap\">\n\t\t\t\t\t\t\t<\/div>\n\t\t<\/div>\n\t\t\t\t\t<\/div>\n\t\t<\/section>\n\t\t\t\t<section class=\"elementor-section elementor-top-section elementor-element elementor-element-9be811a elementor-section-boxed elementor-section-height-default elementor-section-height-default\" data-id=\"9be811a\" data-element_type=\"section\">\n\t\t\t\t\t\t<div class=\"elementor-container elementor-column-gap-default\">\n\t\t\t\t\t<div class=\"elementor-column elementor-col-100 elementor-top-column elementor-element elementor-element-1ed847b7\" data-id=\"1ed847b7\" data-element_type=\"column\">\n\t\t\t<div class=\"elementor-widget-wrap elementor-element-populated\">\n\t\t\t\t\t\t<div class=\"elementor-element elementor-element-4ce0d07f elementor-widget elementor-widget-heading\" data-id=\"4ce0d07f\" data-element_type=\"widget\" data-widget_type=\"heading.default\">\n\t\t\t\t<div class=\"elementor-widget-container\">\n\t\t\t\t\t<h2 class=\"elementor-heading-title elementor-size-default\">Misyon, Vizyon ve Temel De\u011ferler<\/h2>\t\t\t\t<\/div>\n\t\t\t\t<\/div>\n\t\t\t\t<div class=\"elementor-element elementor-element-63260862 elementor-widget-divider--view-line elementor-widget elementor-widget-divider\" data-id=\"63260862\" data-element_type=\"widget\" data-widget_type=\"divider.default\">\n\t\t\t\t<div class=\"elementor-widget-container\">\n\t\t\t\t\t\t\t<div class=\"elementor-divider\">\n\t\t\t<span class=\"elementor-divider-separator\">\n\t\t\t\t\t\t<\/span>\n\t\t<\/div>\n\t\t\t\t\t\t<\/div>\n\t\t\t\t<\/div>\n\t\t\t\t\t<\/div>\n\t\t<\/div>\n\t\t\t\t\t<\/div>\n\t\t<\/section>\n\t\t\t\t<section class=\"elementor-section elementor-top-section elementor-element elementor-element-681db8b elementor-section-boxed elementor-section-height-default elementor-section-height-default\" data-id=\"681db8b\" data-element_type=\"section\">\n\t\t\t\t\t\t<div class=\"elementor-container elementor-column-gap-default\">\n\t\t\t\t\t<div class=\"elementor-column elementor-col-100 elementor-top-column elementor-element elementor-element-ad4dac5\" data-id=\"ad4dac5\" data-element_type=\"column\">\n\t\t\t<div class=\"elementor-widget-wrap elementor-element-populated\">\n\t\t\t\t\t\t<div class=\"elementor-element elementor-element-2f96b3d elementor-widget elementor-widget-text-editor\" data-id=\"2f96b3d\" data-element_type=\"widget\" data-widget_type=\"text-editor.default\">\n\t\t\t\t<div class=\"elementor-widget-container\">\n\t\t\t\t\t\t\t\t\t<p>Atat\u00fcrk \u00dcniversitesi \u00d6zel G\u0131da Kontrol Laboratuvar\u0131, plan ve hedefleri gere\u011fince, mevcut mevzuatlara ve kalite gerekliliklerine uygun olarak tarafs\u0131z, h\u0131zl\u0131, etkin, devaml\u0131, do\u011fru, istikrarl\u0131, g\u00fcvenilir ve ba\u011f\u0131ms\u0131z bir politika izlemeyi, toplum sa\u011fl\u0131\u011f\u0131n\u0131n ve g\u0131da g\u00fcvenli\u011finin korunmas\u0131na ve ayr\u0131ca AR-GE faaliyetlerine y\u00f6nelik mikrobiyolojik, fiziksel ve kimyasal analizlerin do\u011fru ve g\u00fcvenilir olarak sunulmas\u0131n\u0131 ama\u00e7 edinmi\u015ftir.<\/p><p>Atat\u00fcrk \u00dcniversitesi \u00d6zel G\u0131da Kontrol Laboratuvar\u0131 Y\u00f6netimi, m\u00fc\u015fterilerine ve ba\u011fl\u0131 oldu\u011fu idareye Ulusal ve Uluslararas\u0131 Standartlar\u0131n gereklerini kar\u015f\u0131layacak d\u00fczey ve kalitede hizmet vermeyi taahh\u00fct eder.<\/p><p>Laboratuvar\u0131m\u0131z, hizmet kapsam\u0131ndaki analizler i\u00e7in bilimsel temellere dayal\u0131, \u00f6nyarg\u0131s\u0131z, hatas\u0131z, profesyonel ve standartlara uygun bir \u00e7al\u0131\u015fma metodu uygulamaktad\u0131r.<\/p><p>Laboratuvar \u00e7al\u0131\u015fanlar\u0131n\u0131n belirlenen \u00e7al\u0131\u015fma prensiplerine uygun \u00e7al\u0131\u015fabilmeleri i\u00e7in t\u00fcm \u00e7al\u0131\u015fanlar\u0131m\u0131z\u0131n kat\u0131l\u0131m\u0131na ve tak\u0131m \u00e7al\u0131\u015fmas\u0131na \u00f6nem veriyor, profesyonel ve ki\u015fisel yeteneklerinin geli\u015fmesi i\u00e7in onlara her t\u00fcrl\u00fc deste\u011fin verilece\u011fini de taahh\u00fct ediyoruz.<\/p>\t\t\t\t\t\t\t\t<\/div>\n\t\t\t\t<\/div>\n\t\t\t\t\t<\/div>\n\t\t<\/div>\n\t\t\t\t\t<\/div>\n\t\t<\/section>\n\t\t\t\t<\/div>\n\t\t","protected":false},"excerpt":{"rendered":"<p>Misyon, Vizyon ve Temel De\u011ferler Atat\u00fcrk \u00dcniversitesi \u00d6zel G\u0131da Kontrol Laboratuvar\u0131, plan ve hedefleri gere\u011fince, mevcut mevzuatlara ve kalite gerekliliklerine uygun olarak tarafs\u0131z, h\u0131zl\u0131, etkin, devaml\u0131, do\u011fru, istikrarl\u0131, g\u00fcvenilir ve ba\u011f\u0131ms\u0131z bir politika izlemeyi, toplum sa\u011fl\u0131\u011f\u0131n\u0131n ve g\u0131da g\u00fcvenli\u011finin korunmas\u0131na ve ayr\u0131ca AR-GE faaliyetlerine y\u00f6nelik mikrobiyolojik, fiziksel ve kimyasal analizlerin do\u011fru ve g\u00fcvenilir olarak sunulmas\u0131n\u0131 [&hellip;]<\/p>\n","protected":false},"author":1,"featured_media":0,"parent":0,"menu_order":0,"comment_status":"closed","ping_status":"closed","template":"elementor_header_footer","meta":{"footnotes":""},"class_list":["post-5682","page","type-page","status-publish","hentry"],"_links":{"self":[{"href":"https:\/\/atauni.edu.tr\/gida-analiz-laboratuvarlari-koordinatorlugu\/wp-json\/wp\/v2\/pages\/5682","targetHints":{"allow":["GET"]}}],"collection":[{"href":"https:\/\/atauni.edu.tr\/gida-analiz-laboratuvarlari-koordinatorlugu\/wp-json\/wp\/v2\/pages"}],"about":[{"href":"https:\/\/atauni.edu.tr\/gida-analiz-laboratuvarlari-koordinatorlugu\/wp-json\/wp\/v2\/types\/page"}],"author":[{"embeddable":true,"href":"https:\/\/atauni.edu.tr\/gida-analiz-laboratuvarlari-koordinatorlugu\/wp-json\/wp\/v2\/users\/1"}],"replies":[{"embeddable":true,"href":"https:\/\/atauni.edu.tr\/gida-analiz-laboratuvarlari-koordinatorlugu\/wp-json\/wp\/v2\/comments?post=5682"}],"version-history":[{"count":11,"href":"https:\/\/atauni.edu.tr\/gida-analiz-laboratuvarlari-koordinatorlugu\/wp-json\/wp\/v2\/pages\/5682\/revisions"}],"predecessor-version":[{"id":6210,"href":"https:\/\/atauni.edu.tr\/gida-analiz-laboratuvarlari-koordinatorlugu\/wp-json\/wp\/v2\/pages\/5682\/revisions\/6210"}],"wp:attachment":[{"href":"https:\/\/atauni.edu.tr\/gida-analiz-laboratuvarlari-koordinatorlugu\/wp-json\/wp\/v2\/media?parent=5682"}],"curies":[{"name":"wp","href":"https:\/\/api.w.org\/{rel}","templated":true}]}}