{"id":5682,"date":"2021-07-13T10:10:01","date_gmt":"2021-07-13T07:10:01","guid":{"rendered":"https:\/\/portaltest.atauni.edu.tr\/bilgisayar-muhendisligi\/?page_id=5682"},"modified":"2021-12-06T15:26:07","modified_gmt":"2021-12-06T12:26:07","slug":"misyon-vizyon-ve-temel-degerler","status":"publish","type":"page","link":"https:\/\/atauni.edu.tr\/gida-muhendisligi-bolumu\/misyon-vizyon-ve-temel-degerler\/","title":{"rendered":"Misyon, Vizyon ve Temel De\u011ferler"},"content":{"rendered":"\t\t<div data-elementor-type=\"wp-page\" data-elementor-id=\"5682\" class=\"elementor elementor-5682\" data-elementor-post-type=\"page\">\n\t\t\t\t\t\t<section class=\"elementor-section elementor-top-section elementor-element elementor-element-730d320 elementor-section-boxed elementor-section-height-default elementor-section-height-default\" data-id=\"730d320\" data-element_type=\"section\">\n\t\t\t\t\t\t<div class=\"elementor-container elementor-column-gap-default\">\n\t\t\t\t\t<div class=\"elementor-column elementor-col-100 elementor-top-column elementor-element elementor-element-753d0860\" data-id=\"753d0860\" data-element_type=\"column\">\n\t\t\t<div class=\"elementor-widget-wrap\">\n\t\t\t\t\t\t\t<\/div>\n\t\t<\/div>\n\t\t\t\t\t<\/div>\n\t\t<\/section>\n\t\t\t\t<section class=\"elementor-section elementor-top-section elementor-element elementor-element-9be811a elementor-section-boxed elementor-section-height-default elementor-section-height-default\" data-id=\"9be811a\" data-element_type=\"section\">\n\t\t\t\t\t\t<div class=\"elementor-container elementor-column-gap-default\">\n\t\t\t\t\t<div class=\"elementor-column elementor-col-100 elementor-top-column elementor-element elementor-element-1ed847b7\" data-id=\"1ed847b7\" data-element_type=\"column\">\n\t\t\t<div class=\"elementor-widget-wrap elementor-element-populated\">\n\t\t\t\t\t\t<div class=\"elementor-element elementor-element-4ce0d07f elementor-widget elementor-widget-heading\" data-id=\"4ce0d07f\" data-element_type=\"widget\" data-widget_type=\"heading.default\">\n\t\t\t\t<div class=\"elementor-widget-container\">\n\t\t\t\t\t<h2 class=\"elementor-heading-title elementor-size-default\">Misyon, Vizyon ve Temel De\u011ferler<\/h2>\t\t\t\t<\/div>\n\t\t\t\t<\/div>\n\t\t\t\t<div class=\"elementor-element elementor-element-63260862 elementor-widget-divider--view-line elementor-widget elementor-widget-divider\" data-id=\"63260862\" data-element_type=\"widget\" data-widget_type=\"divider.default\">\n\t\t\t\t<div class=\"elementor-widget-container\">\n\t\t\t\t\t\t\t<div class=\"elementor-divider\">\n\t\t\t<span class=\"elementor-divider-separator\">\n\t\t\t\t\t\t<\/span>\n\t\t<\/div>\n\t\t\t\t\t\t<\/div>\n\t\t\t\t<\/div>\n\t\t\t\t\t<\/div>\n\t\t<\/div>\n\t\t\t\t\t<\/div>\n\t\t<\/section>\n\t\t\t\t<section class=\"elementor-section elementor-top-section elementor-element elementor-element-681db8b elementor-section-boxed elementor-section-height-default elementor-section-height-default\" data-id=\"681db8b\" data-element_type=\"section\">\n\t\t\t\t\t\t<div class=\"elementor-container elementor-column-gap-default\">\n\t\t\t\t\t<div class=\"elementor-column elementor-col-100 elementor-top-column elementor-element elementor-element-ad4dac5\" data-id=\"ad4dac5\" data-element_type=\"column\">\n\t\t\t<div class=\"elementor-widget-wrap elementor-element-populated\">\n\t\t\t\t\t\t<div class=\"elementor-element elementor-element-73dcece elementor-widget elementor-widget-text-editor\" data-id=\"73dcece\" data-element_type=\"widget\" data-widget_type=\"text-editor.default\">\n\t\t\t\t<div class=\"elementor-widget-container\">\n\t\t\t\t\t\t\t\t\t<section class=\"elementor-section elementor-top-section elementor-element elementor-element-cbeef2d elementor-section-boxed elementor-section-height-default elementor-section-height-default\" style=\"color: #62718d;font-family: Ubuntu\" data-id=\"cbeef2d\" data-element_type=\"section\"><div class=\"elementor-container elementor-column-gap-default\"><div class=\"elementor-column elementor-col-100 elementor-top-column elementor-element elementor-element-a495b07\" style=\"width: 1270px\" data-id=\"a495b07\" data-element_type=\"column\"><div class=\"elementor-widget-wrap elementor-element-populated\" style=\"width: 1270px\"><div class=\"elementor-element elementor-element-77b27da elementor-widget elementor-widget-text-editor\" style=\"width: 1250px\" data-id=\"77b27da\" data-element_type=\"widget\" data-widget_type=\"text-editor.default\"><div class=\"elementor-widget-container\"><h3 style=\"margin-top: 1.43478em;line-height: 1.21739\">B\u00f6l\u00fcm Misyonu\u00a0<\/h3><\/div><\/div><\/div><\/div><\/div><\/section><section class=\"elementor-section elementor-top-section elementor-element elementor-element-681db8b elementor-section-boxed elementor-section-height-default elementor-section-height-default\" style=\"color: #62718d;font-family: Ubuntu\" data-id=\"681db8b\" data-element_type=\"section\"><div class=\"elementor-container elementor-column-gap-default\"><div class=\"elementor-column elementor-col-100 elementor-top-column elementor-element elementor-element-ad4dac5\" style=\"width: 1270px\" data-id=\"ad4dac5\" data-element_type=\"column\"><div class=\"elementor-widget-wrap elementor-element-populated\" style=\"width: 1270px\"><div class=\"elementor-element elementor-element-2f96b3d elementor-widget elementor-widget-text-editor\" style=\"width: 1250px;text-align: justify\" data-id=\"2f96b3d\" data-element_type=\"widget\" data-widget_type=\"text-editor.default\"><div class=\"elementor-widget-container\" style=\"margin: 0px 0px 20px\"><p style=\"margin-top: 2rem;line-height: 1.5em\">Deneyimli kadrosu ile kat\u0131l\u0131mc\u0131, \u00e7a\u011fda\u015f, teorik ve pratik bilgilerle donat\u0131lm\u0131\u015f nitelikli, sorunlar\u0131 analitik d\u00fc\u015f\u00fcnce ile analiz ederek en do\u011fru ve en ekonomik \u00e7\u00f6z\u00fcmleri \u00fcretebilen, g\u0131da hammaddelerinin besleyici de\u011ferini ve kalitesini koruyarak g\u00fcncel teknolojilerle i\u015fleyen, g\u0131da mevzuat\u0131 ve uygulamalar\u0131n\u0131 bilen, kendisini s\u00fcrekli geli\u015ftiren ve ara\u015ft\u0131ran, b\u00f6lge ve \u00fclke ekonomisine katk\u0131 sa\u011flayabilecek g\u0131da sanayinin geli\u015fmesine y\u00f6nelik projeler haz\u0131rlayan, giri\u015fimci ruha sahip, g\u0131da ve beslenme konular\u0131nda toplumu de\u011fi\u015fik y\u00f6ntemlerle bilgilendirmek suretiyle sa\u011fl\u0131kl\u0131 nesillerin yeti\u015fmesine katk\u0131da bulunan, g\u0131da analizleri ile yeni g\u0131da i\u015fleme teknik ve metotlar\u0131n\u0131n geli\u015ftirilmesini hedef alan, bilimsel ara\u015ft\u0131rmalar yaparak, sonu\u00e7lar\u0131n\u0131 \u00e7e\u015fitli platformlarda tart\u0131\u015fabilen, mesleki etik ilkelere ba\u011fl\u0131 G\u0131da M\u00fchendisleri yeti\u015ftirmektir.<\/p><p style=\"margin-top: 2rem;line-height: 1.5em\"><span style=\"color: #202b5d;font-family: Ubuntu;font-size: 1.4375rem;font-weight: 600;letter-spacing: 0px;text-align: left\">B\u00f6l\u00fcm Vizyonu<\/span><\/p><p style=\"margin-top: 2rem;line-height: 1.5em\">G\u0131da M\u00fchendisli\u011fi e\u011fitiminde ileri d\u00fczeye eri\u015fmek, uluslararas\u0131 d\u00fczeyde ara\u015ft\u0131rmalar\u0131n say\u0131s\u0131n\u0131 art\u0131rmak, ara\u015ft\u0131rma sonu\u00e7lar\u0131n\u0131n prati\u011fe aktar\u0131lmas\u0131n\u0131 sa\u011flayacak mekanizmalar\u0131 geli\u015ftirmektir.<\/p><p style=\"margin-top: 2rem;line-height: 1.5em\"><span style=\"color: #202b5d;font-family: Ubuntu;font-size: 1.4375rem;font-weight: 600;letter-spacing: 0px;text-align: left\">Temel De\u011ferler<\/span><\/p><p style=\"margin-top: 2rem;line-height: 1.5em\"><strong>Bilimsellik:<\/strong> Bilimsel kriterler ve do\u011frular \u0131\u015f\u0131\u011f\u0131nda al\u0131nan kararlar ve ger\u00e7ekle\u015ftirilen uygulamalar ile geli\u015fime a\u00e7\u0131k bir yol izlenir.<br \/><strong>Yenilik\u00e7ilik ve Giri\u015fimcilik:<\/strong> G\u0131da M\u00fchendisli\u011fi alan\u0131nda edinilen kurumsal ve uygulamal\u0131 bilgiler, temel bilimler ile harmanlanarak kararlar al\u0131n\u0131r ve uygulan\u0131r. Bu do\u011frultuda; ekonomi, \u00e7evre, s\u00fcrd\u00fcr\u00fclebilirlik, sa\u011fl\u0131k ve etik konular g\u00f6z \u00f6n\u00fcnde bulundurularak sa\u011fl\u0131kl\u0131 ve kaliteli ya\u015fama y\u00f6nelik yeni g\u0131da \u00fcr\u00fcnleri ve \u00fcretim sistemleri tasarlan\u0131p hayata ge\u00e7irilir.<br \/><strong>Kat\u0131l\u0131mc\u0131l\u0131k ve Payla\u015f\u0131mc\u0131l\u0131k:<\/strong> Ger\u00e7ekle\u015ftirilen faaliyet ve etkinliklerde kararlar kat\u0131l\u0131ml\u0131 bir \u015fekilde al\u0131n\u0131r, \u015feffafl\u0131k ve hesap verilebilirlik \u00f6n planda tutulur. <br \/><strong>\u00d6\u011frenme Odakl\u0131l\u0131k:<\/strong> B\u00f6l\u00fcm, mesleki ve ki\u015fisel geli\u015fime \u00f6nem verir, t\u00fcm bireylerin bilimsellik ve etik ilkeler do\u011frultusunda ara\u015ft\u0131rma, analiz etme, \u00fcretme ve payla\u015fma y\u00f6n\u00fcnde \u00f6zelliklerinin geli\u015ftirilmesini hedefler.<br \/><strong>Eme\u011fe Sayg\u0131 G\u00f6sterme ve Ba\u015far\u0131y\u0131 Takdir Etme:<\/strong> Bilime, ya\u015fama, s\u00fcrd\u00fcr\u00fclebilir kalk\u0131nmaya ve topluma katk\u0131 sa\u011flayan her t\u00fcrl\u00fc faaliyete sayg\u0131 g\u00f6sterilir.<br \/><strong>Ulusal ve Evrensel De\u011ferlere Ba\u011fl\u0131l\u0131k:<\/strong> \u00dclkemizin temel de\u011ferlerine ba\u011fl\u0131 kal\u0131narak muas\u0131r medeniyetler d\u00fczeyine y\u00fckselmesine ve evrensel de\u011ferlere sahip \u00e7\u0131k\u0131lmas\u0131na y\u00f6nelik bir yakla\u015f\u0131m sergilenir.<br \/><strong>Toplumsal, K\u00fclt\u00fcrel, \u00c7evresel ve Sanatsal Duyarl\u0131l\u0131k:<\/strong> Toplumsal yarar \u00f6n planda tutulur ve toplumsal sorunlara duyarl\u0131 davran\u0131l\u0131r.<\/p><\/div><\/div><\/div><\/div><\/div><\/section>\t\t\t\t\t\t\t\t<\/div>\n\t\t\t\t<\/div>\n\t\t\t\t\t<\/div>\n\t\t<\/div>\n\t\t\t\t\t<\/div>\n\t\t<\/section>\n\t\t\t\t<section class=\"elementor-section elementor-top-section elementor-element elementor-element-9f0f83c elementor-section-boxed elementor-section-height-default elementor-section-height-default\" data-id=\"9f0f83c\" data-element_type=\"section\">\n\t\t\t\t\t\t<div class=\"elementor-container elementor-column-gap-default\">\n\t\t\t\t\t<div class=\"elementor-column elementor-col-100 elementor-top-column elementor-element elementor-element-61ceb9b\" data-id=\"61ceb9b\" data-element_type=\"column\">\n\t\t\t<div class=\"elementor-widget-wrap\">\n\t\t\t\t\t\t\t<\/div>\n\t\t<\/div>\n\t\t\t\t\t<\/div>\n\t\t<\/section>\n\t\t\t\t<section class=\"elementor-section elementor-top-section elementor-element elementor-element-31719e8 elementor-section-boxed elementor-section-height-default elementor-section-height-default\" data-id=\"31719e8\" data-element_type=\"section\">\n\t\t\t\t\t\t<div class=\"elementor-container elementor-column-gap-default\">\n\t\t\t\t\t<div class=\"elementor-column elementor-col-100 elementor-top-column elementor-element elementor-element-3c114f3\" data-id=\"3c114f3\" data-element_type=\"column\">\n\t\t\t<div class=\"elementor-widget-wrap elementor-element-populated\">\n\t\t\t\t\t\t<div class=\"elementor-element elementor-element-9149353 elementor-widget elementor-widget-image\" data-id=\"9149353\" data-element_type=\"widget\" data-widget_type=\"image.default\">\n\t\t\t\t<div class=\"elementor-widget-container\">\n\t\t\t\t\t\t\t\t\t\t\t\t\t\t\t<img fetchpriority=\"high\" decoding=\"async\" width=\"300\" height=\"300\" src=\"https:\/\/atauni.edu.tr\/gida-muhendisligi-bolumu\/wp-content\/uploads\/sites\/116\/2021\/12\/mission-vision-values-300x300.png\" class=\"attachment-medium size-medium wp-image-6243\" alt=\"\" srcset=\"https:\/\/atauni.edu.tr\/gida-muhendisligi-bolumu\/wp-content\/uploads\/sites\/116\/2021\/12\/mission-vision-values-300x300.png 300w, https:\/\/atauni.edu.tr\/gida-muhendisligi-bolumu\/wp-content\/uploads\/sites\/116\/2021\/12\/mission-vision-values-1024x1024.png 1024w, https:\/\/atauni.edu.tr\/gida-muhendisligi-bolumu\/wp-content\/uploads\/sites\/116\/2021\/12\/mission-vision-values-150x150.png 150w, https:\/\/atauni.edu.tr\/gida-muhendisligi-bolumu\/wp-content\/uploads\/sites\/116\/2021\/12\/mission-vision-values-768x768.png 768w, https:\/\/atauni.edu.tr\/gida-muhendisligi-bolumu\/wp-content\/uploads\/sites\/116\/2021\/12\/mission-vision-values-600x600.png 600w, https:\/\/atauni.edu.tr\/gida-muhendisligi-bolumu\/wp-content\/uploads\/sites\/116\/2021\/12\/mission-vision-values-560x560.png 560w, https:\/\/atauni.edu.tr\/gida-muhendisligi-bolumu\/wp-content\/uploads\/sites\/116\/2021\/12\/mission-vision-values.png 1200w\" sizes=\"(max-width: 300px) 100vw, 300px\" \/>\t\t\t\t\t\t\t\t\t\t\t\t\t\t\t<\/div>\n\t\t\t\t<\/div>\n\t\t\t\t\t<\/div>\n\t\t<\/div>\n\t\t\t\t\t<\/div>\n\t\t<\/section>\n\t\t\t\t<\/div>\n\t\t","protected":false},"excerpt":{"rendered":"<p>Misyon, Vizyon ve Temel De\u011ferler B\u00f6l\u00fcm Misyonu\u00a0 Deneyimli kadrosu ile kat\u0131l\u0131mc\u0131, \u00e7a\u011fda\u015f, teorik ve pratik bilgilerle donat\u0131lm\u0131\u015f nitelikli, sorunlar\u0131 analitik d\u00fc\u015f\u00fcnce ile analiz ederek en do\u011fru ve en ekonomik \u00e7\u00f6z\u00fcmleri \u00fcretebilen, g\u0131da hammaddelerinin besleyici de\u011ferini ve kalitesini koruyarak g\u00fcncel teknolojilerle i\u015fleyen, g\u0131da mevzuat\u0131 ve uygulamalar\u0131n\u0131 bilen, kendisini s\u00fcrekli geli\u015ftiren ve ara\u015ft\u0131ran, b\u00f6lge ve \u00fclke ekonomisine [&hellip;]<\/p>\n","protected":false},"author":1,"featured_media":0,"parent":0,"menu_order":0,"comment_status":"closed","ping_status":"closed","template":"elementor_header_footer","meta":{"footnotes":""},"class_list":["post-5682","page","type-page","status-publish","hentry"],"_links":{"self":[{"href":"https:\/\/atauni.edu.tr\/gida-muhendisligi-bolumu\/wp-json\/wp\/v2\/pages\/5682","targetHints":{"allow":["GET"]}}],"collection":[{"href":"https:\/\/atauni.edu.tr\/gida-muhendisligi-bolumu\/wp-json\/wp\/v2\/pages"}],"about":[{"href":"https:\/\/atauni.edu.tr\/gida-muhendisligi-bolumu\/wp-json\/wp\/v2\/types\/page"}],"author":[{"embeddable":true,"href":"https:\/\/atauni.edu.tr\/gida-muhendisligi-bolumu\/wp-json\/wp\/v2\/users\/1"}],"replies":[{"embeddable":true,"href":"https:\/\/atauni.edu.tr\/gida-muhendisligi-bolumu\/wp-json\/wp\/v2\/comments?post=5682"}],"version-history":[{"count":101,"href":"https:\/\/atauni.edu.tr\/gida-muhendisligi-bolumu\/wp-json\/wp\/v2\/pages\/5682\/revisions"}],"predecessor-version":[{"id":6297,"href":"https:\/\/atauni.edu.tr\/gida-muhendisligi-bolumu\/wp-json\/wp\/v2\/pages\/5682\/revisions\/6297"}],"wp:attachment":[{"href":"https:\/\/atauni.edu.tr\/gida-muhendisligi-bolumu\/wp-json\/wp\/v2\/media?parent=5682"}],"curies":[{"name":"wp","href":"https:\/\/api.w.org\/{rel}","templated":true}]}}