{"id":10795,"date":"2025-01-14T14:05:54","date_gmt":"2025-01-14T11:05:54","guid":{"rendered":"https:\/\/birimler.atauni.edu.tr\/hemsirelik-fakultesi\/?page_id=10795"},"modified":"2026-03-26T13:26:40","modified_gmt":"2026-03-26T10:26:40","slug":"ders-uygulama-komisyonu-2","status":"publish","type":"page","link":"https:\/\/atauni.edu.tr\/hemsirelik-fakultesi\/ders-uygulama-komisyonu-2\/","title":{"rendered":"Ders Uygulama Komisyonu"},"content":{"rendered":"\t\t<div data-elementor-type=\"wp-page\" data-elementor-id=\"10795\" class=\"elementor elementor-10795\" data-elementor-post-type=\"page\">\n\t\t\t\t\t\t<section class=\"elementor-section elementor-top-section elementor-element elementor-element-d2309e1 elementor-section-boxed elementor-section-height-default elementor-section-height-default\" data-id=\"d2309e1\" data-element_type=\"section\">\n\t\t\t\t\t\t<div class=\"elementor-container elementor-column-gap-default\">\n\t\t\t\t\t<div class=\"elementor-column elementor-col-100 elementor-top-column elementor-element elementor-element-5a8530f\" data-id=\"5a8530f\" data-element_type=\"column\">\n\t\t\t<div class=\"elementor-widget-wrap elementor-element-populated\">\n\t\t\t\t\t\t<div class=\"elementor-element elementor-element-02df5b5 elementor-widget elementor-widget-toggle\" data-id=\"02df5b5\" data-element_type=\"widget\" data-widget_type=\"toggle.default\">\n\t\t\t\t<div class=\"elementor-widget-container\">\n\t\t\t\t\t\t\t<div class=\"elementor-toggle\">\n\t\t\t\t\t\t\t<div class=\"elementor-toggle-item\">\n\t\t\t\t\t<div id=\"elementor-tab-title-3011\" class=\"elementor-tab-title\" data-tab=\"1\" role=\"button\" aria-controls=\"elementor-tab-content-3011\" aria-expanded=\"false\">\n\t\t\t\t\t\t\t\t\t\t\t\t<span class=\"elementor-toggle-icon elementor-toggle-icon-left\" aria-hidden=\"true\">\n\t\t\t\t\t\t\t\t\t\t\t\t\t\t\t<span class=\"elementor-toggle-icon-closed\"><i class=\"fas fa-caret-right\"><\/i><\/span>\n\t\t\t\t\t\t\t\t<span class=\"elementor-toggle-icon-opened\"><i class=\"elementor-toggle-icon-opened fas fa-caret-up\"><\/i><\/span>\n\t\t\t\t\t\t\t\t\t\t\t\t\t<\/span>\n\t\t\t\t\t\t\t\t\t\t\t\t<a class=\"elementor-toggle-title\" tabindex=\"0\">Komisyon \u00dcyeleri<\/a>\n\t\t\t\t\t<\/div>\n\n\t\t\t\t\t<div id=\"elementor-tab-content-3011\" class=\"elementor-tab-content elementor-clearfix\" data-tab=\"1\" role=\"region\" aria-labelledby=\"elementor-tab-title-3011\"><p>\u00a0Dr. \u00d6\u011fr. \u00dcyesi T\u00fclay KILIN\u00c7 (Ba\u015fkan)<\/p><p>\u00a0Do\u00e7. Dr. Ay\u015feg\u00fcl YAYLA<\/p><p>\u00a0Do\u00e7. Dr. Hatice DURMAZ<\/p><p>\u00a0Do\u00e7. Dr. Arzu SARIAL\u0130O\u011eLU<\/p><p>\u00a0Do\u00e7. Dr. Bahar \u00c7\u0130FT\u00c7\u0130<\/p><p>\u00a0Dr. \u00d6\u011fr. \u00dcyesi Eda AY\u00a0<\/p><p>\u00a0Dr. \u00d6\u011fr. \u00dcyesi Ay\u015fe AYDIN<\/p><p>\u00a0Dr. \u00d6\u011fr. \u00dcyesi Burcu ALA\u00c7AM<\/p><p>\u00a0Dr. \u00d6\u011fr. \u00dcyesi Yasemin \u00c7IRACI YA\u015eAR<\/p><p>Dr. \u00d6\u011fr. \u00dcyesi S\u00fcheyla YARALI<\/p><p>\u00a0Ar\u015f. G\u00f6r. Nisanur DEM\u0130RTA\u015e<\/p><p>\u00a0Ar\u015f. G\u00f6r. Yaprak BAGA<\/p><p>\u00a0Hem\u015fire Burak YAVUZ (Sa\u011fl\u0131k Bak\u0131m Hizmetleri M\u00fcd. Yard.)<\/p><p>\u00a0\u00d6\u011frenci \u00dcmm\u00fcg\u00fcls\u00fcn KARAG\u00d6L (2. S\u0131n\u0131f)<\/p><p>\u00a0\u00d6\u011frenci Rabia Y\u0130\u011e\u0130T (2. S\u0131n\u0131f)<\/p><p>\u00a0\u00d6\u011frenci Merve \u0130mamo\u011flu (2. S\u0131n\u0131f)<\/p><\/div>\n\t\t\t\t<\/div>\n\t\t\t\t\t\t\t<div class=\"elementor-toggle-item\">\n\t\t\t\t\t<div id=\"elementor-tab-title-3012\" class=\"elementor-tab-title\" data-tab=\"2\" role=\"button\" aria-controls=\"elementor-tab-content-3012\" aria-expanded=\"false\">\n\t\t\t\t\t\t\t\t\t\t\t\t<span class=\"elementor-toggle-icon elementor-toggle-icon-left\" aria-hidden=\"true\">\n\t\t\t\t\t\t\t\t\t\t\t\t\t\t\t<span class=\"elementor-toggle-icon-closed\"><i class=\"fas fa-caret-right\"><\/i><\/span>\n\t\t\t\t\t\t\t\t<span class=\"elementor-toggle-icon-opened\"><i class=\"elementor-toggle-icon-opened fas fa-caret-up\"><\/i><\/span>\n\t\t\t\t\t\t\t\t\t\t\t\t\t<\/span>\n\t\t\t\t\t\t\t\t\t\t\t\t<a class=\"elementor-toggle-title\" tabindex=\"0\">\u00c7al\u0131\u015fma Esaslar\u0131<\/a>\n\t\t\t\t\t<\/div>\n\n\t\t\t\t\t<div id=\"elementor-tab-content-3012\" class=\"elementor-tab-content elementor-clearfix\" data-tab=\"2\" role=\"region\" aria-labelledby=\"elementor-tab-title-3012\"><p>Ders Uygulama Komisyonu \u00c7al\u0131\u015fma Esaslar\u0131&#8217;na ula\u015fmak i\u00e7in <a href=\"https:\/\/birimler.atauni.edu.tr\/hemsirelik-fakultesi\/wp-content\/uploads\/sites\/481\/2025\/05\/Ders-Uygulama-Komisyonu-Calisma-Esaslari-2.pdf\">t\u0131klay\u0131n\u0131z.<\/a><\/p><\/div>\n\t\t\t\t<\/div>\n\t\t\t\t\t\t\t<div class=\"elementor-toggle-item\">\n\t\t\t\t\t<div id=\"elementor-tab-title-3013\" class=\"elementor-tab-title\" data-tab=\"3\" role=\"button\" aria-controls=\"elementor-tab-content-3013\" aria-expanded=\"false\">\n\t\t\t\t\t\t\t\t\t\t\t\t<span class=\"elementor-toggle-icon elementor-toggle-icon-left\" aria-hidden=\"true\">\n\t\t\t\t\t\t\t\t\t\t\t\t\t\t\t<span class=\"elementor-toggle-icon-closed\"><i class=\"fas fa-caret-right\"><\/i><\/span>\n\t\t\t\t\t\t\t\t<span class=\"elementor-toggle-icon-opened\"><i class=\"elementor-toggle-icon-opened fas fa-caret-up\"><\/i><\/span>\n\t\t\t\t\t\t\t\t\t\t\t\t\t<\/span>\n\t\t\t\t\t\t\t\t\t\t\t\t<a class=\"elementor-toggle-title\" tabindex=\"0\">\u0130\u015f Ak\u0131\u015f \u00c7izelgesi<\/a>\n\t\t\t\t\t<\/div>\n\n\t\t\t\t\t<div id=\"elementor-tab-content-3013\" class=\"elementor-tab-content elementor-clearfix\" data-tab=\"3\" role=\"region\" aria-labelledby=\"elementor-tab-title-3013\"><p><a href=\"https:\/\/birimler.atauni.edu.tr\/hemsirelik-fakultesi\/wp-content\/uploads\/sites\/481\/2025\/10\/DERS-UYGULAMA-PDF.pdf\">\u00a02025-2026 G\u00fcz D\u00f6nemi Ders Uygulama Komisyonu \u0130\u015f Ak\u0131\u015f \u00c7izelgesi<\/a><\/p><p><a href=\"https:\/\/birimler.atauni.edu.tr\/hemsirelik-fakultesi\/wp-content\/uploads\/sites\/481\/2025\/05\/2024-2025-Bahar-Donemi-Ders-Uygulama-Komisyonu-Is-Akis-Cizelgesi.pdf\">2024-2025 Bahar D\u00f6nemi Ders Uygulama Komisyonu \u0130\u015f Ak\u0131\u015f \u00c7izelgesi\u00a0<\/a><\/p><p><a href=\"https:\/\/birimler.atauni.edu.tr\/hemsirelik-fakultesi\/wp-content\/uploads\/sites\/481\/2025\/05\/2024-2025-Guz-Donemi-Ders-Uygulama-Komisyonu-Is-Akis-Cizelgesi.pdf\">2024-2025 G\u00fcz D\u00f6nemi Ders Uygulama Komisyonu \u0130\u015f Ak\u0131\u015f \u00c7izelgesi<\/a><\/p><p><a href=\"https:\/\/birimler.atauni.edu.tr\/hemsirelik-fakultesi\/wp-content\/uploads\/sites\/481\/2025\/05\/2023-2024-Egitim-ogretim-Yili-Ders-Uygulama-Komisyonu-Is-Akis-Cizelgesi-1.pdf\">2023-2024 E\u011fitim \u00f6\u011fretim Y\u0131l\u0131 Ders Uygulama Komisyonu \u0130\u015f Ak\u0131\u015f \u00c7izelgesi<\/a><\/p><p><a href=\"https:\/\/birimler.atauni.edu.tr\/hemsirelik-fakultesi\/wp-content\/uploads\/sites\/481\/2025\/05\/2022-2023-Egitim-ogretim-Yili-Ders-Uygulama-Komisyonu-Is-Akis-CizelgesI-1.pdf\">2022-2023- E\u011fitim \u00f6\u011fretim Y\u0131l\u0131 Ders Uygulama Komisyonu \u0130\u015f Ak\u0131\u015f \u00c7izelges\u0130<\/a><\/p><\/div>\n\t\t\t\t<\/div>\n\t\t\t\t\t\t\t<div class=\"elementor-toggle-item\">\n\t\t\t\t\t<div id=\"elementor-tab-title-3014\" class=\"elementor-tab-title\" data-tab=\"4\" role=\"button\" aria-controls=\"elementor-tab-content-3014\" aria-expanded=\"false\">\n\t\t\t\t\t\t\t\t\t\t\t\t<span class=\"elementor-toggle-icon elementor-toggle-icon-left\" aria-hidden=\"true\">\n\t\t\t\t\t\t\t\t\t\t\t\t\t\t\t<span class=\"elementor-toggle-icon-closed\"><i class=\"fas fa-caret-right\"><\/i><\/span>\n\t\t\t\t\t\t\t\t<span class=\"elementor-toggle-icon-opened\"><i class=\"elementor-toggle-icon-opened fas fa-caret-up\"><\/i><\/span>\n\t\t\t\t\t\t\t\t\t\t\t\t\t<\/span>\n\t\t\t\t\t\t\t\t\t\t\t\t<a class=\"elementor-toggle-title\" tabindex=\"0\">Faaliyet Raporlar\u0131<\/a>\n\t\t\t\t\t<\/div>\n\n\t\t\t\t\t<div id=\"elementor-tab-content-3014\" class=\"elementor-tab-content elementor-clearfix\" data-tab=\"4\" role=\"region\" aria-labelledby=\"elementor-tab-title-3014\"><p><a href=\"https:\/\/birimler.atauni.edu.tr\/hemsirelik-fakultesi\/wp-content\/uploads\/sites\/481\/2025\/05\/2024-2025-Egitim-Ogretim-Yili-Faaliyet-Raporu-1.pdf\">2024-2025 E\u011fitim \u00d6\u011fretim Y\u0131l\u0131 Faaliyet Raporu<\/a><\/p><p><a href=\"https:\/\/birimler.atauni.edu.tr\/hemsirelik-fakultesi\/wp-content\/uploads\/sites\/481\/2025\/05\/2023-2024-Egitim-Ogretim-Yili-Faaliyet-Raporu-1.pdf\">2023-2024 E\u011fitim \u00d6\u011fretim Y\u0131l\u0131 Faaliyet Raporu<\/a><\/p><p><a href=\"https:\/\/birimler.atauni.edu.tr\/hemsirelik-fakultesi\/wp-content\/uploads\/sites\/481\/2025\/05\/2022-2023-Egitim-Ogretim-Yili-Faaliyet-Raporu-1.pdf\">2022-2023 E\u011fitim \u00d6\u011fretim Y\u0131l\u0131 Faaliyet Raporu<\/a><\/p><\/div>\n\t\t\t\t<\/div>\n\t\t\t\t\t\t\t\t<\/div>\n\t\t\t\t\t\t<\/div>\n\t\t\t\t<\/div>\n\t\t\t\t\t<\/div>\n\t\t<\/div>\n\t\t\t\t\t<\/div>\n\t\t<\/section>\n\t\t\t\t<\/div>\n\t\t","protected":false},"excerpt":{"rendered":"<p>Komisyon \u00dcyeleri \u00a0Dr. \u00d6\u011fr. \u00dcyesi T\u00fclay KILIN\u00c7 (Ba\u015fkan) \u00a0Do\u00e7. Dr. Ay\u015feg\u00fcl YAYLA \u00a0Do\u00e7. Dr. Hatice DURMAZ \u00a0Do\u00e7. Dr. Arzu SARIAL\u0130O\u011eLU \u00a0Do\u00e7. Dr. Bahar \u00c7\u0130FT\u00c7\u0130 \u00a0Dr. \u00d6\u011fr. \u00dcyesi Eda AY\u00a0 \u00a0Dr. \u00d6\u011fr. \u00dcyesi Ay\u015fe AYDIN \u00a0Dr. \u00d6\u011fr. \u00dcyesi Burcu ALA\u00c7AM \u00a0Dr. \u00d6\u011fr. \u00dcyesi Yasemin \u00c7IRACI YA\u015eAR Dr. \u00d6\u011fr. \u00dcyesi S\u00fcheyla YARALI \u00a0Ar\u015f. G\u00f6r. Nisanur DEM\u0130RTA\u015e \u00a0Ar\u015f. [&hellip;]<\/p>\n","protected":false},"author":426,"featured_media":0,"parent":0,"menu_order":0,"comment_status":"closed","ping_status":"closed","template":"","meta":{"footnotes":""},"class_list":["post-10795","page","type-page","status-publish","hentry"],"_links":{"self":[{"href":"https:\/\/atauni.edu.tr\/hemsirelik-fakultesi\/wp-json\/wp\/v2\/pages\/10795","targetHints":{"allow":["GET"]}}],"collection":[{"href":"https:\/\/atauni.edu.tr\/hemsirelik-fakultesi\/wp-json\/wp\/v2\/pages"}],"about":[{"href":"https:\/\/atauni.edu.tr\/hemsirelik-fakultesi\/wp-json\/wp\/v2\/types\/page"}],"author":[{"embeddable":true,"href":"https:\/\/atauni.edu.tr\/hemsirelik-fakultesi\/wp-json\/wp\/v2\/users\/426"}],"replies":[{"embeddable":true,"href":"https:\/\/atauni.edu.tr\/hemsirelik-fakultesi\/wp-json\/wp\/v2\/comments?post=10795"}],"version-history":[{"count":49,"href":"https:\/\/atauni.edu.tr\/hemsirelik-fakultesi\/wp-json\/wp\/v2\/pages\/10795\/revisions"}],"predecessor-version":[{"id":16676,"href":"https:\/\/atauni.edu.tr\/hemsirelik-fakultesi\/wp-json\/wp\/v2\/pages\/10795\/revisions\/16676"}],"wp:attachment":[{"href":"https:\/\/atauni.edu.tr\/hemsirelik-fakultesi\/wp-json\/wp\/v2\/media?parent=10795"}],"curies":[{"name":"wp","href":"https:\/\/api.w.org\/{rel}","templated":true}]}}