{"id":11946,"date":"2025-03-05T08:35:55","date_gmt":"2025-03-05T05:35:55","guid":{"rendered":"https:\/\/birimler.atauni.edu.tr\/hemsirelik-fakultesi\/?page_id=11946"},"modified":"2025-03-05T08:36:20","modified_gmt":"2025-03-05T05:36:20","slug":"program-bilgileri","status":"publish","type":"page","link":"https:\/\/atauni.edu.tr\/hemsirelik-fakultesi\/program-bilgileri\/","title":{"rendered":"Program Bilgileri"},"content":{"rendered":"\t\t<div data-elementor-type=\"wp-page\" data-elementor-id=\"11946\" class=\"elementor elementor-11946\" data-elementor-post-type=\"page\">\n\t\t\t\t\t\t<section class=\"elementor-section elementor-top-section elementor-element elementor-element-599c583 elementor-section-boxed elementor-section-height-default elementor-section-height-default\" data-id=\"599c583\" data-element_type=\"section\">\n\t\t\t\t\t\t<div class=\"elementor-container elementor-column-gap-default\">\n\t\t\t\t\t<div class=\"elementor-column elementor-col-100 elementor-top-column elementor-element elementor-element-d5978d8\" data-id=\"d5978d8\" data-element_type=\"column\">\n\t\t\t<div class=\"elementor-widget-wrap elementor-element-populated\">\n\t\t\t\t\t\t<div class=\"elementor-element elementor-element-4c71194 elementor-widget elementor-widget-text-editor\" data-id=\"4c71194\" data-element_type=\"widget\" data-widget_type=\"text-editor.default\">\n\t\t\t\t<div class=\"elementor-widget-container\">\n\t\t\t\t\t\t\t\t\t<h6>Program\u0131n E\u011fitim T\u00fcr\u00fc<\/h6><p>Tam zamanl\u0131<\/p><h6>Program\u0131n \u00d6\u011frenim Dili<\/h6><p>T\u00fcrk\u00e7e<\/p><h6>Kazan\u0131lan Derece<\/h6><p>Bu programdan \u201cHem\u015fire\u201d \u00fcnvan\u0131 ile mezun olunmaktad\u0131r.<\/p><h6>Program\u0131n \u00d6\u011frenim S\u00fcresi ve S\u00fcre\u00e7leri<\/h6><p>\u00d6\u011frenim s\u00fcresi 8 yar\u0131y\u0131ld\u0131r.<\/p><p>Lisans program\u0131 s\u00fcrecinde bir e\u011fitim-\u00f6\u011fretim d\u00f6neminde 30 AKTS olmak ko\u015fuluyla en az 240 AKTS kredisi al\u0131nmas\u0131 gerekmektedir. Derslerin t\u00fcm\u00fcn\u00fc ba\u015far\u0131yla tamamlamak ve 4.00 \u00fczerinden en az 2.00 a\u011f\u0131rl\u0131kl\u0131 not ortalamas\u0131na sahip olmak mezuniyet i\u00e7in yeterlilik ko\u015fuludur.<\/p>\t\t\t\t\t\t\t\t<\/div>\n\t\t\t\t<\/div>\n\t\t\t\t\t<\/div>\n\t\t<\/div>\n\t\t\t\t\t<\/div>\n\t\t<\/section>\n\t\t\t\t<\/div>\n\t\t","protected":false},"excerpt":{"rendered":"<p>Program\u0131n E\u011fitim T\u00fcr\u00fc Tam zamanl\u0131 Program\u0131n \u00d6\u011frenim Dili T\u00fcrk\u00e7e Kazan\u0131lan Derece Bu programdan \u201cHem\u015fire\u201d \u00fcnvan\u0131 ile mezun olunmaktad\u0131r. Program\u0131n \u00d6\u011frenim S\u00fcresi ve S\u00fcre\u00e7leri \u00d6\u011frenim s\u00fcresi 8 yar\u0131y\u0131ld\u0131r. Lisans program\u0131 s\u00fcrecinde bir e\u011fitim-\u00f6\u011fretim d\u00f6neminde 30 AKTS olmak ko\u015fuluyla en az 240 AKTS kredisi al\u0131nmas\u0131 gerekmektedir. Derslerin t\u00fcm\u00fcn\u00fc ba\u015far\u0131yla tamamlamak ve 4.00 \u00fczerinden en az 2.00 a\u011f\u0131rl\u0131kl\u0131 [&hellip;]<\/p>\n","protected":false},"author":426,"featured_media":0,"parent":0,"menu_order":0,"comment_status":"closed","ping_status":"closed","template":"","meta":{"footnotes":""},"class_list":["post-11946","page","type-page","status-publish","hentry"],"_links":{"self":[{"href":"https:\/\/atauni.edu.tr\/hemsirelik-fakultesi\/wp-json\/wp\/v2\/pages\/11946","targetHints":{"allow":["GET"]}}],"collection":[{"href":"https:\/\/atauni.edu.tr\/hemsirelik-fakultesi\/wp-json\/wp\/v2\/pages"}],"about":[{"href":"https:\/\/atauni.edu.tr\/hemsirelik-fakultesi\/wp-json\/wp\/v2\/types\/page"}],"author":[{"embeddable":true,"href":"https:\/\/atauni.edu.tr\/hemsirelik-fakultesi\/wp-json\/wp\/v2\/users\/426"}],"replies":[{"embeddable":true,"href":"https:\/\/atauni.edu.tr\/hemsirelik-fakultesi\/wp-json\/wp\/v2\/comments?post=11946"}],"version-history":[{"count":4,"href":"https:\/\/atauni.edu.tr\/hemsirelik-fakultesi\/wp-json\/wp\/v2\/pages\/11946\/revisions"}],"predecessor-version":[{"id":11953,"href":"https:\/\/atauni.edu.tr\/hemsirelik-fakultesi\/wp-json\/wp\/v2\/pages\/11946\/revisions\/11953"}],"wp:attachment":[{"href":"https:\/\/atauni.edu.tr\/hemsirelik-fakultesi\/wp-json\/wp\/v2\/media?parent=11946"}],"curies":[{"name":"wp","href":"https:\/\/api.w.org\/{rel}","templated":true}]}}