{"id":13659,"date":"2025-04-30T20:33:03","date_gmt":"2025-04-30T17:33:03","guid":{"rendered":"https:\/\/birimler.atauni.edu.tr\/hemsirelik-fakultesi\/?page_id=13659"},"modified":"2025-04-30T20:49:56","modified_gmt":"2025-04-30T17:49:56","slug":"2023-2024-yili-2","status":"publish","type":"page","link":"https:\/\/atauni.edu.tr\/hemsirelik-fakultesi\/2023-2024-yili-2\/","title":{"rendered":"2023-2024 Y\u0131l\u0131"},"content":{"rendered":"\t\t<div data-elementor-type=\"wp-page\" data-elementor-id=\"13659\" class=\"elementor elementor-13659\" data-elementor-post-type=\"page\">\n\t\t\t\t\t\t<section class=\"elementor-section elementor-top-section elementor-element elementor-element-cc47753 elementor-section-boxed elementor-section-height-default elementor-section-height-default\" data-id=\"cc47753\" data-element_type=\"section\">\n\t\t\t\t\t\t<div class=\"elementor-container elementor-column-gap-default\">\n\t\t\t\t\t<div class=\"elementor-column elementor-col-100 elementor-top-column elementor-element elementor-element-8a974df\" data-id=\"8a974df\" data-element_type=\"column\">\n\t\t\t<div class=\"elementor-widget-wrap elementor-element-populated\">\n\t\t\t\t\t\t<div class=\"elementor-element elementor-element-ff76381 elementor-widget elementor-widget-text-editor\" data-id=\"ff76381\" data-element_type=\"widget\" data-widget_type=\"text-editor.default\">\n\t\t\t\t<div class=\"elementor-widget-container\">\n\t\t\t\t\t\t\t\t\t<p><a href=\"https:\/\/birimler.atauni.edu.tr\/hemsirelik-fakultesi\/wp-content\/uploads\/sites\/481\/2025\/04\/2023-2024-PSIKIYATRI-HEMSIRELIGI-A-B-C-ING-SUBESI-ROTASYON.pdf\">Pisikiyatri Hem\u015fireli\u011fi Uygulama Rotasyonlar\u0131<\/a><\/p><p><a href=\"https:\/\/birimler.atauni.edu.tr\/hemsirelik-fakultesi\/wp-content\/uploads\/sites\/481\/2025\/04\/2023-2024-Kadin-Dogum-Hems.-Uygulama-rotasyonlari.pdf\">Do\u011fum, Kad\u0131n Sa\u011fl\u0131\u011f\u0131 ve Hastal\u0131klar\u0131 Hem\u015fireli\u011fi Uygulama Rotasyonlar\u0131<\/a><\/p><p><a href=\"https:\/\/birimler.atauni.edu.tr\/hemsirelik-fakultesi\/wp-content\/uploads\/sites\/481\/2025\/04\/2023-2024-Ic-Hastaliklari-Hemsireligi-A-B-C-ING-SUBE-ROTASYON-1.pdf\">\u0130\u00e7 Hastal\u0131klar\u0131 ve Hem\u015firelik Bak\u0131m\u0131 Uygulama Rotasyonlar\u0131 <\/a><\/p><p><a href=\"https:\/\/birimler.atauni.edu.tr\/hemsirelik-fakultesi\/wp-content\/uploads\/sites\/481\/2025\/04\/2023-2024-Halk-Sagligi-Hems.-uygulama-rotasyonlari.pdf\">Halk Sa\u011fl\u0131\u011f\u0131 Hem\u015fireli\u011fi Uygulama Rotasyonlar\u0131<\/a><\/p>\t\t\t\t\t\t\t\t<\/div>\n\t\t\t\t<\/div>\n\t\t\t\t\t<\/div>\n\t\t<\/div>\n\t\t\t\t\t<\/div>\n\t\t<\/section>\n\t\t\t\t<\/div>\n\t\t","protected":false},"excerpt":{"rendered":"<p>Pisikiyatri Hem\u015fireli\u011fi Uygulama Rotasyonlar\u0131 Do\u011fum, Kad\u0131n Sa\u011fl\u0131\u011f\u0131 ve Hastal\u0131klar\u0131 Hem\u015fireli\u011fi Uygulama Rotasyonlar\u0131 \u0130\u00e7 Hastal\u0131klar\u0131 ve Hem\u015firelik Bak\u0131m\u0131 Uygulama Rotasyonlar\u0131 Halk Sa\u011fl\u0131\u011f\u0131 Hem\u015fireli\u011fi Uygulama Rotasyonlar\u0131<\/p>\n","protected":false},"author":426,"featured_media":0,"parent":0,"menu_order":0,"comment_status":"closed","ping_status":"closed","template":"","meta":{"footnotes":""},"class_list":["post-13659","page","type-page","status-publish","hentry"],"_links":{"self":[{"href":"https:\/\/atauni.edu.tr\/hemsirelik-fakultesi\/wp-json\/wp\/v2\/pages\/13659","targetHints":{"allow":["GET"]}}],"collection":[{"href":"https:\/\/atauni.edu.tr\/hemsirelik-fakultesi\/wp-json\/wp\/v2\/pages"}],"about":[{"href":"https:\/\/atauni.edu.tr\/hemsirelik-fakultesi\/wp-json\/wp\/v2\/types\/page"}],"author":[{"embeddable":true,"href":"https:\/\/atauni.edu.tr\/hemsirelik-fakultesi\/wp-json\/wp\/v2\/users\/426"}],"replies":[{"embeddable":true,"href":"https:\/\/atauni.edu.tr\/hemsirelik-fakultesi\/wp-json\/wp\/v2\/comments?post=13659"}],"version-history":[{"count":10,"href":"https:\/\/atauni.edu.tr\/hemsirelik-fakultesi\/wp-json\/wp\/v2\/pages\/13659\/revisions"}],"predecessor-version":[{"id":13695,"href":"https:\/\/atauni.edu.tr\/hemsirelik-fakultesi\/wp-json\/wp\/v2\/pages\/13659\/revisions\/13695"}],"wp:attachment":[{"href":"https:\/\/atauni.edu.tr\/hemsirelik-fakultesi\/wp-json\/wp\/v2\/media?parent=13659"}],"curies":[{"name":"wp","href":"https:\/\/api.w.org\/{rel}","templated":true}]}}