{"id":8049,"date":"2023-02-23T10:56:09","date_gmt":"2023-02-23T07:56:09","guid":{"rendered":"https:\/\/birimler.atauni.edu.tr\/hemsirelik-fakultesi\/?page_id=8049"},"modified":"2025-03-27T15:59:17","modified_gmt":"2025-03-27T12:59:17","slug":"uygulama-rotasyonlari","status":"publish","type":"page","link":"https:\/\/atauni.edu.tr\/hemsirelik-fakultesi\/uygulama-rotasyonlari\/","title":{"rendered":"2024-2025 Y\u0131l\u0131"},"content":{"rendered":"\t\t<div data-elementor-type=\"wp-page\" data-elementor-id=\"8049\" class=\"elementor elementor-8049\" data-elementor-post-type=\"page\">\n\t\t\t\t\t\t<section class=\"elementor-section elementor-top-section elementor-element elementor-element-166087d elementor-section-boxed elementor-section-height-default elementor-section-height-default\" data-id=\"166087d\" data-element_type=\"section\">\n\t\t\t\t\t\t<div class=\"elementor-container elementor-column-gap-default\">\n\t\t\t\t\t<div class=\"elementor-column elementor-col-100 elementor-top-column elementor-element elementor-element-3e747d8\" data-id=\"3e747d8\" data-element_type=\"column\">\n\t\t\t<div class=\"elementor-widget-wrap elementor-element-populated\">\n\t\t\t\t\t\t<div class=\"elementor-element elementor-element-9424ffa elementor-widget elementor-widget-toggle\" data-id=\"9424ffa\" data-element_type=\"widget\" data-widget_type=\"toggle.default\">\n\t\t\t\t<div class=\"elementor-widget-container\">\n\t\t\t\t\t\t\t<div class=\"elementor-toggle\">\n\t\t\t\t\t\t\t<div class=\"elementor-toggle-item\">\n\t\t\t\t\t<div id=\"elementor-tab-title-1551\" class=\"elementor-tab-title\" data-tab=\"1\" role=\"button\" aria-controls=\"elementor-tab-content-1551\" aria-expanded=\"false\">\n\t\t\t\t\t\t\t\t\t\t\t\t<span class=\"elementor-toggle-icon elementor-toggle-icon-left\" aria-hidden=\"true\">\n\t\t\t\t\t\t\t\t\t\t\t\t\t\t\t<span class=\"elementor-toggle-icon-closed\"><i class=\"fas fa-caret-right\"><\/i><\/span>\n\t\t\t\t\t\t\t\t<span class=\"elementor-toggle-icon-opened\"><i class=\"elementor-toggle-icon-opened fas fa-caret-up\"><\/i><\/span>\n\t\t\t\t\t\t\t\t\t\t\t\t\t<\/span>\n\t\t\t\t\t\t\t\t\t\t\t\t<a class=\"elementor-toggle-title\" tabindex=\"0\">2024-2025 E\u011fitim Y\u0131l\u0131 G\u00fcz D\u00f6nemi<\/a>\n\t\t\t\t\t<\/div>\n\n\t\t\t\t\t<div id=\"elementor-tab-content-1551\" class=\"elementor-tab-content elementor-clearfix\" data-tab=\"1\" role=\"region\" aria-labelledby=\"elementor-tab-title-1551\"><p>\u0130\u00e7 Hastal\u0131klar\u0131 ve Hem\u015firelik Bak\u0131m\u0131 A \u015eube Rotasyonu i\u00e7in <a href=\"https:\/\/birimler.atauni.edu.tr\/hemsirelik-fakultesi\/wp-content\/uploads\/sites\/481\/2025\/01\/Ic-Hastaliklari-A-Sube.pdf\">t\u0131klay\u0131n\u0131z.<\/a><\/p><p>\u0130\u00e7 Hastal\u0131klar\u0131 ve Hem\u015firelik Bak\u0131m\u0131 B \u015eube Rotasyonu i\u00e7in <a href=\"https:\/\/birimler.atauni.edu.tr\/hemsirelik-fakultesi\/wp-content\/uploads\/sites\/481\/2025\/01\/Ic-Hastaliklari-B-Sube.pdf\">t\u0131klay\u0131n\u0131z.<\/a><\/p><p>\u0130\u00e7 Hastal\u0131klar\u0131 ve Hem\u015firelik Bak\u0131m\u0131 C \u015eube Rotasyonu i\u00e7in <a href=\"https:\/\/birimler.atauni.edu.tr\/hemsirelik-fakultesi\/wp-content\/uploads\/sites\/481\/2025\/01\/Ic-Hastaliklari-C-Sube.pdf\">t\u0131klay\u0131n\u0131z.<\/a><\/p><p>Do\u011fum, Kad\u0131n Sa\u011fl\u0131\u011f\u0131 ve Hastal\u0131klar\u0131 Hem\u015fireli\u011fi A \u015eube rotasyonu i\u00e7in<a href=\"https:\/\/birimler.atauni.edu.tr\/hemsirelik-fakultesi\/wp-content\/uploads\/sites\/481\/2025\/01\/Kadin-Dogum-A-sube.pdf\"> t\u0131klay\u0131n\u0131z.<\/a><\/p><p>Do\u011fum, Kad\u0131n Sa\u011fl\u0131\u011f\u0131 ve Hastal\u0131klar\u0131 Hem\u015fireli\u011fi B \u015eube rotasyonu i\u00e7in <a href=\"https:\/\/birimler.atauni.edu.tr\/hemsirelik-fakultesi\/wp-content\/uploads\/sites\/481\/2025\/01\/Kadin-Dogum-B-sube.pdf\">t\u0131klay\u0131n\u0131z.<\/a><\/p><p>Do\u011fum, Kad\u0131n Sa\u011fl\u0131\u011f\u0131 ve Hastal\u0131klar\u0131 Hem\u015fireli\u011fi C \u015eube rotasyonu i\u00e7in <a href=\"https:\/\/birimler.atauni.edu.tr\/hemsirelik-fakultesi\/wp-content\/uploads\/sites\/481\/2025\/01\/Kadin-Dogum-C-sube.pdf\">t\u0131klay\u0131n\u0131z.<\/a><\/p><p>Psikiyatri Hem\u015fireli\u011fi A \u015eube rotasyonu i\u00e7in <a href=\"https:\/\/birimler.atauni.edu.tr\/hemsirelik-fakultesi\/wp-content\/uploads\/sites\/481\/2025\/01\/Psikiyatri-A-sube.pdf\">t\u0131klay\u0131n\u0131z.<\/a><\/p><p>Psikiyatri Hem\u015fireli\u011fi B \u015eube rotasyonu i\u00e7in <a href=\"https:\/\/birimler.atauni.edu.tr\/hemsirelik-fakultesi\/wp-content\/uploads\/sites\/481\/2025\/01\/Psikiyatri-B-sube.pdf\">t\u0131klay\u0131n\u0131z.<\/a><\/p><p>Psikiyatri Hem\u015fireli\u011fi C \u015eube rotasyonu i\u00e7in <a href=\"https:\/\/birimler.atauni.edu.tr\/hemsirelik-fakultesi\/wp-content\/uploads\/sites\/481\/2025\/01\/Psikiyatri-C-sube.pdf\">t\u0131klay\u0131n\u0131z.<\/a>\u00a0<\/p><p>Halk Sa\u011fl\u0131\u011f\u0131 Hem\u015fireli\u011fi A \u015eube rotasyonu i\u00e7in <a href=\"https:\/\/birimler.atauni.edu.tr\/hemsirelik-fakultesi\/wp-content\/uploads\/sites\/481\/2025\/01\/Halk-Sagligi-A-sube.pdf\">t\u0131klay\u0131n\u0131z.<\/a><\/p><p>Halk Sa\u011fl\u0131\u011f\u0131 Hem\u015fireli\u011fi B \u015eube rotasyonu i\u00e7in <a href=\"https:\/\/birimler.atauni.edu.tr\/hemsirelik-fakultesi\/wp-content\/uploads\/sites\/481\/2025\/01\/Halk-Sagligi-B-sube.pdf\">t\u0131klay\u0131n\u0131z<\/a>.<\/p><p>Halk Sa\u011fl\u0131\u011f\u0131 Hem\u015fireli\u011fi C \u015eube rotasyonu i\u00e7in <a href=\"https:\/\/birimler.atauni.edu.tr\/hemsirelik-fakultesi\/wp-content\/uploads\/sites\/481\/2025\/01\/Halk-Sagligi-C-sube.pdf\">t\u0131klay\u0131n\u0131z.<\/a><\/p><\/div>\n\t\t\t\t<\/div>\n\t\t\t\t\t\t\t<div class=\"elementor-toggle-item\">\n\t\t\t\t\t<div id=\"elementor-tab-title-1552\" class=\"elementor-tab-title\" data-tab=\"2\" role=\"button\" aria-controls=\"elementor-tab-content-1552\" aria-expanded=\"false\">\n\t\t\t\t\t\t\t\t\t\t\t\t<span class=\"elementor-toggle-icon elementor-toggle-icon-left\" aria-hidden=\"true\">\n\t\t\t\t\t\t\t\t\t\t\t\t\t\t\t<span class=\"elementor-toggle-icon-closed\"><i class=\"fas fa-caret-right\"><\/i><\/span>\n\t\t\t\t\t\t\t\t<span class=\"elementor-toggle-icon-opened\"><i class=\"elementor-toggle-icon-opened fas fa-caret-up\"><\/i><\/span>\n\t\t\t\t\t\t\t\t\t\t\t\t\t<\/span>\n\t\t\t\t\t\t\t\t\t\t\t\t<a class=\"elementor-toggle-title\" tabindex=\"0\">2024-2025 E\u011fitim Y\u0131l\u0131 Bahar D\u00f6nemi<\/a>\n\t\t\t\t\t<\/div>\n\n\t\t\t\t\t<div id=\"elementor-tab-content-1552\" class=\"elementor-tab-content elementor-clearfix\" data-tab=\"2\" role=\"region\" aria-labelledby=\"elementor-tab-title-1552\"><p>Cerrahi Hastal\u0131klar\u0131 ve Hem\u015firelik Bak\u0131m\u0131 A \u015eube Rotasyonu i\u00e7in <a href=\"https:\/\/birimler.atauni.edu.tr\/hemsirelik-fakultesi\/wp-content\/uploads\/sites\/481\/2025\/03\/A-SUBESI-UYGULAMA.pdf\">t\u0131klay\u0131n\u0131z.<\/a><\/p><p>Cerrahi Hastal\u0131klar\u0131 ve Hem\u015firelik Bak\u0131m\u0131 B \u015eube Rotasyonu i\u00e7in <a href=\"https:\/\/birimler.atauni.edu.tr\/hemsirelik-fakultesi\/wp-content\/uploads\/sites\/481\/2025\/03\/B-SUBESI-UYGULAMA.pdf\">t\u0131klay\u0131n\u0131z.<\/a><\/p><p>Cerrahi Hastal\u0131klar\u0131 ve Hem\u015firelik Bak\u0131m\u0131 C \u015eube Rotasyonu i\u00e7in <a href=\"https:\/\/birimler.atauni.edu.tr\/hemsirelik-fakultesi\/wp-content\/uploads\/sites\/481\/2025\/03\/C-SUBESI-UYGULAMA.pdf\">t\u0131klay\u0131n\u0131z.<\/a><\/p><p>\u00c7ocuk Sa\u011fl\u0131\u011f\u0131 -Hastal\u0131klar\u0131 ve Hem\u015firelik Bak\u0131m\u0131 A-B-C \u015eube Rotasyonu i\u00e7in \u00a0<a href=\"https:\/\/birimler.atauni.edu.tr\/hemsirelik-fakultesi\/wp-content\/uploads\/sites\/481\/2025\/03\/2024-2025-A-B-C-ING-HEMS-Cocuk-Sagligi-Hastaliklari-ve-Hemsirelik-Bakimi-Dersi-ROTASYONLAR.pdf\">t\u0131klay\u0131n\u0131z.<\/a><\/p><p>Hem\u015firelikte Y\u00f6netim A-B-C \u015eube Rotasyonu i\u00e7in<a href=\"https:\/\/birimler.atauni.edu.tr\/hemsirelik-fakultesi\/wp-content\/uploads\/sites\/481\/2025\/03\/HEMS\u0327I\u0307RELI\u0307KTE-YONETIM-3-SINIF_STAJ_ROTASYONU-1.docx\"> t\u0131klay\u0131n\u0131z.<\/a><\/p><\/div>\n\t\t\t\t<\/div>\n\t\t\t\t\t\t\t\t<\/div>\n\t\t\t\t\t\t<\/div>\n\t\t\t\t<\/div>\n\t\t\t\t\t<\/div>\n\t\t<\/div>\n\t\t\t\t\t<\/div>\n\t\t<\/section>\n\t\t\t\t<\/div>\n\t\t","protected":false},"excerpt":{"rendered":"<p>2024-2025 E\u011fitim Y\u0131l\u0131 G\u00fcz D\u00f6nemi \u0130\u00e7 Hastal\u0131klar\u0131 ve Hem\u015firelik Bak\u0131m\u0131 A \u015eube Rotasyonu i\u00e7in t\u0131klay\u0131n\u0131z. \u0130\u00e7 Hastal\u0131klar\u0131 ve Hem\u015firelik Bak\u0131m\u0131 B \u015eube Rotasyonu i\u00e7in t\u0131klay\u0131n\u0131z. \u0130\u00e7 Hastal\u0131klar\u0131 ve Hem\u015firelik Bak\u0131m\u0131 C \u015eube Rotasyonu i\u00e7in t\u0131klay\u0131n\u0131z. Do\u011fum, Kad\u0131n Sa\u011fl\u0131\u011f\u0131 ve Hastal\u0131klar\u0131 Hem\u015fireli\u011fi A \u015eube rotasyonu i\u00e7in t\u0131klay\u0131n\u0131z. Do\u011fum, Kad\u0131n Sa\u011fl\u0131\u011f\u0131 ve Hastal\u0131klar\u0131 Hem\u015fireli\u011fi B \u015eube rotasyonu [&hellip;]<\/p>\n","protected":false},"author":426,"featured_media":0,"parent":0,"menu_order":0,"comment_status":"closed","ping_status":"closed","template":"","meta":{"footnotes":""},"class_list":["post-8049","page","type-page","status-publish","hentry"],"_links":{"self":[{"href":"https:\/\/atauni.edu.tr\/hemsirelik-fakultesi\/wp-json\/wp\/v2\/pages\/8049","targetHints":{"allow":["GET"]}}],"collection":[{"href":"https:\/\/atauni.edu.tr\/hemsirelik-fakultesi\/wp-json\/wp\/v2\/pages"}],"about":[{"href":"https:\/\/atauni.edu.tr\/hemsirelik-fakultesi\/wp-json\/wp\/v2\/types\/page"}],"author":[{"embeddable":true,"href":"https:\/\/atauni.edu.tr\/hemsirelik-fakultesi\/wp-json\/wp\/v2\/users\/426"}],"replies":[{"embeddable":true,"href":"https:\/\/atauni.edu.tr\/hemsirelik-fakultesi\/wp-json\/wp\/v2\/comments?post=8049"}],"version-history":[{"count":17,"href":"https:\/\/atauni.edu.tr\/hemsirelik-fakultesi\/wp-json\/wp\/v2\/pages\/8049\/revisions"}],"predecessor-version":[{"id":12921,"href":"https:\/\/atauni.edu.tr\/hemsirelik-fakultesi\/wp-json\/wp\/v2\/pages\/8049\/revisions\/12921"}],"wp:attachment":[{"href":"https:\/\/atauni.edu.tr\/hemsirelik-fakultesi\/wp-json\/wp\/v2\/media?parent=8049"}],"curies":[{"name":"wp","href":"https:\/\/api.w.org\/{rel}","templated":true}]}}