{"id":8293,"date":"2023-08-27T13:18:13","date_gmt":"2023-08-27T10:18:13","guid":{"rendered":"https:\/\/birimler.atauni.edu.tr\/hemsirelik-fakultesi\/?page_id=8293"},"modified":"2025-05-08T10:46:52","modified_gmt":"2025-05-08T07:46:52","slug":"mezun-izlem-faaliyetleri","status":"publish","type":"page","link":"https:\/\/atauni.edu.tr\/hemsirelik-fakultesi\/mezun-izlem-faaliyetleri\/","title":{"rendered":"Mezun \u0130zlem Anketi Sonu\u00e7lar\u0131"},"content":{"rendered":"\t\t<div data-elementor-type=\"wp-page\" data-elementor-id=\"8293\" class=\"elementor elementor-8293\" data-elementor-post-type=\"page\">\n\t\t\t\t\t\t<section class=\"elementor-section elementor-top-section elementor-element elementor-element-4cee509 elementor-section-boxed elementor-section-height-default elementor-section-height-default\" data-id=\"4cee509\" data-element_type=\"section\">\n\t\t\t\t\t\t<div class=\"elementor-container elementor-column-gap-default\">\n\t\t\t\t\t<div class=\"elementor-column elementor-col-100 elementor-top-column elementor-element elementor-element-c530a02\" data-id=\"c530a02\" data-element_type=\"column\">\n\t\t\t<div class=\"elementor-widget-wrap elementor-element-populated\">\n\t\t\t\t\t\t\t<\/div>\n\t\t<\/div>\n\t\t\t\t\t<\/div>\n\t\t<\/section>\n\t\t\t\t<section class=\"elementor-section elementor-top-section elementor-element elementor-element-30e4626 elementor-section-boxed elementor-section-height-default elementor-section-height-default\" data-id=\"30e4626\" data-element_type=\"section\">\n\t\t\t\t\t\t<div class=\"elementor-container elementor-column-gap-default\">\n\t\t\t\t\t<div class=\"elementor-column elementor-col-100 elementor-top-column elementor-element elementor-element-93a8dba\" data-id=\"93a8dba\" data-element_type=\"column\">\n\t\t\t<div class=\"elementor-widget-wrap elementor-element-populated\">\n\t\t\t\t\t\t<div class=\"elementor-element elementor-element-1c5191b elementor-widget elementor-widget-text-editor\" data-id=\"1c5191b\" data-element_type=\"widget\" data-widget_type=\"text-editor.default\">\n\t\t\t\t<div class=\"elementor-widget-container\">\n\t\t\t\t\t\t\t\t\t<p>2020-2021 Y\u0131l\u0131 Mezun \u0130zlem Anketi Sonu\u00e7 Raporu i\u00e7in <a href=\"https:\/\/birimler.atauni.edu.tr\/hemsirelik-fakultesi\/wp-content\/uploads\/sites\/481\/2025\/05\/2020-2021-Donemi-Mezun-Izlem-Anketi-Sonuc-Raporu.pdf\">t\u0131klay\u0131n\u0131z<\/a><\/p><p>2021-2022 Y\u0131l\u0131 Mezun \u0130zlem Anketi Sonu\u00e7 Raporu i\u00e7in <a href=\"https:\/\/birimler.atauni.edu.tr\/hemsirelik-fakultesi\/wp-content\/uploads\/sites\/481\/2025\/05\/2021-2022-Donemi-Mezun-Izlem-Anketi-Sonuc-Raporu.pdf\">t\u0131klay\u0131n\u0131z<\/a><\/p><p>2022-2023 Y\u0131l\u0131 Mezun \u0130zlem Anketi Sonu\u00e7 Raporu i\u00e7in <a href=\"https:\/\/birimler.atauni.edu.tr\/hemsirelik-fakultesi\/wp-content\/uploads\/sites\/481\/2025\/05\/2022-2023-Yili-Mezun-Izlem-Anketi-Sonuc-Raporu.pdf\">t\u0131klay\u0131n\u0131z<\/a><\/p><p>2022-2023 Y\u0131l\u0131 Sa\u011fl\u0131k Profesyonelleri i\u00e7in D\u0131\u015f Payda\u015f Mezun De\u011ferlendirme Sonu\u00e7 Raporu i\u00e7in <a href=\"https:\/\/birimler.atauni.edu.tr\/hemsirelik-fakultesi\/wp-content\/uploads\/sites\/481\/2025\/05\/2022-2023-Yili-Saglik-Profesyonelleri-icin-Dis-Paydas-Formu-Sonuc-Raporu.pdf\">t\u0131klay\u0131n\u0131z<\/a><\/p><p>2022-2023 Y\u0131l\u0131 Sa\u011fl\u0131kl\u0131 Birey, Hasta-Hasta Yak\u0131n\u0131 D\u0131\u015f Payda\u015f Mezun De\u011ferlendirme Sonu\u00e7 Raporu i\u00e7in <a href=\"https:\/\/birimler.atauni.edu.tr\/hemsirelik-fakultesi\/wp-content\/uploads\/sites\/481\/2025\/05\/2022-2023-Yili-Saglikli-BireyHasta-Hasta-Yakini-Dis-Paydas-Formu-Sonuc-Raporu-1.pdf\">t\u0131klay\u0131n\u0131z<\/a><\/p><p>2023-2024 Y\u0131l\u0131 Mezun \u0130zlem Anketi Sonu\u00e7 Raporu i\u00e7in <a href=\"https:\/\/birimler.atauni.edu.tr\/hemsirelik-fakultesi\/wp-content\/uploads\/sites\/481\/2025\/05\/2023-ve-2024-Yili-Mezun-Izlem-Anketi-Sonuc-Raporu.pdf\">t\u0131klay\u0131n\u0131z<\/a><\/p><p>2023-2024 Y\u0131l\u0131 Sa\u011fl\u0131k Profesyonelleri i\u00e7in D\u0131\u015f Payda\u015f Mezun De\u011ferlendirme Sonu\u00e7 Raporu i\u00e7in <a href=\"https:\/\/birimler.atauni.edu.tr\/hemsirelik-fakultesi\/wp-content\/uploads\/sites\/481\/2025\/05\/2023-2024-Yili-Saglik-Profesyonelleri-Dis-Paydas-Formu-Sonuc-Raporu.pdf\">t\u0131klay\u0131n\u0131z<\/a><\/p><p>2023-2024 Y\u0131l\u0131 Sa\u011fl\u0131kl\u0131 Birey, Hasta-Hasta Yak\u0131n\u0131 D\u0131\u015f Payda\u015f Mezun De\u011ferlendirme Sonu\u00e7 Raporu i\u00e7in <a href=\"https:\/\/birimler.atauni.edu.tr\/hemsirelik-fakultesi\/wp-content\/uploads\/sites\/481\/2025\/05\/2023-2024-Yili-Saglikli-Birey-Hasta-Hasta-Yakinlari-icin-Dis-Paydas-Formu-Sonuc-Raporu.pdf\">t\u0131klay\u0131n\u0131z<\/a><\/p><p>2024 Y\u0131l\u0131 Mezun \u0130zlem Anketi Sonu\u00e7 Raporu i\u00e7in <a href=\"https:\/\/birimler.atauni.edu.tr\/hemsirelik-fakultesi\/wp-content\/uploads\/sites\/481\/2025\/05\/2023-ve-2024-Yili-Mezun-Izlem-Anketi-Sonuc-Raporu.pdf\">t\u0131klay\u0131n\u0131z<\/a><\/p><p>2024 Y\u0131l\u0131 Sa\u011fl\u0131k Profesyonelleri i\u00e7in D\u0131\u015f Payda\u015f Mezun De\u011ferlendirme Sonu\u00e7 Raporu i\u00e7in <a href=\"https:\/\/birimler.atauni.edu.tr\/hemsirelik-fakultesi\/wp-content\/uploads\/sites\/481\/2025\/05\/2024-Yili-Saglik-Profesyonelleri-icin-Dis-Paydas-Formu-Sonuc-Raporu-1.pdf\">t\u0131klay\u0131n\u0131z<\/a><\/p><p>2024 Y\u0131l\u0131 Sa\u011fl\u0131kl\u0131 Birey, Hasta-Hasta Yak\u0131n\u0131 D\u0131\u015f Payda\u015f Mezun De\u011ferlendirme Sonu\u00e7 Raporu i\u00e7in <a href=\"https:\/\/birimler.atauni.edu.tr\/hemsirelik-fakultesi\/wp-content\/uploads\/sites\/481\/2025\/05\/2024-Yili-Saglikli-Birey-Hasta-Hasta-Yakinlari-icin-Dis-Paydas-Formu-Sonuc-Raporu.pdf\">t\u0131klay\u0131n\u0131z<\/a><\/p>\t\t\t\t\t\t\t\t<\/div>\n\t\t\t\t<\/div>\n\t\t\t\t\t<\/div>\n\t\t<\/div>\n\t\t\t\t\t<\/div>\n\t\t<\/section>\n\t\t\t\t<\/div>\n\t\t","protected":false},"excerpt":{"rendered":"<p>2020-2021 Y\u0131l\u0131 Mezun \u0130zlem Anketi Sonu\u00e7 Raporu i\u00e7in t\u0131klay\u0131n\u0131z 2021-2022 Y\u0131l\u0131 Mezun \u0130zlem Anketi Sonu\u00e7 Raporu i\u00e7in t\u0131klay\u0131n\u0131z 2022-2023 Y\u0131l\u0131 Mezun \u0130zlem Anketi Sonu\u00e7 Raporu i\u00e7in t\u0131klay\u0131n\u0131z 2022-2023 Y\u0131l\u0131 Sa\u011fl\u0131k Profesyonelleri i\u00e7in D\u0131\u015f Payda\u015f Mezun De\u011ferlendirme Sonu\u00e7 Raporu i\u00e7in t\u0131klay\u0131n\u0131z 2022-2023 Y\u0131l\u0131 Sa\u011fl\u0131kl\u0131 Birey, Hasta-Hasta Yak\u0131n\u0131 D\u0131\u015f Payda\u015f Mezun De\u011ferlendirme Sonu\u00e7 Raporu i\u00e7in t\u0131klay\u0131n\u0131z 2023-2024 [&hellip;]<\/p>\n","protected":false},"author":426,"featured_media":0,"parent":0,"menu_order":0,"comment_status":"closed","ping_status":"closed","template":"","meta":{"footnotes":""},"class_list":["post-8293","page","type-page","status-publish","hentry"],"_links":{"self":[{"href":"https:\/\/atauni.edu.tr\/hemsirelik-fakultesi\/wp-json\/wp\/v2\/pages\/8293","targetHints":{"allow":["GET"]}}],"collection":[{"href":"https:\/\/atauni.edu.tr\/hemsirelik-fakultesi\/wp-json\/wp\/v2\/pages"}],"about":[{"href":"https:\/\/atauni.edu.tr\/hemsirelik-fakultesi\/wp-json\/wp\/v2\/types\/page"}],"author":[{"embeddable":true,"href":"https:\/\/atauni.edu.tr\/hemsirelik-fakultesi\/wp-json\/wp\/v2\/users\/426"}],"replies":[{"embeddable":true,"href":"https:\/\/atauni.edu.tr\/hemsirelik-fakultesi\/wp-json\/wp\/v2\/comments?post=8293"}],"version-history":[{"count":53,"href":"https:\/\/atauni.edu.tr\/hemsirelik-fakultesi\/wp-json\/wp\/v2\/pages\/8293\/revisions"}],"predecessor-version":[{"id":14168,"href":"https:\/\/atauni.edu.tr\/hemsirelik-fakultesi\/wp-json\/wp\/v2\/pages\/8293\/revisions\/14168"}],"wp:attachment":[{"href":"https:\/\/atauni.edu.tr\/hemsirelik-fakultesi\/wp-json\/wp\/v2\/media?parent=8293"}],"curies":[{"name":"wp","href":"https:\/\/api.w.org\/{rel}","templated":true}]}}