{"id":5765,"date":"2021-07-13T12:56:51","date_gmt":"2021-07-13T09:56:51","guid":{"rendered":"https:\/\/portaltest.atauni.edu.tr\/bilgisayar-muhendisligi\/?page_id=5765"},"modified":"2021-08-27T15:48:18","modified_gmt":"2021-08-27T12:48:18","slug":"anabilim-dallari","status":"publish","type":"page","link":"https:\/\/atauni.edu.tr\/heykel-bolumu\/anabilim-dallari\/","title":{"rendered":"Anabilim Dallar\u0131"},"content":{"rendered":"\t\t<div data-elementor-type=\"wp-page\" data-elementor-id=\"5765\" class=\"elementor elementor-5765\" data-elementor-post-type=\"page\">\n\t\t\t\t\t\t<section class=\"elementor-section elementor-top-section elementor-element elementor-element-730d320 elementor-section-boxed elementor-section-height-default elementor-section-height-default\" data-id=\"730d320\" data-element_type=\"section\">\n\t\t\t\t\t\t<div class=\"elementor-container elementor-column-gap-default\">\n\t\t\t\t\t<div class=\"elementor-column elementor-col-100 elementor-top-column elementor-element elementor-element-753d0860\" data-id=\"753d0860\" data-element_type=\"column\">\n\t\t\t<div class=\"elementor-widget-wrap\">\n\t\t\t\t\t\t\t<\/div>\n\t\t<\/div>\n\t\t\t\t\t<\/div>\n\t\t<\/section>\n\t\t\t\t<section class=\"elementor-section elementor-top-section elementor-element elementor-element-9be811a elementor-section-boxed elementor-section-height-default elementor-section-height-default\" data-id=\"9be811a\" data-element_type=\"section\">\n\t\t\t\t\t\t<div class=\"elementor-container elementor-column-gap-default\">\n\t\t\t\t\t<div class=\"elementor-column elementor-col-100 elementor-top-column elementor-element elementor-element-1ed847b7\" data-id=\"1ed847b7\" data-element_type=\"column\">\n\t\t\t<div class=\"elementor-widget-wrap elementor-element-populated\">\n\t\t\t\t\t\t<div class=\"elementor-element elementor-element-4ce0d07f elementor-widget elementor-widget-heading\" data-id=\"4ce0d07f\" data-element_type=\"widget\" data-widget_type=\"heading.default\">\n\t\t\t\t<div class=\"elementor-widget-container\">\n\t\t\t\t\t<h2 class=\"elementor-heading-title elementor-size-default\">Anabilim Dallar\u0131<\/h2>\t\t\t\t<\/div>\n\t\t\t\t<\/div>\n\t\t\t\t<div class=\"elementor-element elementor-element-63260862 elementor-widget-divider--view-line elementor-widget elementor-widget-divider\" data-id=\"63260862\" data-element_type=\"widget\" data-widget_type=\"divider.default\">\n\t\t\t\t<div class=\"elementor-widget-container\">\n\t\t\t\t\t\t\t<div class=\"elementor-divider\">\n\t\t\t<span class=\"elementor-divider-separator\">\n\t\t\t\t\t\t<\/span>\n\t\t<\/div>\n\t\t\t\t\t\t<\/div>\n\t\t\t\t<\/div>\n\t\t\t\t\t<\/div>\n\t\t<\/div>\n\t\t\t\t\t<\/div>\n\t\t<\/section>\n\t\t\t\t<section class=\"elementor-section elementor-top-section elementor-element elementor-element-681db8b elementor-section-boxed elementor-section-height-default elementor-section-height-default\" data-id=\"681db8b\" data-element_type=\"section\">\n\t\t\t\t\t\t<div class=\"elementor-container elementor-column-gap-default\">\n\t\t\t\t\t<div class=\"elementor-column elementor-col-100 elementor-top-column elementor-element elementor-element-ad4dac5\" data-id=\"ad4dac5\" data-element_type=\"column\">\n\t\t\t<div class=\"elementor-widget-wrap elementor-element-populated\">\n\t\t\t\t\t\t<div class=\"elementor-element elementor-element-2f96b3d elementor-widget elementor-widget-text-editor\" data-id=\"2f96b3d\" data-element_type=\"widget\" data-widget_type=\"text-editor.default\">\n\t\t\t\t<div class=\"elementor-widget-container\">\n\t\t\t\t\t\t\t\t\t<p>Anadolu&#8217;nun k\u00fclt\u00fcrel miras\u0131n\u0131n zenginle\u015ftirilmesine katk\u0131da bulunmay\u0131 ama\u00e7layan heykel b\u00f6l\u00fcm\u00fcm\u00fcz, sanatseverlerin ilgi oda\u011f\u0131 olmaya devam ediyor. B\u00f6l\u00fcm\u00fcm\u00fcz\u00fcn ana hedefi, \u00f6\u011frencilere geleneksel ve modern teknikleri birle\u015ftiren bir e\u011fitim sunarak, yetenekli ve \u00f6zg\u00fcn sanat\u00e7\u0131lar yeti\u015ftirerek T\u00fcrkiye&#8217;nin sanat environment\u0131na katk\u0131da bulunmakt\u0131r.<\/p>\n<p>Heykel b\u00f6l\u00fcm\u00fcm\u00fczde \u00f6\u011frencilere farkl\u0131 malzemelerle \u00e7al\u0131\u015fabilme becerisi kazand\u0131r\u0131lmaya \u00e7al\u0131\u015f\u0131l\u0131r. Bu ba\u011flamda ta\u015f, metal, ah\u015fap, al\u00e7\u0131 gibi \u00e7e\u015fitli malzemeler \u00fczerinde uygulamal\u0131 e\u011fitim verilir. \u00d6\u011frencilerin yarat\u0131c\u0131l\u0131klar\u0131n\u0131 ve hayal g\u00fc\u00e7lerini geli\u015ftirmelerine olanak tan\u0131yan b\u00f6l\u00fcm\u00fcm\u00fcz, ayn\u0131 zamanda sanat tarihini de kapsayan geni\u015f bir m\u00fcfredat sunar.<\/p>\n<p>Anabilim dallar\u0131m\u0131z aras\u0131nda heykel, seramik ve di\u011fer plastik sanatlar yer al\u0131r. Bu alanlarda uzmanla\u015fan \u00f6\u011frencilerimiz, mezun olduktan sonra \u00e7e\u015fitli sekt\u00f6rlerde ba\u015far\u0131l\u0131 bir \u015fekilde \u00e7al\u0131\u015fabilirler. Sanat galerileri, heykel at\u00f6lyeleri, e\u011fitim kurumlar\u0131 gibi bir\u00e7ok farkl\u0131 alanda i\u015f bulma imkan\u0131na sahip olan mezunlar\u0131m\u0131z, ayn\u0131 zamanda kendi sanatlar\u0131n\u0131 da icra edebilirler.<\/p>\n<p>B\u00f6l\u00fcm\u00fcm\u00fcz\u00fcn amac\u0131, \u00f6\u011frencilere sadece teknik beceriler kazand\u0131rmakla kalmay\u0131p, ayn\u0131 zamanda sanats\t\t\t\t\t\t\t\t<\/div>\n\t\t\t\t<\/div>\n\t\t\t\t\t<\/div>\n\t\t<\/div>\n\t\t\t\t\t<\/div>\n\t\t<\/section>\n\t\t\t\t<\/div>\n\t\t","protected":false},"excerpt":{"rendered":"<p>**Heykel Anabilim Dallar\u0131** Heykel B\u00f6l\u00fcm\u00fc, sanat\u0131n \u00e7e\u015fitli disiplinlerini ke\u015ffetmeye ve \u00f6\u011frencilere farkl\u0131 yarat\u0131c\u0131 alanlarda uzmanl\u0131k kazand\u0131rmaya odaklanm\u0131\u015ft\u0131r. B\u00f6l\u00fcm\u00fcm\u00fcz\u00fcn anabilim dallar\u0131, heykelt\u0131ra\u015fl\u0131k sanat\u0131n\u0131n temel prensiplerini, tekniklerini ve teorilerini kapsar. \u00d6\u011frencilerimiz, se\u00e7tikleri anabilim dal\u0131nda uzmanla\u015farak kendi sanatlar\u0131n\u0131n derinliklerine inme f\u0131rsat\u0131 bulurlar. **Heykel Anasanat Dal\u0131** Heykel Anasanat Dal\u0131, \u00f6\u011frencilere heykelt\u0131ra\u015fl\u0131k sanat\u0131n\u0131n temellerini \u00f6\u011fretmek ve onlar\u0131 bu alanda uzmanla\u015ft\u0131rmak [&hellip;]<\/p>\n","protected":false},"author":1,"featured_media":0,"parent":0,"menu_order":0,"comment_status":"closed","ping_status":"closed","template":"elementor_header_footer","meta":{"footnotes":""},"class_list":["post-5765","page","type-page","status-publish","hentry"],"_links":{"self":[{"href":"https:\/\/atauni.edu.tr\/heykel-bolumu\/wp-json\/wp\/v2\/pages\/5765","targetHints":{"allow":["GET"]}}],"collection":[{"href":"https:\/\/atauni.edu.tr\/heykel-bolumu\/wp-json\/wp\/v2\/pages"}],"about":[{"href":"https:\/\/atauni.edu.tr\/heykel-bolumu\/wp-json\/wp\/v2\/types\/page"}],"author":[{"embeddable":true,"href":"https:\/\/atauni.edu.tr\/heykel-bolumu\/wp-json\/wp\/v2\/users\/1"}],"replies":[{"embeddable":true,"href":"https:\/\/atauni.edu.tr\/heykel-bolumu\/wp-json\/wp\/v2\/comments?post=5765"}],"version-history":[{"count":8,"href":"https:\/\/atauni.edu.tr\/heykel-bolumu\/wp-json\/wp\/v2\/pages\/5765\/revisions"}],"predecessor-version":[{"id":6082,"href":"https:\/\/atauni.edu.tr\/heykel-bolumu\/wp-json\/wp\/v2\/pages\/5765\/revisions\/6082"}],"wp:attachment":[{"href":"https:\/\/atauni.edu.tr\/heykel-bolumu\/wp-json\/wp\/v2\/media?parent=5765"}],"curies":[{"name":"wp","href":"https:\/\/api.w.org\/{rel}","templated":true}]}}