{"id":5638,"date":"2021-07-13T09:49:25","date_gmt":"2021-07-13T06:49:25","guid":{"rendered":"https:\/\/portaltest.atauni.edu.tr\/bilgisayar-muhendisligi\/?page_id=5638"},"modified":"2021-09-13T10:21:35","modified_gmt":"2021-09-13T07:21:35","slug":"tarihce","status":"publish","type":"page","link":"https:\/\/atauni.edu.tr\/hidrobiyoloji-anabilim-dali\/tarihce\/","title":{"rendered":"Tarih\u00e7e"},"content":{"rendered":"\t\t<div data-elementor-type=\"wp-page\" data-elementor-id=\"5638\" class=\"elementor elementor-5638\" data-elementor-post-type=\"page\">\n\t\t\t\t\t\t<section class=\"elementor-section elementor-top-section elementor-element elementor-element-730d320 elementor-section-boxed elementor-section-height-default elementor-section-height-default\" data-id=\"730d320\" data-element_type=\"section\">\n\t\t\t\t\t\t<div class=\"elementor-container elementor-column-gap-default\">\n\t\t\t\t\t<div class=\"elementor-column elementor-col-100 elementor-top-column elementor-element elementor-element-753d0860\" data-id=\"753d0860\" data-element_type=\"column\">\n\t\t\t<div class=\"elementor-widget-wrap\">\n\t\t\t\t\t\t\t<\/div>\n\t\t<\/div>\n\t\t\t\t\t<\/div>\n\t\t<\/section>\n\t\t\t\t<section class=\"elementor-section elementor-top-section elementor-element elementor-element-9be811a elementor-section-boxed elementor-section-height-default elementor-section-height-default\" data-id=\"9be811a\" data-element_type=\"section\">\n\t\t\t\t\t\t<div class=\"elementor-container elementor-column-gap-default\">\n\t\t\t\t\t<div class=\"elementor-column elementor-col-100 elementor-top-column elementor-element elementor-element-1ed847b7\" data-id=\"1ed847b7\" data-element_type=\"column\">\n\t\t\t<div class=\"elementor-widget-wrap elementor-element-populated\">\n\t\t\t\t\t\t<div class=\"elementor-element elementor-element-4ce0d07f elementor-widget elementor-widget-heading\" data-id=\"4ce0d07f\" data-element_type=\"widget\" data-widget_type=\"heading.default\">\n\t\t\t\t<div class=\"elementor-widget-container\">\n\t\t\t\t\t<h2 class=\"elementor-heading-title elementor-size-default\">Tarih\u00e7e<\/h2>\t\t\t\t<\/div>\n\t\t\t\t<\/div>\n\t\t\t\t<div class=\"elementor-element elementor-element-63260862 elementor-widget-divider--view-line elementor-widget elementor-widget-divider\" data-id=\"63260862\" data-element_type=\"widget\" data-widget_type=\"divider.default\">\n\t\t\t\t<div class=\"elementor-widget-container\">\n\t\t\t\t\t\t\t<div class=\"elementor-divider\">\n\t\t\t<span class=\"elementor-divider-separator\">\n\t\t\t\t\t\t<\/span>\n\t\t<\/div>\n\t\t\t\t\t\t<\/div>\n\t\t\t\t<\/div>\n\t\t\t\t\t<\/div>\n\t\t<\/div>\n\t\t\t\t\t<\/div>\n\t\t<\/section>\n\t\t\t\t<section class=\"elementor-section elementor-top-section elementor-element elementor-element-681db8b elementor-section-boxed elementor-section-height-default elementor-section-height-default\" data-id=\"681db8b\" data-element_type=\"section\">\n\t\t\t\t\t\t<div class=\"elementor-container elementor-column-gap-default\">\n\t\t\t\t\t<div class=\"elementor-column elementor-col-100 elementor-top-column elementor-element elementor-element-ad4dac5\" data-id=\"ad4dac5\" data-element_type=\"column\">\n\t\t\t<div class=\"elementor-widget-wrap elementor-element-populated\">\n\t\t\t\t\t\t<div class=\"elementor-element elementor-element-2f96b3d elementor-widget elementor-widget-text-editor\" data-id=\"2f96b3d\" data-element_type=\"widget\" data-widget_type=\"text-editor.default\">\n\t\t\t\t<div class=\"elementor-widget-container\">\n\t\t\t\t\t\t\t\t\t<p>Atat\u00fcrk \u00dcniversitesi Hidrobiyoloji Anabilim Dal\u0131&#8217;n\u0131n tarihi, \u00fcniversitenin kuruldu\u011fu y\u0131llara dayanmaktad\u0131r. \u00dcniversite, \u00e7e\u015fitli bilim dallar\u0131nda e\u011fitim ve ara\u015ft\u0131rma faaliyetleri y\u00fcr\u00fctmek amac\u0131yla kurulan bir y\u00fcksek\u00f6\u011fretim kurumudur.<\/p>\n<p>Hidrobiyoloji Anabilim Dal\u0131, su ekosistemlerini ve i\u00e7erisinde ya\u015fayan canl\u0131lar\u0131 inceleyen bir aland\u0131r. Bu dal, biyoloji, kimya, fizik ve jeoloji gibi farkl\u0131 disiplinlerin birle\u015fmesiyle olu\u015fur. Anabilim dal\u0131n\u0131n amac\u0131, su kaynaklar\u0131n\u0131n korunmas\u0131, y\u00f6netimi ve s\u00fcrd\u00fcr\u00fclebilirli\u011finin sa\u011flanmas\u0131 i\u00e7in gerekli olan bilimsel \u00e7al\u0131\u015fmalar\u0131 y\u00fcr\u00fctmektir.<\/p>\n<p>Anabilim dal\u0131n\u0131n tarih\u00e7esi, \u00fcniversitenin kuruldu\u011fu y\u0131llarda ba\u015flam\u0131\u015ft\u0131r. O y\u0131llardan itibaren hidrobiyoloji alan\u0131nda various \u00e7al\u0131\u015fmalar yap\u0131lm\u0131\u015f ve bu alan\u0131n geli\u015fmesine katk\u0131da bulunulmu\u015ftur. Anabilim dal\u0131nda \u00e7al\u0131\u015fan akademisyenler, su kaynaklar\u0131n\u0131n y\u00f6netimi, su kalitesi, bal\u0131k\u00e7\u0131l\u0131k, su bitkileri ve su hayvanlar\u0131 gibi konularda ara\u015ft\u0131rmalar y\u00fcr\u00fctm\u00fc\u015flerdir.<\/p>\n<p>Zaman i\u00e7inde anabilim dal\u0131n\u0131n faaliyetleri \u00e7e\u015fitlenmi\u015f ve daha da geni\u015flemi\u015ftir. Bug\u00fcn, Anabilim Dal\u0131, hidrobiyoloji alan\u0131nda lisans\u00fcst\u00fc e\u011fitim programlar\u0131 sunmakta ve bu alanda \u00e7al\u0131\u015fmalar y\u00fcr\u00fcten \u00f6\u011frencilere dan\u0131\u015fmanl\u0131k hizmeti vermektedir. Ayr\u0131ca, anabilim dal\u0131, \u00e7e\u015fitli ulusal ve uluslararas\u0131 projelerde yer almakta ve su kaynaklar\u0131n\u0131n korunmas\u0131 ve s\u00fcrd\u00fcr\u00fclebilirli\u011fi i\u00e7in gerekli olan \u00e7al\u0131\u015fmalar\u0131 y\u00fcr\u00fctmektedir.<\/p>\n<p>Atat\u00fcrk \u00dcniversitesi Hidrobiyoloji Anabilim Dal\u0131, su kaynaklar\u0131n\u0131n korunmas\u0131 ve s\u00fcrd\u00fcr\u00fclebilirli\u011finin sa\u011flanmas\u0131 i\u00e7in \u00f6nemli bir role sahiptir. Anabilim dal\u0131n\u0131n \u00e7al\u0131\u015fmalar\u0131yla, su kaynaklar\u0131n\u0131n daha iyi y\u00f6netilmesi ve korunmas\u0131 m\u1ee5civesine ula\u015f\u0131lmaya \u00e7al\u0131\u015f\u0131lmaktad\u0131r.<\/p>\t\t\t\t\t\t\t\t<\/div>\n\t\t\t\t<\/div>\n\t\t\t\t\t<\/div>\n\t\t<\/div>\n\t\t\t\t\t<\/div>\n\t\t<\/section>\n\t\t\t\t<\/div>\n\t\t","protected":false},"excerpt":{"rendered":"<p>Tarih\u00e7e Lorem Ipsum Nedir? Lorem Ipsum, dizgi ve bask\u0131 end\u00fcstrisinde kullan\u0131lan m\u0131g\u0131r metinlerdir. Lorem Ipsum, ad\u0131 bilinmeyen bir matbaac\u0131n\u0131n bir hurufat numune kitab\u0131 olu\u015fturmak \u00fczere bir yaz\u0131 galerisini alarak kar\u0131\u015ft\u0131rd\u0131\u011f\u0131 1500&#8217;lerden beri end\u00fcstri standard\u0131 sahte metinler olarak kullan\u0131lm\u0131\u015ft\u0131r. Be\u015fy\u00fcz y\u0131l boyunca varl\u0131\u011f\u0131n\u0131 s\u00fcrd\u00fcrmekle kalmam\u0131\u015f, ayn\u0131 zamanda pek de\u011fi\u015fmeden elektronik dizgiye de s\u0131\u00e7ram\u0131\u015ft\u0131r. 1960&#8217;larda Lorem Ipsum [&hellip;]<\/p>\n","protected":false},"author":1,"featured_media":0,"parent":0,"menu_order":0,"comment_status":"closed","ping_status":"closed","template":"","meta":{"footnotes":""},"class_list":["post-5638","page","type-page","status-publish","hentry"],"_links":{"self":[{"href":"https:\/\/atauni.edu.tr\/hidrobiyoloji-anabilim-dali\/wp-json\/wp\/v2\/pages\/5638","targetHints":{"allow":["GET"]}}],"collection":[{"href":"https:\/\/atauni.edu.tr\/hidrobiyoloji-anabilim-dali\/wp-json\/wp\/v2\/pages"}],"about":[{"href":"https:\/\/atauni.edu.tr\/hidrobiyoloji-anabilim-dali\/wp-json\/wp\/v2\/types\/page"}],"author":[{"embeddable":true,"href":"https:\/\/atauni.edu.tr\/hidrobiyoloji-anabilim-dali\/wp-json\/wp\/v2\/users\/1"}],"replies":[{"embeddable":true,"href":"https:\/\/atauni.edu.tr\/hidrobiyoloji-anabilim-dali\/wp-json\/wp\/v2\/comments?post=5638"}],"version-history":[{"count":22,"href":"https:\/\/atauni.edu.tr\/hidrobiyoloji-anabilim-dali\/wp-json\/wp\/v2\/pages\/5638\/revisions"}],"predecessor-version":[{"id":6117,"href":"https:\/\/atauni.edu.tr\/hidrobiyoloji-anabilim-dali\/wp-json\/wp\/v2\/pages\/5638\/revisions\/6117"}],"wp:attachment":[{"href":"https:\/\/atauni.edu.tr\/hidrobiyoloji-anabilim-dali\/wp-json\/wp\/v2\/media?parent=5638"}],"curies":[{"name":"wp","href":"https:\/\/api.w.org\/{rel}","templated":true}]}}