{"id":7262,"date":"2025-08-10T15:33:36","date_gmt":"2025-08-10T12:33:36","guid":{"rendered":"https:\/\/birimler.atauni.edu.tr\/horasan-meslek-yuksekokulu\/?page_id=7262"},"modified":"2025-08-10T15:33:36","modified_gmt":"2025-08-10T12:33:36","slug":"haberler","status":"publish","type":"page","link":"https:\/\/atauni.edu.tr\/horasan-meslek-yuksekokulu\/haberler\/","title":{"rendered":"Haberler"},"content":{"rendered":"<form method=\"get\" class=\"row g-3\" style=\"margin-bottom: 20px;\"><div class=\"col-md-3\"><input type=\"text\" name=\"haber_ara\" class=\"form-control\" placeholder=\"Haber ara...\" value=\"\"><\/div><div class=\"col-md-3\"><input type=\"date\" name=\"baslangic_tarihi\" class=\"form-control\" value=\"\"><\/div><div class=\"col-md-3\"><input type=\"date\" name=\"bitis_tarihi\" class=\"form-control\" value=\"\"><\/div><div class=\"col-md-3\"><button type=\"submit\" class=\"btn btn-secondary w-50\">Filtrele<\/button><\/div><\/form><ul class=\"kategori-yazilari-liste\"><li style=\"display: flex; margin-bottom: 10px; align-items: center;\"><div class=\"post-content\" style=\"flex-grow: 1;\"><span class=\"post-date habertarih\" style=\"display: block; font-weight: bold; margin-bottom: 5px;\">26 Kas\u0131m 2025<\/span><a class=\"haberbaslik\" href=\"https:\/\/atauni.edu.tr\/horasan-meslek-yuksekokulu\/2025\/11\/26\/horasan-kaymakami-yilmazdan-yuksekokulumuza-ziyaret\/\">Horasan Kaymakam\u0131 YILMAZ&#8217;dan Y\u00fcksekokulumuza ziyaret<\/a><\/div><\/li><li style=\"display: flex; margin-bottom: 10px; align-items: center;\"><div class=\"post-content\" style=\"flex-grow: 1;\"><span class=\"post-date habertarih\" style=\"display: block; font-weight: bold; margin-bottom: 5px;\">12 Kas\u0131m 2025<\/span><a class=\"haberbaslik\" href=\"https:\/\/atauni.edu.tr\/horasan-meslek-yuksekokulu\/2025\/11\/12\/ogr-gor-ilknur-gucuyeter-hocamizin-milli-pul-sergisi-basarisi\/\">\u00d6\u011eR. G\u00d6R. \u0130LKNUR G\u00dcC\u00dcYETER HOCAMIZIN M\u0130LL\u0130 PUL SERG\u0130S\u0130 BA\u015eARISI<\/a><\/div><\/li><li style=\"display: flex; margin-bottom: 10px; align-items: center;\"><div class=\"post-content\" style=\"flex-grow: 1;\"><span class=\"post-date habertarih\" style=\"display: block; font-weight: bold; margin-bottom: 5px;\">11 Kas\u0131m 2025<\/span><a class=\"haberbaslik\" href=\"https:\/\/atauni.edu.tr\/horasan-meslek-yuksekokulu\/2025\/11\/11\/horasan-belediye-baskanligina-ziyaret\/\">Horasan Belediye Ba\u015fkanl\u0131\u011f\u0131&#8217;na Ziyaret<\/a><\/div><\/li><li style=\"display: flex; margin-bottom: 10px; align-items: center;\"><div class=\"post-content\" style=\"flex-grow: 1;\"><span class=\"post-date habertarih\" style=\"display: block; font-weight: bold; margin-bottom: 5px;\">9 Ekim 2025<\/span><a class=\"haberbaslik\" href=\"https:\/\/atauni.edu.tr\/horasan-meslek-yuksekokulu\/2025\/10\/09\/rektorumuzden-yuksekokulumuza-ziyaret\/\">REKT\u00d6R\u00dcM\u00dcZDEN Y\u00dcKSEKOKULUMUZA Z\u0130YARET<\/a><\/div><\/li><li style=\"display: flex; margin-bottom: 10px; align-items: center;\"><div class=\"post-content\" style=\"flex-grow: 1;\"><span class=\"post-date habertarih\" style=\"display: block; font-weight: bold; margin-bottom: 5px;\">7 May\u0131s 2025<\/span><a class=\"haberbaslik\" href=\"https:\/\/atauni.edu.tr\/horasan-meslek-yuksekokulu\/2025\/05\/07\/yuksekokulumuzda-2025-yili-yangin-tatbikati-duzenlendi\/\">Y\u00fcksekokulumuzda 2025 Y\u0131l\u0131 Yang\u0131n Tatbikat\u0131 d\u00fczenlendi<\/a><\/div><\/li><li style=\"display: flex; margin-bottom: 10px; align-items: center;\"><div class=\"post-content\" style=\"flex-grow: 1;\"><span class=\"post-date habertarih\" style=\"display: block; font-weight: bold; margin-bottom: 5px;\">22 Nisan 2025<\/span><a class=\"haberbaslik\" href=\"https:\/\/atauni.edu.tr\/horasan-meslek-yuksekokulu\/2025\/04\/22\/horasan-kaymakamligina-ziyaret\/\">Horasan Kaymakaml\u0131\u011f\u0131&#8217;na Ziyaret<\/a><\/div><\/li><li style=\"display: flex; margin-bottom: 10px; align-items: center;\"><div class=\"post-content\" style=\"flex-grow: 1;\"><span class=\"post-date habertarih\" style=\"display: block; font-weight: bold; margin-bottom: 5px;\">18 Nisan 2025<\/span><a class=\"haberbaslik\" href=\"https:\/\/atauni.edu.tr\/horasan-meslek-yuksekokulu\/2025\/04\/18\/rektorumuz-prof-dr-ahmet-hacimuftuoglundan-yuksekokulumuza-ziyaret\/\">REKT\u00d6R\u00dcM\u00dcZ PROF. DR. AHMET HACIM\u00dcFT\u00dcO\u011eLU\u2019NDAN Y\u00dcKSEKOKULUMUZA Z\u0130YARET<\/a><\/div><\/li><\/ul>\n\n\n\n<p><\/p>\n","protected":false},"excerpt":{"rendered":"","protected":false},"author":1,"featured_media":0,"parent":0,"menu_order":0,"comment_status":"closed","ping_status":"closed","template":"","meta":{"footnotes":""},"class_list":["post-7262","page","type-page","status-publish","hentry"],"_links":{"self":[{"href":"https:\/\/atauni.edu.tr\/horasan-meslek-yuksekokulu\/wp-json\/wp\/v2\/pages\/7262","targetHints":{"allow":["GET"]}}],"collection":[{"href":"https:\/\/atauni.edu.tr\/horasan-meslek-yuksekokulu\/wp-json\/wp\/v2\/pages"}],"about":[{"href":"https:\/\/atauni.edu.tr\/horasan-meslek-yuksekokulu\/wp-json\/wp\/v2\/types\/page"}],"author":[{"embeddable":true,"href":"https:\/\/atauni.edu.tr\/horasan-meslek-yuksekokulu\/wp-json\/wp\/v2\/users\/1"}],"replies":[{"embeddable":true,"href":"https:\/\/atauni.edu.tr\/horasan-meslek-yuksekokulu\/wp-json\/wp\/v2\/comments?post=7262"}],"version-history":[{"count":1,"href":"https:\/\/atauni.edu.tr\/horasan-meslek-yuksekokulu\/wp-json\/wp\/v2\/pages\/7262\/revisions"}],"predecessor-version":[{"id":7264,"href":"https:\/\/atauni.edu.tr\/horasan-meslek-yuksekokulu\/wp-json\/wp\/v2\/pages\/7262\/revisions\/7264"}],"wp:attachment":[{"href":"https:\/\/atauni.edu.tr\/horasan-meslek-yuksekokulu\/wp-json\/wp\/v2\/media?parent=7262"}],"curies":[{"name":"wp","href":"https:\/\/api.w.org\/{rel}","templated":true}]}}