{"id":5774,"date":"2021-07-13T13:54:52","date_gmt":"2021-07-13T10:54:52","guid":{"rendered":"https:\/\/portaltest.atauni.edu.tr\/muhendislik-fakultesi\/?page_id=5774"},"modified":"2022-01-27T19:38:08","modified_gmt":"2022-01-27T16:38:08","slug":"tarihce","status":"publish","type":"page","link":"https:\/\/atauni.edu.tr\/hukuk-fakultesi\/tarihce\/","title":{"rendered":"Tarih\u00e7e"},"content":{"rendered":"\t\t<div data-elementor-type=\"wp-page\" data-elementor-id=\"5774\" class=\"elementor elementor-5774\" data-elementor-post-type=\"page\">\n\t\t\t\t\t\t<section class=\"elementor-section elementor-top-section elementor-element elementor-element-46c2cb5d elementor-section-boxed elementor-section-height-default elementor-section-height-default\" data-id=\"46c2cb5d\" data-element_type=\"section\">\n\t\t\t\t\t\t<div class=\"elementor-container elementor-column-gap-default\">\n\t\t\t\t\t<div class=\"elementor-column elementor-col-100 elementor-top-column elementor-element elementor-element-299813e7\" data-id=\"299813e7\" data-element_type=\"column\">\n\t\t\t<div class=\"elementor-widget-wrap elementor-element-populated\">\n\t\t\t\t\t\t<div class=\"elementor-element elementor-element-3ec495a9 elementor-widget elementor-widget-heading\" data-id=\"3ec495a9\" data-element_type=\"widget\" data-widget_type=\"heading.default\">\n\t\t\t\t<div class=\"elementor-widget-container\">\n\t\t\t\t\t<h2 class=\"elementor-heading-title elementor-size-default\">Tarih\u00e7e<\/h2>\t\t\t\t<\/div>\n\t\t\t\t<\/div>\n\t\t\t\t<div class=\"elementor-element elementor-element-2092e3b3 elementor-widget-divider--view-line elementor-widget elementor-widget-divider\" data-id=\"2092e3b3\" data-element_type=\"widget\" data-widget_type=\"divider.default\">\n\t\t\t\t<div class=\"elementor-widget-container\">\n\t\t\t\t\t\t\t<div class=\"elementor-divider\">\n\t\t\t<span class=\"elementor-divider-separator\">\n\t\t\t\t\t\t<\/span>\n\t\t<\/div>\n\t\t\t\t\t\t<\/div>\n\t\t\t\t<\/div>\n\t\t\t\t\t<\/div>\n\t\t<\/div>\n\t\t\t\t\t<\/div>\n\t\t<\/section>\n\t\t\t\t<section class=\"elementor-section elementor-top-section elementor-element elementor-element-a00ea8d elementor-section-boxed elementor-section-height-default elementor-section-height-default\" data-id=\"a00ea8d\" data-element_type=\"section\">\n\t\t\t\t\t\t<div class=\"elementor-container elementor-column-gap-default\">\n\t\t\t\t\t<div class=\"elementor-column elementor-col-100 elementor-top-column elementor-element elementor-element-0ad1be4\" data-id=\"0ad1be4\" data-element_type=\"column\">\n\t\t\t<div class=\"elementor-widget-wrap elementor-element-populated\">\n\t\t\t\t\t\t<div class=\"elementor-element elementor-element-c133bed elementor-widget elementor-widget-text-editor\" data-id=\"c133bed\" data-element_type=\"widget\" data-widget_type=\"text-editor.default\">\n\t\t\t\t<div class=\"elementor-widget-container\">\n\t\t\t\t\t\t\t\t\t<p>Atat\u00fcrk \u00dcniversitesi Hukuk Fak\u00fcltesi 1987 y\u0131l\u0131nda Erzincan\u2019da a\u00e7\u0131lm\u0131\u015f, 1991 y\u0131l\u0131nda&nbsp; e\u011fitim-\u00f6\u011fretime ba\u015flam\u0131\u015ft\u0131r.<\/p>\n<p>2006 y\u0131l\u0131nda Erzincan \u00dcniversitesi\u2019nin a\u00e7\u0131lmas\u0131yla an\u0131lan Fak\u00fclte Erzincan \u00dcniversitesine ba\u011flanm\u0131\u015ft\u0131r.<\/p>\n<p>07.08.2006 tarih ve 2006\/10912 say\u0131l\u0131 Bakanlar Kurulu Karar\u0131 ile Atat\u00fcrk \u00dcniversitesine ba\u011fl\u0131 olarak yeni bir Hukuk Fak\u00fcltesi kurulmas\u0131 kararla\u015ft\u0131r\u0131lm\u0131\u015f ve Fak\u00fcltemiz 2007-2008 e\u011fitim-\u00f6\u011fretim y\u0131l\u0131nda 52 \u00f6\u011frenci ile lisans e\u011fitimine ba\u015flam\u0131\u015ft\u0131r. 10.05.2012 tarihli Y\u00fcksek \u00d6\u011fretim Genel Kurulu`nda ise fak\u00fcltemiz b\u00fcnyesinde ikinci \u00f6\u011fretim program\u0131 a\u00e7\u0131lmas\u0131na karar verilmi\u015ftir.<\/p>\n<div class=\"top-content mt-5 ce\">\n<div class=\"container-fluid p-0\">\n<div id=\"carousel-example\" class=\"carousel slide pointer-event\" data-ride=\"carousel\" data-interval=\"3000\">\n<div class=\"carousel-inner row w-100 mx-auto\" role=\"listbox\">\n<div class=\"carousel-item col-12 col-sm-6 col-md-6 col-lg-6 active\">&nbsp;<\/div>\n<\/div>\n<\/div>\n<\/div>\n<\/div>\t\t\t\t\t\t\t\t<\/div>\n\t\t\t\t<\/div>\n\t\t\t\t\t<\/div>\n\t\t<\/div>\n\t\t\t\t\t<\/div>\n\t\t<\/section>\n\t\t\t\t<\/div>\n\t\t","protected":false},"excerpt":{"rendered":"<p>Tarih\u00e7e Atat\u00fcrk \u00dcniversitesi Hukuk Fak\u00fcltesi 1987 y\u0131l\u0131nda Erzincan\u2019da a\u00e7\u0131lm\u0131\u015f, 1991 y\u0131l\u0131nda&nbsp; e\u011fitim-\u00f6\u011fretime ba\u015flam\u0131\u015ft\u0131r. 2006 y\u0131l\u0131nda Erzincan \u00dcniversitesi\u2019nin a\u00e7\u0131lmas\u0131yla an\u0131lan Fak\u00fclte Erzincan \u00dcniversitesine ba\u011flanm\u0131\u015ft\u0131r. 07.08.2006 tarih ve 2006\/10912 say\u0131l\u0131 Bakanlar Kurulu Karar\u0131 ile Atat\u00fcrk \u00dcniversitesine ba\u011fl\u0131 olarak yeni bir Hukuk Fak\u00fcltesi kurulmas\u0131 kararla\u015ft\u0131r\u0131lm\u0131\u015f ve Fak\u00fcltemiz 2007-2008 e\u011fitim-\u00f6\u011fretim y\u0131l\u0131nda 52 \u00f6\u011frenci ile lisans e\u011fitimine ba\u015flam\u0131\u015ft\u0131r. 10.05.2012 tarihli [&hellip;]<\/p>\n","protected":false},"author":1,"featured_media":0,"parent":0,"menu_order":0,"comment_status":"closed","ping_status":"closed","template":"elementor_header_footer","meta":{"footnotes":""},"class_list":["post-5774","page","type-page","status-publish","hentry"],"_links":{"self":[{"href":"https:\/\/atauni.edu.tr\/hukuk-fakultesi\/wp-json\/wp\/v2\/pages\/5774","targetHints":{"allow":["GET"]}}],"collection":[{"href":"https:\/\/atauni.edu.tr\/hukuk-fakultesi\/wp-json\/wp\/v2\/pages"}],"about":[{"href":"https:\/\/atauni.edu.tr\/hukuk-fakultesi\/wp-json\/wp\/v2\/types\/page"}],"author":[{"embeddable":true,"href":"https:\/\/atauni.edu.tr\/hukuk-fakultesi\/wp-json\/wp\/v2\/users\/1"}],"replies":[{"embeddable":true,"href":"https:\/\/atauni.edu.tr\/hukuk-fakultesi\/wp-json\/wp\/v2\/comments?post=5774"}],"version-history":[{"count":23,"href":"https:\/\/atauni.edu.tr\/hukuk-fakultesi\/wp-json\/wp\/v2\/pages\/5774\/revisions"}],"predecessor-version":[{"id":7059,"href":"https:\/\/atauni.edu.tr\/hukuk-fakultesi\/wp-json\/wp\/v2\/pages\/5774\/revisions\/7059"}],"wp:attachment":[{"href":"https:\/\/atauni.edu.tr\/hukuk-fakultesi\/wp-json\/wp\/v2\/media?parent=5774"}],"curies":[{"name":"wp","href":"https:\/\/api.w.org\/{rel}","templated":true}]}}