{"id":5682,"date":"2021-07-13T10:10:01","date_gmt":"2021-07-13T07:10:01","guid":{"rendered":"https:\/\/portaltest.atauni.edu.tr\/bilgisayar-muhendisligi\/?page_id=5682"},"modified":"2022-09-16T11:11:32","modified_gmt":"2022-09-16T08:11:32","slug":"misyon-vizyon-ve-temel-degerler","status":"publish","type":"page","link":"https:\/\/atauni.edu.tr\/ic-mimarlik-bolumu\/misyon-vizyon-ve-temel-degerler\/","title":{"rendered":"Misyon, Vizyon ve Temel De\u011ferler"},"content":{"rendered":"\t\t<div data-elementor-type=\"wp-page\" data-elementor-id=\"5682\" class=\"elementor elementor-5682\" data-elementor-post-type=\"page\">\n\t\t\t\t\t\t<section class=\"elementor-section elementor-top-section elementor-element elementor-element-9be811a elementor-section-boxed elementor-section-height-default elementor-section-height-default\" data-id=\"9be811a\" data-element_type=\"section\">\n\t\t\t\t\t\t<div class=\"elementor-container elementor-column-gap-default\">\n\t\t\t\t\t<div class=\"elementor-column elementor-col-100 elementor-top-column elementor-element elementor-element-1ed847b7\" data-id=\"1ed847b7\" data-element_type=\"column\">\n\t\t\t<div class=\"elementor-widget-wrap elementor-element-populated\">\n\t\t\t\t\t\t<div class=\"elementor-element elementor-element-4ce0d07f elementor-widget elementor-widget-heading\" data-id=\"4ce0d07f\" data-element_type=\"widget\" data-widget_type=\"heading.default\">\n\t\t\t\t<div class=\"elementor-widget-container\">\n\t\t\t\t\t<h2 class=\"elementor-heading-title elementor-size-default\">Misyon, Vizyon ve Temel De\u011ferler<\/h2>\t\t\t\t<\/div>\n\t\t\t\t<\/div>\n\t\t\t\t<div class=\"elementor-element elementor-element-63260862 elementor-widget-divider--view-line elementor-widget elementor-widget-divider\" data-id=\"63260862\" data-element_type=\"widget\" data-widget_type=\"divider.default\">\n\t\t\t\t<div class=\"elementor-widget-container\">\n\t\t\t\t\t\t\t<div class=\"elementor-divider\">\n\t\t\t<span class=\"elementor-divider-separator\">\n\t\t\t\t\t\t<\/span>\n\t\t<\/div>\n\t\t\t\t\t\t<\/div>\n\t\t\t\t<\/div>\n\t\t\t\t\t<\/div>\n\t\t<\/div>\n\t\t\t\t\t<\/div>\n\t\t<\/section>\n\t\t\t\t<section class=\"elementor-section elementor-top-section elementor-element elementor-element-681db8b elementor-section-boxed elementor-section-height-default elementor-section-height-default\" data-id=\"681db8b\" data-element_type=\"section\">\n\t\t\t\t\t\t<div class=\"elementor-container elementor-column-gap-default\">\n\t\t\t\t\t<div class=\"elementor-column elementor-col-100 elementor-top-column elementor-element elementor-element-ad4dac5\" data-id=\"ad4dac5\" data-element_type=\"column\">\n\t\t\t<div class=\"elementor-widget-wrap elementor-element-populated\">\n\t\t\t\t\t\t<div class=\"elementor-element elementor-element-2f96b3d elementor-widget elementor-widget-text-editor\" data-id=\"2f96b3d\" data-element_type=\"widget\" data-widget_type=\"text-editor.default\">\n\t\t\t\t<div class=\"elementor-widget-container\">\n\t\t\t\t\t\t\t\t\t<p><b><span style=\"font-size:12.0pt;line-height:107%\">Misyon:<\/span><\/b><span style=\"font-size:12.0pt;line-height:107%\"> B\u00f6lgeye ve \u00fclkeye katk\u0131 sa\u011flamak; y\u00fcksek\nteknolojiye dayal\u0131 tasar\u0131m ve inovasyon faaliyetleri ger\u00e7ekle\u015ftirmek; \u00f6rg\u00fcn ve\nuzaktan e\u011fitim yoluyla nitelikli bireyler yeti\u015ftirmek, bilime ve sanata\nevrensel d\u00fczeyde de\u011fer katmakt\u0131r. S\u00fcrd\u00fcr\u00fclebilirlik esaslar\u0131n\u0131n, insan\nergonomisinin ve geli\u015fen d\u00fcnya d\u00fczeni i\u00e7erisinde ya\u015faman\u0131n mekan \u00fczerindeki\netkilerini kavrayabilen, kuramsal-pratik-teknik ve teknolojik bilgi birikimine\nsahip, yeniliklerle kendisini geli\u015ftirebilen, her kullan\u0131c\u0131 ve her mekan i\u00e7in\nyarat\u0131c\u0131 tasar\u0131m \u00e7\u00f6z\u00fcmleri getirebilen, meslek eti\u011fine sahip i\u00e7 mimarlar yeti\u015ftirmektir.<\/span><\/p><p><span style=\"font-size:12.0pt;line-height:107%\">&nbsp;<\/span><b style=\"letter-spacing: 0px\"><span style=\"font-size:12.0pt;line-height:107%\">B\u00f6l\u00fcm\u00fcn E\u011fitim\nMisyonu:<\/span><\/b><\/p><p><span style=\"font-size:12.0pt;line-height:107%\">\u00b7 E\u011fitim-\u00f6\u011fretiminde, \u00f6\u011frencilerin en\ngeni\u015f anlamda tasar\u0131m s\u00fcre\u00e7lerini teknolojik geli\u015fmelere ve s\u00fcrekli de\u011fi\u015fen\nkullan\u0131c\u0131 ihtiya\u00e7lar\u0131na uyarlayabilen, tasar\u0131mlar\u0131n\u0131 teknolojik ortamlarda\netkin \u015fekilde sunabilen bilgi ve beceriler geli\u015ftirmelerine olanak tan\u0131yan\nortam\u0131 sa\u011flamak,<\/span><\/p><p><span style=\"font-size:12.0pt;line-height:107%\">\u00b7 Benzeri b\u00f6l\u00fcmlerle lisans ve\nlisans\u00fcst\u00fc d\u00fczeyinde kar\u015f\u0131l\u0131kl\u0131 bilgi de\u011fi\u015fimi esas\u0131na dayal\u0131 ili\u015fki kurmak,\ns\u00fcreklili\u011fi sa\u011flamak, geli\u015ftirmek, <\/span><\/p><p><span style=\"font-size:12.0pt;line-height:107%\">\u00b7 Ulusal ve uluslararas\u0131 akademik ve\npiyasa \u00e7al\u0131\u015fanlar\u0131 ile ileti\u015fim i\u00e7inde olmak, bunun ortamlar\u0131n\u0131 haz\u0131rlamak,<\/span><\/p><p><span style=\"font-size:12.0pt;line-height:107%\">\u00b7 Planlama alan\u0131nda b\u00f6lge ve b\u00f6lge\nkentlerine ili\u015fkin payla\u015f\u0131labilir bir veri bankas\u0131 olu\u015fturmakt\u0131r. Do\u011fu Anadolu\nB\u00f6lgesinde h\u00fck\u00fcm s\u00fcren so\u011fuk iklimin etkisiyle zamanlar\u0131n\u0131n \u00e7o\u011funu zorunlu\nolarak i\u00e7 mekanlarda ge\u00e7iren kullan\u0131c\u0131lar i\u00e7in i\u015flevsel, estetik mekan\ntasar\u0131mlar\u0131n\u0131n yap\u0131lmas\u0131n\u0131n \u00f6nemini kamu i\u015f birlikleri ve mezun olan\nprofosyonel i\u00e7 mimarlar ile b\u00f6lge kapsam\u0131nda yayg\u0131nla\u015ft\u0131rmak, <\/span><\/p><p><span style=\"font-size:12.0pt;line-height:107%\">\u00b7 K\u0131\u015f iklimine uygun i\u00e7 mekan\ntasar\u0131mlar\u0131 i\u00e7in kullan\u0131c\u0131 ihtiya\u00e7lar\u0131 ve istekleri, gerekli teknik ko\u015fullar\u0131n\nara\u015ft\u0131r\u0131lmas\u0131, incelenmesi, \u00f6neriler geli\u015ftirilmesi ile ulusal anlamda k\u0131\u015f\niklimine y\u00f6nelik i\u00e7 mekanda akademik \u00e7al\u0131\u015fmalar\u0131n \u00fcstlenmek ve geli\u015ftirmek.<\/span><\/p><p><span style=\"font-size:12.0pt;line-height:107%\">&nbsp;<\/span><b style=\"letter-spacing: 0px\"><span style=\"font-size:12.0pt;line-height:107%\">Vizyon:<\/span><\/b><span style=\"letter-spacing: 0px;font-size: 12pt;line-height: 107%\"> \u0130\u00e7 mimarl\u0131k b\u00f6l\u00fcm vizyonu, kendisini s\u00fcrekli\ngeli\u015ftirdi\u011fi gibi b\u00f6lgesindeki d\u00f6n\u00fc\u015f\u00fcmlerde de \u201cad\u0131 gibi \u00f6nc\u00fc\u201d ve yeni nesil\nbir d\u00fcnya \u00fcniversitesi kapsam\u0131nda yeni nesil i\u00e7 mimarl\u0131k e\u011fitimi yapmak olarak\nbelirlenmi\u015ftir. Ayr\u0131ca Atat\u00fcrk \u00dcniversitesi\u2019nin, Birle\u015fmi\u015f Milletlerin\nS\u00fcrd\u00fcr\u00fclebilir Kalk\u0131nma Hedefleri kapsam\u0131nda yer alan; sa\u011fl\u0131kl\u0131 ve kaliteli\nya\u015fam, nitelikli e\u011fitim, sorumlu \u00fcretim ve t\u00fcketim, s\u00fcrd\u00fcr\u00fclebilir \u015fehirler ve\ntopluluklar ba\u015fl\u0131klar\u0131 \u0130\u00e7 Mimarl\u0131k B\u00f6l\u00fcm\u00fc olarak \u00f6ncelikli hedeflerimiz\naras\u0131nda yer almaktad\u0131r.<\/span><\/p><p><span style=\"font-size:12.0pt;line-height:107%\">\u0130\u00e7 Mimarl\u0131k B\u00f6l\u00fcm\u00fcn\u00fcn mevcut \u00f6\u011fretim\n\u00fcyeleri ve elemanlar\u0131 ve mezun edilecek donan\u0131ml\u0131 i\u00e7 mimarlar sayesinde\nyerle\u015fkede, kentte, b\u00f6lgede ve \u00fclkede ihtiya\u00e7 duyulan mekanlar\u0131n kullan\u0131c\u0131\nodakl\u0131 tasar\u0131mlar\u0131 ile sa\u011fl\u0131kl\u0131 ve kaliteli ya\u015fam hedefini desteklemek\nama\u00e7lanm\u0131\u015ft\u0131r. Program kapsam\u0131nda detayl\u0131 \u00e7al\u0131\u015fmalar ve ara\u015ft\u0131rmalar sonucunda\ngen\u00e7, dinamik ve yeniliklere a\u00e7\u0131k akademik kadrosuyla nitelikli e\u011fitim\nkapsam\u0131nda hedeflere destek verilecektir. <\/span><\/p><p><span style=\"font-size:12.0pt;line-height:107%\">Enerjinin etkin ve verimli kullan\u0131m\u0131\ni\u00e7in teknolojik geli\u015fmeler \u0131\u015f\u0131\u011f\u0131nda gerekli sistem \u00e7\u00f6z\u00fcmlerinin, \u00f6nerilerinin\nve tasar\u0131m gerekliliklerinin uzman i\u00e7 mimar taraf\u0131ndan ger\u00e7ekle\u015ftirilmesi ile\nsorumlu \u00fcretim ve t\u00fcketim, s\u00fcrd\u00fcr\u00fclebilir \u015fehirler ve toplum hedeflerinin mekan\nboyutunu kapsamaktad\u0131r.<\/span><\/p><p><span style=\"font-size:12.0pt;line-height:107%\">&nbsp;<\/span><\/p><p><span style=\"font-size:12.0pt;line-height:107%\">B\u00f6l\u00fcm\u00fcm\u00fcz\u00fcn uzun d\u00f6nemde eri\u015fmek\nistedi\u011fi hedefler;<\/span><\/p><p><span style=\"font-size:12.0pt;line-height:107%\">* Ara\u015ft\u0131rma, e\u011fitim ve uygulama\ns\u00fcrecini bir b\u00fct\u00fcn olarak ele alan bir nitelikli e\u011fitim,<\/span><\/p><p><span style=\"font-size:12.0pt;line-height:107%\">* Uluslararas\u0131 i\u00e7 mimarl\u0131k \u00f6l\u00e7\u00fctlerini\nkar\u015f\u0131layan bir e\u011fitim program\u0131, \u00f6\u011frenci ve mezunlar\u0131n etkile\u015fimini, bilgi\nal\u0131\u015fveri\u015fini sa\u011flayan bir e\u011fitim ortam\u0131, b\u00f6l\u00fcm i\u00e7erisinde \u00f6\u011frenciye sa\u011flanan\nolanaklar, \u00f6\u011frenci sorunlar\u0131n\u0131 tan\u0131mlama ve \u00e7\u00f6zmeye y\u00f6nelik projelerin te\u015fviki,\nulusal-uluslararas\u0131 sosyal ve akademik ili\u015fki ortamlar\u0131 olu\u015fturulmas\u0131,<\/span><\/p><p>\n\n\n\n\n\n\n\n\n\n\n\n\n\n\n\n\n\n\n\n\n\n\n\n\n\n\n\n\n\n\n\n<\/p><p><span style=\"font-size:12.0pt;line-height:107%\">* Ulusal ve uluslararas\u0131\ne\u011fitim-\u00f6\u011fretim a\u011f\u0131nda b\u00f6lgeyi temsil edecek etkin bir \u00fcye olmak; \u00f6zellikle\nakademisyen ve \u00f6\u011frenci transferleri yoluyla d\u0131\u015fa a\u00e7\u0131lmakt\u0131r.<\/span><\/p>\t\t\t\t\t\t\t\t<\/div>\n\t\t\t\t<\/div>\n\t\t\t\t\t<\/div>\n\t\t<\/div>\n\t\t\t\t\t<\/div>\n\t\t<\/section>\n\t\t\t\t<\/div>\n\t\t","protected":false},"excerpt":{"rendered":"<p>Misyon, Vizyon ve Temel De\u011ferler Misyon: B\u00f6lgeye ve \u00fclkeye katk\u0131 sa\u011flamak; y\u00fcksek teknolojiye dayal\u0131 tasar\u0131m ve inovasyon faaliyetleri ger\u00e7ekle\u015ftirmek; \u00f6rg\u00fcn ve uzaktan e\u011fitim yoluyla nitelikli bireyler yeti\u015ftirmek, bilime ve sanata evrensel d\u00fczeyde de\u011fer katmakt\u0131r. S\u00fcrd\u00fcr\u00fclebilirlik esaslar\u0131n\u0131n, insan ergonomisinin ve geli\u015fen d\u00fcnya d\u00fczeni i\u00e7erisinde ya\u015faman\u0131n mekan \u00fczerindeki etkilerini kavrayabilen, kuramsal-pratik-teknik ve teknolojik bilgi birikimine sahip, yeniliklerle [&hellip;]<\/p>\n","protected":false},"author":1,"featured_media":0,"parent":0,"menu_order":0,"comment_status":"closed","ping_status":"closed","template":"elementor_header_footer","meta":{"footnotes":""},"class_list":["post-5682","page","type-page","status-publish","hentry"],"_links":{"self":[{"href":"https:\/\/atauni.edu.tr\/ic-mimarlik-bolumu\/wp-json\/wp\/v2\/pages\/5682","targetHints":{"allow":["GET"]}}],"collection":[{"href":"https:\/\/atauni.edu.tr\/ic-mimarlik-bolumu\/wp-json\/wp\/v2\/pages"}],"about":[{"href":"https:\/\/atauni.edu.tr\/ic-mimarlik-bolumu\/wp-json\/wp\/v2\/types\/page"}],"author":[{"embeddable":true,"href":"https:\/\/atauni.edu.tr\/ic-mimarlik-bolumu\/wp-json\/wp\/v2\/users\/1"}],"replies":[{"embeddable":true,"href":"https:\/\/atauni.edu.tr\/ic-mimarlik-bolumu\/wp-json\/wp\/v2\/comments?post=5682"}],"version-history":[{"count":15,"href":"https:\/\/atauni.edu.tr\/ic-mimarlik-bolumu\/wp-json\/wp\/v2\/pages\/5682\/revisions"}],"predecessor-version":[{"id":6374,"href":"https:\/\/atauni.edu.tr\/ic-mimarlik-bolumu\/wp-json\/wp\/v2\/pages\/5682\/revisions\/6374"}],"wp:attachment":[{"href":"https:\/\/atauni.edu.tr\/ic-mimarlik-bolumu\/wp-json\/wp\/v2\/media?parent=5682"}],"curies":[{"name":"wp","href":"https:\/\/api.w.org\/{rel}","templated":true}]}}