{"id":6229,"date":"2025-01-17T14:30:44","date_gmt":"2025-01-17T11:30:44","guid":{"rendered":"https:\/\/birimler.atauni.edu.tr\/iklim-degisikligi-koordinatorlugu\/?page_id=6229"},"modified":"2025-01-17T14:43:53","modified_gmt":"2025-01-17T11:43:53","slug":"faaliyet-alanlari","status":"publish","type":"page","link":"https:\/\/atauni.edu.tr\/iklim-degisikligi-koordinatorlugu\/faaliyet-alanlari\/","title":{"rendered":"Faaliyet Alanlar\u0131"},"content":{"rendered":"\t\t<div data-elementor-type=\"wp-page\" data-elementor-id=\"6229\" class=\"elementor elementor-6229\" data-elementor-post-type=\"page\">\n\t\t\t\t\t\t<section class=\"elementor-section elementor-top-section elementor-element elementor-element-57969fb5 elementor-section-boxed elementor-section-height-default elementor-section-height-default\" data-id=\"57969fb5\" data-element_type=\"section\">\n\t\t\t\t\t\t<div class=\"elementor-container elementor-column-gap-default\">\n\t\t\t\t\t<div class=\"elementor-column elementor-col-100 elementor-top-column elementor-element elementor-element-10094b52\" data-id=\"10094b52\" data-element_type=\"column\">\n\t\t\t<div class=\"elementor-widget-wrap elementor-element-populated\">\n\t\t\t\t\t\t<div class=\"elementor-element elementor-element-03945b1 elementor-widget-divider--view-line elementor-widget elementor-widget-divider\" data-id=\"03945b1\" data-element_type=\"widget\" data-widget_type=\"divider.default\">\n\t\t\t\t<div class=\"elementor-widget-container\">\n\t\t\t\t\t\t\t<div class=\"elementor-divider\">\n\t\t\t<span class=\"elementor-divider-separator\">\n\t\t\t\t\t\t<\/span>\n\t\t<\/div>\n\t\t\t\t\t\t<\/div>\n\t\t\t\t<\/div>\n\t\t\t\t<div class=\"elementor-element elementor-element-355da4eb elementor-widget elementor-widget-text-editor\" data-id=\"355da4eb\" data-element_type=\"widget\" data-widget_type=\"text-editor.default\">\n\t\t\t\t<div class=\"elementor-widget-container\">\n\t\t\t\t\t\t\t\t\t\n<p>a) \u0130klim de\u011fi\u015fikli\u011fi ile ilgili faaliyetleri ve \u00e7al\u0131\u015fmalar\u0131 desteklemek<\/p>\n\n<p>b) \u0130klim de\u011fi\u015fikli\u011fi konular\u0131nda \u00e7al\u0131\u015fan yurti\u00e7i ve yurtd\u0131\u015f\u0131 kamu ve \u00f6zel kurum ve kurulu\u015flar ile i\u015f birli\u011fi yapmak ve akademik organizasyonlara\u00a0dahil\u00a0olmak<\/p>\n\n<p>c) \u0130klim de\u011fi\u015fikli\u011fi konular\u0131 ile ilgili ekonomik, sosyal ve \u00e7evresel yeni yakla\u015f\u0131mlar\u0131 ara\u015ft\u0131rmak ve \u00dcniversitenin bu kapsamdaki s\u00fcre\u00e7lerini geli\u015ftirmek, koordinat\u00f6rl\u00fck stratejilerinin ve politikalar\u0131n\u0131n g\u00fcncellenmesini sa\u011flamak<\/p>\n\n<p>\u00e7) Faaliyet alanlar\u0131na ili\u015fkin konferans, kongre ve bilimsel toplant\u0131lar,\u00a0\u00e7al\u0131\u015ftaylar\u00a0ve e\u011fitim faaliyetleri d\u00fczenlemek<\/p>\n\n<p>d) \u0130klim de\u011fi\u015fikli\u011fi ve \u00e7evre sorunlar\u0131 konular\u0131nda bilimsel g\u00f6r\u00fc\u015f vermek, raporlar haz\u0131rlamak ve toplumdaki ilgi ve\u00a0fark\u0131ndal\u0131\u011f\u0131\u00a0art\u0131racak \u00e7al\u0131\u015fmalar yapmak<\/p>\n\n<p>e) Koordinat\u00f6rl\u00fc\u011f\u00fcn amac\u0131 do\u011frultusunda Rekt\u00f6rl\u00fc\u011fe sunulmak \u00fczere rapor haz\u0131rlamak<\/p>\n\n<p>f) \u0130klim de\u011fi\u015fikli\u011fine y\u00f6nelik \u00e7al\u0131\u015fmalar yapmak ve \u00f6nerilerde bulunmak<\/p>\n\n<p>g) Koordinat\u00f6rl\u00fc\u011f\u00fcn faaliyetleri kapsam\u0131nda i\u00e7 ve d\u0131\u015f payda\u015flarla i\u015f birli\u011fi yapmak ve bu i\u015f birli\u011finin etkilerini de\u011ferlendirmek<\/p>\n\n<p>\u011f) Koordinat\u00f6rl\u00fc\u011f\u00fcn faaliyet alan\u0131 ile ilgili konularda kurum i\u00e7i ve kurum d\u0131\u015f\u0131 birimlere dan\u0131\u015fmanl\u0131k hizmeti vermek<\/p>\n\n<p>h) Koordinat\u00f6rl\u00fc\u011f\u00fcn ama\u00e7lar\u0131na uygun di\u011fer \u00e7al\u0131\u015fmalar\u0131 yapmak ve y\u00fcr\u00fctmektir<\/p>\n\n<p>\u00a0<\/p>\n\t\t\t\t\t\t\t\t<\/div>\n\t\t\t\t<\/div>\n\t\t\t\t\t<\/div>\n\t\t<\/div>\n\t\t\t\t\t<\/div>\n\t\t<\/section>\n\t\t\t\t<section class=\"elementor-section elementor-top-section elementor-element elementor-element-b8f8e14 elementor-section-boxed elementor-section-height-default elementor-section-height-default\" data-id=\"b8f8e14\" data-element_type=\"section\">\n\t\t\t\t\t\t<div class=\"elementor-container elementor-column-gap-default\">\n\t\t\t\t\t<div class=\"elementor-column elementor-col-100 elementor-top-column elementor-element elementor-element-9d9508c\" data-id=\"9d9508c\" data-element_type=\"column\">\n\t\t\t<div class=\"elementor-widget-wrap\">\n\t\t\t\t\t\t\t<\/div>\n\t\t<\/div>\n\t\t\t\t\t<\/div>\n\t\t<\/section>\n\t\t\t\t<section class=\"elementor-section elementor-top-section elementor-element elementor-element-1b84e69 elementor-section-boxed elementor-section-height-default elementor-section-height-default\" data-id=\"1b84e69\" data-element_type=\"section\">\n\t\t\t\t\t\t<div class=\"elementor-container elementor-column-gap-default\">\n\t\t\t\t\t<div class=\"elementor-column elementor-col-100 elementor-top-column elementor-element elementor-element-dde5a69\" data-id=\"dde5a69\" data-element_type=\"column\">\n\t\t\t<div class=\"elementor-widget-wrap elementor-element-populated\">\n\t\t\t\t\t\t<section class=\"elementor-section elementor-inner-section elementor-element elementor-element-204f915 elementor-section-boxed elementor-section-height-default elementor-section-height-default\" data-id=\"204f915\" data-element_type=\"section\">\n\t\t\t\t\t\t<div class=\"elementor-container elementor-column-gap-default\">\n\t\t\t\t\t<div class=\"elementor-column elementor-col-50 elementor-inner-column elementor-element elementor-element-12b80cc\" data-id=\"12b80cc\" data-element_type=\"column\">\n\t\t\t<div class=\"elementor-widget-wrap\">\n\t\t\t\t\t\t\t<\/div>\n\t\t<\/div>\n\t\t\t\t<div class=\"elementor-column elementor-col-50 elementor-inner-column elementor-element elementor-element-e2fff01\" data-id=\"e2fff01\" data-element_type=\"column\">\n\t\t\t<div class=\"elementor-widget-wrap\">\n\t\t\t\t\t\t\t<\/div>\n\t\t<\/div>\n\t\t\t\t\t<\/div>\n\t\t<\/section>\n\t\t\t\t<section class=\"elementor-section elementor-inner-section elementor-element elementor-element-6bf801b elementor-section-boxed elementor-section-height-default elementor-section-height-default\" data-id=\"6bf801b\" data-element_type=\"section\">\n\t\t\t\t\t\t<div class=\"elementor-container elementor-column-gap-default\">\n\t\t\t\t\t<div class=\"elementor-column elementor-col-50 elementor-inner-column elementor-element elementor-element-f994117\" data-id=\"f994117\" data-element_type=\"column\">\n\t\t\t<div class=\"elementor-widget-wrap\">\n\t\t\t\t\t\t\t<\/div>\n\t\t<\/div>\n\t\t\t\t<div class=\"elementor-column elementor-col-50 elementor-inner-column elementor-element elementor-element-5c21010\" data-id=\"5c21010\" data-element_type=\"column\">\n\t\t\t<div class=\"elementor-widget-wrap\">\n\t\t\t\t\t\t\t<\/div>\n\t\t<\/div>\n\t\t\t\t\t<\/div>\n\t\t<\/section>\n\t\t\t\t\t<\/div>\n\t\t<\/div>\n\t\t\t\t\t<\/div>\n\t\t<\/section>\n\t\t\t\t<section class=\"elementor-section elementor-top-section elementor-element elementor-element-3c918e4 elementor-section-boxed elementor-section-height-default elementor-section-height-default\" data-id=\"3c918e4\" data-element_type=\"section\">\n\t\t\t\t\t\t<div class=\"elementor-container elementor-column-gap-default\">\n\t\t\t\t\t<div class=\"elementor-column elementor-col-100 elementor-top-column elementor-element elementor-element-4e9f870\" data-id=\"4e9f870\" data-element_type=\"column\">\n\t\t\t<div class=\"elementor-widget-wrap\">\n\t\t\t\t\t\t\t<\/div>\n\t\t<\/div>\n\t\t\t\t\t<\/div>\n\t\t<\/section>\n\t\t\t\t<section class=\"elementor-section elementor-top-section elementor-element elementor-element-38878df elementor-section-boxed elementor-section-height-default elementor-section-height-default\" data-id=\"38878df\" data-element_type=\"section\">\n\t\t\t\t\t\t<div class=\"elementor-container elementor-column-gap-default\">\n\t\t\t\t\t<div class=\"elementor-column elementor-col-100 elementor-top-column elementor-element elementor-element-e2468c3\" data-id=\"e2468c3\" data-element_type=\"column\">\n\t\t\t<div class=\"elementor-widget-wrap\">\n\t\t\t\t\t\t\t<\/div>\n\t\t<\/div>\n\t\t\t\t\t<\/div>\n\t\t<\/section>\n\t\t\t\t<section class=\"elementor-section elementor-top-section elementor-element elementor-element-6d806ea elementor-section-boxed elementor-section-height-default elementor-section-height-default\" data-id=\"6d806ea\" data-element_type=\"section\">\n\t\t\t\t\t\t<div class=\"elementor-container elementor-column-gap-default\">\n\t\t\t\t\t<div class=\"elementor-column elementor-col-100 elementor-top-column elementor-element elementor-element-f5a510b\" data-id=\"f5a510b\" data-element_type=\"column\">\n\t\t\t<div class=\"elementor-widget-wrap\">\n\t\t\t\t\t\t\t<\/div>\n\t\t<\/div>\n\t\t\t\t\t<\/div>\n\t\t<\/section>\n\t\t\t\t<\/div>\n\t\t","protected":false},"excerpt":{"rendered":"<p>a) \u0130klim de\u011fi\u015fikli\u011fi ile ilgili faaliyetleri ve \u00e7al\u0131\u015fmalar\u0131 desteklemek b) \u0130klim de\u011fi\u015fikli\u011fi konular\u0131nda \u00e7al\u0131\u015fan yurti\u00e7i ve yurtd\u0131\u015f\u0131 kamu ve \u00f6zel kurum ve kurulu\u015flar ile i\u015f birli\u011fi yapmak ve akademik organizasyonlara\u00a0dahil\u00a0olmak c) \u0130klim de\u011fi\u015fikli\u011fi konular\u0131 ile ilgili ekonomik, sosyal ve \u00e7evresel yeni yakla\u015f\u0131mlar\u0131 ara\u015ft\u0131rmak ve \u00dcniversitenin bu kapsamdaki s\u00fcre\u00e7lerini geli\u015ftirmek, koordinat\u00f6rl\u00fck stratejilerinin ve politikalar\u0131n\u0131n g\u00fcncellenmesini sa\u011flamak [&hellip;]<\/p>\n","protected":false},"author":637,"featured_media":0,"parent":0,"menu_order":0,"comment_status":"closed","ping_status":"closed","template":"","meta":{"footnotes":""},"class_list":["post-6229","page","type-page","status-publish","hentry"],"_links":{"self":[{"href":"https:\/\/atauni.edu.tr\/iklim-degisikligi-koordinatorlugu\/wp-json\/wp\/v2\/pages\/6229","targetHints":{"allow":["GET"]}}],"collection":[{"href":"https:\/\/atauni.edu.tr\/iklim-degisikligi-koordinatorlugu\/wp-json\/wp\/v2\/pages"}],"about":[{"href":"https:\/\/atauni.edu.tr\/iklim-degisikligi-koordinatorlugu\/wp-json\/wp\/v2\/types\/page"}],"author":[{"embeddable":true,"href":"https:\/\/atauni.edu.tr\/iklim-degisikligi-koordinatorlugu\/wp-json\/wp\/v2\/users\/637"}],"replies":[{"embeddable":true,"href":"https:\/\/atauni.edu.tr\/iklim-degisikligi-koordinatorlugu\/wp-json\/wp\/v2\/comments?post=6229"}],"version-history":[{"count":6,"href":"https:\/\/atauni.edu.tr\/iklim-degisikligi-koordinatorlugu\/wp-json\/wp\/v2\/pages\/6229\/revisions"}],"predecessor-version":[{"id":6240,"href":"https:\/\/atauni.edu.tr\/iklim-degisikligi-koordinatorlugu\/wp-json\/wp\/v2\/pages\/6229\/revisions\/6240"}],"wp:attachment":[{"href":"https:\/\/atauni.edu.tr\/iklim-degisikligi-koordinatorlugu\/wp-json\/wp\/v2\/media?parent=6229"}],"curies":[{"name":"wp","href":"https:\/\/api.w.org\/{rel}","templated":true}]}}