{"id":6587,"date":"2025-04-24T03:43:01","date_gmt":"2025-04-24T00:43:01","guid":{"rendered":"https:\/\/birimler.atauni.edu.tr\/iklim-degisikligi-koordinatorlugu\/?page_id=6587"},"modified":"2026-01-15T13:02:02","modified_gmt":"2026-01-15T10:02:02","slug":"kordinasyon-kurulu","status":"publish","type":"page","link":"https:\/\/atauni.edu.tr\/iklim-degisikligi-koordinatorlugu\/kordinasyon-kurulu\/","title":{"rendered":"Koordinasyon Kurulu"},"content":{"rendered":"\t\t<div data-elementor-type=\"wp-page\" data-elementor-id=\"6587\" class=\"elementor elementor-6587\" data-elementor-post-type=\"page\">\n\t\t\t\t\t\t<section class=\"elementor-section elementor-top-section elementor-element elementor-element-9176d7a elementor-section-full_width elementor-section-height-default elementor-section-height-default\" data-id=\"9176d7a\" data-element_type=\"section\">\n\t\t\t\t\t\t<div class=\"elementor-container elementor-column-gap-default\">\n\t\t\t\t\t<div class=\"elementor-column elementor-col-100 elementor-top-column elementor-element elementor-element-d27e70d\" data-id=\"d27e70d\" data-element_type=\"column\">\n\t\t\t<div class=\"elementor-widget-wrap elementor-element-populated\">\n\t\t\t\t\t\t<div class=\"elementor-element elementor-element-dfb6c3b elementor-widget__width-initial elementor-widget elementor-widget-accordion\" data-id=\"dfb6c3b\" data-element_type=\"widget\" data-widget_type=\"accordion.default\">\n\t\t\t\t<div class=\"elementor-widget-container\">\n\t\t\t\t\t\t\t<div class=\"elementor-accordion\">\n\t\t\t\t\t\t\t<div class=\"elementor-accordion-item\">\n\t\t\t\t\t<div id=\"elementor-tab-title-2341\" class=\"elementor-tab-title\" data-tab=\"1\" role=\"button\" aria-controls=\"elementor-tab-content-2341\" aria-expanded=\"false\">\n\t\t\t\t\t\t\t\t\t\t\t\t\t<span class=\"elementor-accordion-icon elementor-accordion-icon-left\" aria-hidden=\"true\">\n\t\t\t\t\t\t\t\t\t\t\t\t\t\t\t<span class=\"elementor-accordion-icon-closed\"><i class=\"fas fa-chevron-right\"><\/i><\/span>\n\t\t\t\t\t\t\t\t<span class=\"elementor-accordion-icon-opened\"><i class=\"fas fa-chevron-down\"><\/i><\/span>\n\t\t\t\t\t\t\t\t\t\t\t\t\t\t<\/span>\n\t\t\t\t\t\t\t\t\t\t\t\t<a class=\"elementor-accordion-title\" tabindex=\"0\">Birim Koordinat\u00f6r\u00fc <\/a>\n\t\t\t\t\t<\/div>\n\t\t\t\t\t<div id=\"elementor-tab-content-2341\" class=\"elementor-tab-content elementor-clearfix\" data-tab=\"1\" role=\"region\" aria-labelledby=\"elementor-tab-title-2341\"><p><img fetchpriority=\"high\" decoding=\"async\" class=\" wp-image-6614 alignleft\" src=\"https:\/\/birimler.atauni.edu.tr\/iklim-degisikligi-koordinatorlugu\/wp-content\/uploads\/sites\/789\/2025\/04\/resizer.png\" alt=\"\" width=\"205\" height=\"248\" \/><strong>Prof. Dr. Zeynep Eren<\/strong><\/p><p><span style=\"color: #000000\">\u00c7evre Teknolojileri Ana Bilim Dal\u0131<\/span><\/p><p>E-Posta\u00a0 \u00a0 \u00a0 \u00a0 \u00a0 \u00a0 \u00a0 \u00a0 \u00a0 \u00a0 \u00a0 :\u00a0 \u00a0 \u00a0zeren@atauni.edu.tr<\/p><p>Profil\u00a0 \u00a0 \u00a0 \u00a0 \u00a0 \u00a0 \u00a0 \u00a0 \u00a0 \u00a0 \u00a0 \u00a0 \u00a0 :\u00a0 \u00a0 \u00a0<a href=\"https:\/\/avesis.atauni.edu.tr\/zeren\">https:\/\/avesis.atauni.edu.tr\/zeren<\/a><\/p><p>Telefon\u00a0 \u00a0 \u00a0 \u00a0 \u00a0 \u00a0 \u00a0 \u00a0 \u00a0 \u00a0 \u00a0 \u00a0:\u00a0 \u00a0 +90 442 321 (4606)\u00a0<\/p><p><strong style=\"font-size: 1rem;letter-spacing: 0px\">\u00a0<\/strong><span style=\"color: #000000\"><strong style=\"font-size: 1rem;letter-spacing: 0px\">E\u011fitim<\/strong><\/span><\/p><hr \/><ul><li>Doktora, Atat\u00fcrk \u00dcniversitesi, \u00c7evre M\u00fchendisli\u011fi (Yl) (Tezli), 2009<\/li><li>Y\u00fcksek Lisans, Atat\u00fcrk \u00dcniversitesi, \u00c7evre M\u00fchendisli\u011fi (Yl) (Tezli), 2002<\/li><li>Lisans, Atat\u00fcrk \u00dcniversitesi, \u00c7evre M\u00fchendisli\u011fi B\u00f6l\u00fcm\u00fc, 1998<\/li><\/ul><\/div>\n\t\t\t\t<\/div>\n\t\t\t\t\t\t\t<div class=\"elementor-accordion-item\">\n\t\t\t\t\t<div id=\"elementor-tab-title-2342\" class=\"elementor-tab-title\" data-tab=\"2\" role=\"button\" aria-controls=\"elementor-tab-content-2342\" aria-expanded=\"false\">\n\t\t\t\t\t\t\t\t\t\t\t\t\t<span class=\"elementor-accordion-icon elementor-accordion-icon-left\" aria-hidden=\"true\">\n\t\t\t\t\t\t\t\t\t\t\t\t\t\t\t<span class=\"elementor-accordion-icon-closed\"><i class=\"fas fa-chevron-right\"><\/i><\/span>\n\t\t\t\t\t\t\t\t<span class=\"elementor-accordion-icon-opened\"><i class=\"fas fa-chevron-down\"><\/i><\/span>\n\t\t\t\t\t\t\t\t\t\t\t\t\t\t<\/span>\n\t\t\t\t\t\t\t\t\t\t\t\t<a class=\"elementor-accordion-title\" tabindex=\"0\">Koordinat\u00f6r Yard\u0131mc\u0131s\u0131<\/a>\n\t\t\t\t\t<\/div>\n\t\t\t\t\t<div id=\"elementor-tab-content-2342\" class=\"elementor-tab-content elementor-clearfix\" data-tab=\"2\" role=\"region\" aria-labelledby=\"elementor-tab-title-2342\"><p><img decoding=\"async\" class=\"alignleft wp-image-6263\" src=\"https:\/\/birimler.atauni.edu.tr\/iklim-degisikligi-koordinatorlugu\/wp-content\/uploads\/sites\/789\/2025\/03\/YUSUF.png\" alt=\"\" width=\"205\" height=\"247\" \/><strong>Prof. Dr. Yusuf K\u0131z\u0131lkan<\/strong><\/p><p>Be\u015feri Ve \u0130ktisadi Co\u011frafya Anabilim Dal\u0131<\/p><p>E-Posta\u00a0 \u00a0 \u00a0 \u00a0 \u00a0 \u00a0 \u00a0 \u00a0 \u00a0 \u00a0 :\u00a0 \u00a0 yusuf.kizilkan@atauni.edu.tr<\/p><p>Profil\u00a0 \u00a0 \u00a0 \u00a0 \u00a0 \u00a0 \u00a0 \u00a0 \u00a0 \u00a0 \u00a0 \u00a0 :\u00a0 \u00a0 \u00a0<a href=\"https:\/\/avesis.atauni.edu.tr\/yusuf.kizilkan\">https:\/\/avesis.atauni.edu.tr\/yusuf.kizilkan<\/a><\/p><p>Telefon\u00a0 \u00a0 \u00a0 \u00a0 \u00a0 \u00a0 \u00a0 \u00a0 \u00a0 \u00a0 \u00a0:\u00a0 \u00a0+90 442 231 (8224)<\/p><p><strong>E\u011fitim<\/strong><\/p><hr \/><ul><li>Doktora,Atat\u00fcrk \u00dcniversitesi, Sosyal Bilimler Enstit\u00fcs\u00fc, Co\u011frafya Anabilim Dal\u0131, T\u00fcrkiye, 2021<\/li><li>Y\u00fcksek Lisans, Atat\u00fcrk \u00dcniversitesi, Sosyal Bilimler Enstit\u00fcs\u00fc, Co\u011frafya Anabilim Dal\u0131, T\u00fcrkiye, 2017<\/li><li>Lisans, Atat\u00fcrk \u00dcniversitesi, Edebiyat Fak\u00fcltesi, Co\u011frafya, T\u00fcrkiye, 2014<\/li><\/ul><\/div>\n\t\t\t\t<\/div>\n\t\t\t\t\t\t\t<div class=\"elementor-accordion-item\">\n\t\t\t\t\t<div id=\"elementor-tab-title-2343\" class=\"elementor-tab-title\" data-tab=\"3\" role=\"button\" aria-controls=\"elementor-tab-content-2343\" aria-expanded=\"false\">\n\t\t\t\t\t\t\t\t\t\t\t\t\t<span class=\"elementor-accordion-icon elementor-accordion-icon-left\" aria-hidden=\"true\">\n\t\t\t\t\t\t\t\t\t\t\t\t\t\t\t<span class=\"elementor-accordion-icon-closed\"><i class=\"fas fa-chevron-right\"><\/i><\/span>\n\t\t\t\t\t\t\t\t<span class=\"elementor-accordion-icon-opened\"><i class=\"fas fa-chevron-down\"><\/i><\/span>\n\t\t\t\t\t\t\t\t\t\t\t\t\t\t<\/span>\n\t\t\t\t\t\t\t\t\t\t\t\t<a class=\"elementor-accordion-title\" tabindex=\"0\">Prof. Dr. S\u00fcleyman Toy<\/a>\n\t\t\t\t\t<\/div>\n\t\t\t\t\t<div id=\"elementor-tab-content-2343\" class=\"elementor-tab-content elementor-clearfix\" data-tab=\"3\" role=\"region\" aria-labelledby=\"elementor-tab-title-2343\"><p><img decoding=\"async\" class=\"alignleft wp-image-6628\" src=\"https:\/\/birimler.atauni.edu.tr\/iklim-degisikligi-koordinatorlugu\/wp-content\/uploads\/sites\/789\/2025\/04\/resizer-1.png\" alt=\"\" width=\"205\" height=\"247\" \/><strong>Prof. Dr. S\u00fcleyman Toy<\/strong><\/p><p>\u015eehir ve B\u00f6lge Planlama Kurulu<\/p><p>E-Posta\u00a0 \u00a0 \u00a0 \u00a0 \u00a0 \u00a0 \u00a0 \u00a0 \u00a0 \u00a0 :\u00a0 \u00a0 \u00a0suleyman.toy@atauni.edu.tr<\/p><p>Profil\u00a0 \u00a0 \u00a0 \u00a0 \u00a0 \u00a0 \u00a0 \u00a0 \u00a0 \u00a0 \u00a0 \u00a0 :\u00a0 \u00a0 \u00a0<a href=\"https:\/\/avesis.atauni.edu.tr\/suleyman.toy\">https:\/\/avesis.atauni.edu.tr\/suleyman.toy<\/a><\/p><p>Telefon\u00a0 \u00a0 \u00a0 \u00a0 \u00a0 \u00a0 \u00a0 \u00a0 \u00a0 \u00a0 \u00a0:\u00a0 \u00a0 \u00a0+90 442 231 (6100)<\/p><p><strong>E\u011fitim<\/strong><\/p><hr \/><ul><li>Doktora, Atat\u00fcrk \u00dcniversitesi, Peyzaj Mimarli\u011fi (Dr), 2010<\/li><li>Y\u00fcksek Lisans, Atat\u00fcrk \u00dcniversitesi, Peyzaj Mimarli\u011fi (Yl) (Tezli), 2004<\/li><li>Lisans, Atat\u00fcrk \u00dcniversitesi, Peyzaj Mimarli\u011fi B\u00f6l\u00fcm\u00fc, 1999<\/li><\/ul><\/div>\n\t\t\t\t<\/div>\n\t\t\t\t\t\t\t<div class=\"elementor-accordion-item\">\n\t\t\t\t\t<div id=\"elementor-tab-title-2344\" class=\"elementor-tab-title\" data-tab=\"4\" role=\"button\" aria-controls=\"elementor-tab-content-2344\" aria-expanded=\"false\">\n\t\t\t\t\t\t\t\t\t\t\t\t\t<span class=\"elementor-accordion-icon elementor-accordion-icon-left\" aria-hidden=\"true\">\n\t\t\t\t\t\t\t\t\t\t\t\t\t\t\t<span class=\"elementor-accordion-icon-closed\"><i class=\"fas fa-chevron-right\"><\/i><\/span>\n\t\t\t\t\t\t\t\t<span class=\"elementor-accordion-icon-opened\"><i class=\"fas fa-chevron-down\"><\/i><\/span>\n\t\t\t\t\t\t\t\t\t\t\t\t\t\t<\/span>\n\t\t\t\t\t\t\t\t\t\t\t\t<a class=\"elementor-accordion-title\" tabindex=\"0\">Prof. Dr. Zahide Ko\u015fan<\/a>\n\t\t\t\t\t<\/div>\n\t\t\t\t\t<div id=\"elementor-tab-content-2344\" class=\"elementor-tab-content elementor-clearfix\" data-tab=\"4\" role=\"region\" aria-labelledby=\"elementor-tab-title-2344\"><p><img loading=\"lazy\" decoding=\"async\" class=\"alignleft wp-image-6631\" src=\"https:\/\/birimler.atauni.edu.tr\/iklim-degisikligi-koordinatorlugu\/wp-content\/uploads\/sites\/789\/2025\/04\/zahide-kosan.jpg\" alt=\"\" width=\"248\" height=\"248\" \/><\/p><p><strong>Prof. Dr. Zahide Ko\u015fan<\/strong><\/p><p>Halk Sa\u011fl\u0131\u011f\u0131 Ana Bilim Dal\u0131<\/p><p>E-Posta\u00a0 \u00a0 \u00a0 \u00a0 \u00a0 \u00a0 \u00a0 \u00a0 \u00a0 \u00a0:\u00a0 \u00a0 \u00a0zkosan@atauni.edu.tr<\/p><p>Profil\u00a0 \u00a0 \u00a0 \u00a0 \u00a0 \u00a0 \u00a0 \u00a0 \u00a0 \u00a0 \u00a0 \u00a0:\u00a0 \u00a0 \u00a0\u00a0<a href=\"https:\/\/avesis.atauni.edu.tr\/zkosan\/deneyim\">https:\/\/avesis.atauni.edu.tr\/zkosan\/deneyim<\/a><\/p><p>Telefon\u00a0 \u00a0 \u00a0 \u00a0 \u00a0 \u00a0 \u00a0 \u00a0 \u00a0 \u00a0 :\u00a0 \u00a0+90 904 423 (4487)<\/p><p><strong>E\u011fitim<\/strong><\/p><hr \/><\/div>\n\t\t\t\t<\/div>\n\t\t\t\t\t\t\t<div class=\"elementor-accordion-item\">\n\t\t\t\t\t<div id=\"elementor-tab-title-2345\" class=\"elementor-tab-title\" data-tab=\"5\" role=\"button\" aria-controls=\"elementor-tab-content-2345\" aria-expanded=\"false\">\n\t\t\t\t\t\t\t\t\t\t\t\t\t<span class=\"elementor-accordion-icon elementor-accordion-icon-left\" aria-hidden=\"true\">\n\t\t\t\t\t\t\t\t\t\t\t\t\t\t\t<span class=\"elementor-accordion-icon-closed\"><i class=\"fas fa-chevron-right\"><\/i><\/span>\n\t\t\t\t\t\t\t\t<span class=\"elementor-accordion-icon-opened\"><i class=\"fas fa-chevron-down\"><\/i><\/span>\n\t\t\t\t\t\t\t\t\t\t\t\t\t\t<\/span>\n\t\t\t\t\t\t\t\t\t\t\t\t<a class=\"elementor-accordion-title\" tabindex=\"0\">Prof. Dr. Alper Nuho\u011flu<\/a>\n\t\t\t\t\t<\/div>\n\t\t\t\t\t<div id=\"elementor-tab-content-2345\" class=\"elementor-tab-content elementor-clearfix\" data-tab=\"5\" role=\"region\" aria-labelledby=\"elementor-tab-title-2345\"><p><img loading=\"lazy\" decoding=\"async\" class=\"alignleft wp-image-6279\" src=\"https:\/\/birimler.atauni.edu.tr\/iklim-degisikligi-koordinatorlugu\/wp-content\/uploads\/sites\/789\/2025\/03\/nuhoglu-1-256x300.jpeg\" alt=\"\" width=\"205\" height=\"240\" srcset=\"https:\/\/atauni.edu.tr\/iklim-degisikligi-koordinatorlugu\/wp-content\/uploads\/sites\/789\/2025\/03\/nuhoglu-1-256x300.jpeg 256w, https:\/\/atauni.edu.tr\/iklim-degisikligi-koordinatorlugu\/wp-content\/uploads\/sites\/789\/2025\/03\/nuhoglu-1.jpeg 400w\" sizes=\"(max-width: 205px) 100vw, 205px\" \/><strong>Prof. Dr. Alper Nuho\u011flu<\/strong><\/p><p>\u00c7evre Teknolojileri Ana Bilim Dal\u0131<\/p><p>E-Posta\u00a0 \u00a0 \u00a0 \u00a0 \u00a0 \u00a0 \u00a0 \u00a0 \u00a0 \u00a0 :\u00a0 \u00a0 \u00a0anuhoglu@atauni.edu.tr<\/p><p>Profil\u00a0 \u00a0 \u00a0 \u00a0 \u00a0 \u00a0 \u00a0 \u00a0 \u00a0 \u00a0 \u00a0 \u00a0 :\u00a0 \u00a0 \u00a0<a href=\"https:\/\/avesis.atauni.edu.tr\/anuhoglu\">https:\/\/avesis.atauni.edu.tr\/anuhoglu<\/a> \u00a0 \u00a0 \u00a0<\/p><p>Telefon\u00a0 \u00a0 \u00a0 \u00a0 \u00a0 \u00a0 \u00a0 \u00a0 \u00a0 \u00a0 \u00a0:\u00a0 \u00a0 \u00a0 +90 442 231 (4825)<\/p><p><strong>E\u011fitim<\/strong><\/p><hr \/><ul><li>Doktora, Atat\u00fcrk \u00dcniversitesi, Fen Bilimleri Enstit\u00fcs\u00fc, \u00c7evre M\u00fchendisli\u011fi A.B.D, T\u00fcrkiye, 2000<\/li><li>Y\u00fcksek Lisans, Atat\u00fcrk \u00dcniversitesi, Fen Bilimleri Enstit\u00fcs\u00fc, \u00c7evre M\u00fchendisli\u011fi A.B.D, T\u00fcrkiye, 1996<\/li><li>Lisans, Atat\u00fcrk \u00dcniversitesi, M\u00fchendislik Fak, \u00c7evre M\u00fch., T\u00fcrkiye, 1993<\/li><\/ul><\/div>\n\t\t\t\t<\/div>\n\t\t\t\t\t\t\t<div class=\"elementor-accordion-item\">\n\t\t\t\t\t<div id=\"elementor-tab-title-2346\" class=\"elementor-tab-title\" data-tab=\"6\" role=\"button\" aria-controls=\"elementor-tab-content-2346\" aria-expanded=\"false\">\n\t\t\t\t\t\t\t\t\t\t\t\t\t<span class=\"elementor-accordion-icon elementor-accordion-icon-left\" aria-hidden=\"true\">\n\t\t\t\t\t\t\t\t\t\t\t\t\t\t\t<span class=\"elementor-accordion-icon-closed\"><i class=\"fas fa-chevron-right\"><\/i><\/span>\n\t\t\t\t\t\t\t\t<span class=\"elementor-accordion-icon-opened\"><i class=\"fas fa-chevron-down\"><\/i><\/span>\n\t\t\t\t\t\t\t\t\t\t\t\t\t\t<\/span>\n\t\t\t\t\t\t\t\t\t\t\t\t<a class=\"elementor-accordion-title\" tabindex=\"0\">Prof. Dr. Sezai Erci\u015fli<\/a>\n\t\t\t\t\t<\/div>\n\t\t\t\t\t<div id=\"elementor-tab-content-2346\" class=\"elementor-tab-content elementor-clearfix\" data-tab=\"6\" role=\"region\" aria-labelledby=\"elementor-tab-title-2346\"><p><img loading=\"lazy\" decoding=\"async\" class=\"alignleft wp-image-6280\" src=\"https:\/\/birimler.atauni.edu.tr\/iklim-degisikligi-koordinatorlugu\/wp-content\/uploads\/sites\/789\/2025\/03\/SEZAI-1.png\" alt=\"\" width=\"205\" height=\"247\" \/><strong>Prof. Dr. Sezai Erci\u015fli<\/strong><\/p><p>Bah\u00e7e Bitkileri Ana Bilim Dal\u0131<\/p><p>E-Posta\u00a0 \u00a0 \u00a0 \u00a0 \u00a0 \u00a0 \u00a0 \u00a0 \u00a0 \u00a0 :\u00a0 \u00a0 \u00a0sercisli@atauni.edu.tr<\/p><p>Profil\u00a0 \u00a0 \u00a0 \u00a0 \u00a0 \u00a0 \u00a0 \u00a0 \u00a0 \u00a0 \u00a0 \u00a0 :\u00a0 \u00a0 \u00a0<a href=\"https:\/\/avesis.atauni.edu.tr\/sercisli\">https:\/\/avesis.atauni.edu.tr\/sercisli<\/a><\/p><p>Telofon\u00a0 \u00a0 \u00a0 \u00a0 \u00a0 \u00a0 \u00a0 \u00a0 \u00a0 \u00a0 :\u00a0 \u00a0 \u00a0+90 442 231 (2599)<\/p><p><strong>E\u011fitim<\/strong><\/p><hr \/><ul><li>Doktora, Atat\u00fcrk \u00dcniversitesi, Fen Bilimleri, Bah\u00e7e Bitkileri, T\u00fcrkiye, 1996<\/li><li>Y\u00fcksek Lisans, Atat\u00fcrk \u00dcniversitesi, Fen Bilimleri Enstit\u00fcs\u00fc, Bah\u00e7e Bitkileri Anabilim Dal\u0131, T\u00fcrkiye, 1992<\/li><li>Lisans, Atat\u00fcrk \u00dcniversitesi, Ziraat Fak\u00fcltesi, Bah\u00e7e Bitkileri, T\u00fcrkiye, 1989<\/li><\/ul><\/div>\n\t\t\t\t<\/div>\n\t\t\t\t\t\t\t<div class=\"elementor-accordion-item\">\n\t\t\t\t\t<div id=\"elementor-tab-title-2347\" class=\"elementor-tab-title\" data-tab=\"7\" role=\"button\" aria-controls=\"elementor-tab-content-2347\" aria-expanded=\"false\">\n\t\t\t\t\t\t\t\t\t\t\t\t\t<span class=\"elementor-accordion-icon elementor-accordion-icon-left\" aria-hidden=\"true\">\n\t\t\t\t\t\t\t\t\t\t\t\t\t\t\t<span class=\"elementor-accordion-icon-closed\"><i class=\"fas fa-chevron-right\"><\/i><\/span>\n\t\t\t\t\t\t\t\t<span class=\"elementor-accordion-icon-opened\"><i class=\"fas fa-chevron-down\"><\/i><\/span>\n\t\t\t\t\t\t\t\t\t\t\t\t\t\t<\/span>\n\t\t\t\t\t\t\t\t\t\t\t\t<a class=\"elementor-accordion-title\" tabindex=\"0\">Prof. Dr. Salih B\u00f6rtecine Avc\u0131<\/a>\n\t\t\t\t\t<\/div>\n\t\t\t\t\t<div id=\"elementor-tab-content-2347\" class=\"elementor-tab-content elementor-clearfix\" data-tab=\"7\" role=\"region\" aria-labelledby=\"elementor-tab-title-2347\"><p><img loading=\"lazy\" decoding=\"async\" class=\"alignleft wp-image-6281\" src=\"https:\/\/birimler.atauni.edu.tr\/iklim-degisikligi-koordinatorlugu\/wp-content\/uploads\/sites\/789\/2025\/03\/salih-hoca.png\" alt=\"\" width=\"205\" height=\"247\" \/><strong>Prof. Dr. Salih B\u00f6rtecine Avc\u0131<\/strong><\/p><p>Y\u00f6netim Bilimi Ana Bilim Dal\u0131<\/p><p>E-Posta\u00a0 \u00a0 \u00a0 \u00a0 \u00a0 \u00a0 \u00a0 \u00a0 \u00a0 \u00a0 :\u00a0 \u00a0 savci@atauni.edu.tr<\/p><p>Profil\u00a0 \u00a0 \u00a0 \u00a0 \u00a0 \u00a0 \u00a0 \u00a0 \u00a0 \u00a0 \u00a0 \u00a0 :\u00a0 \u00a0 \u00a0<a href=\"https:\/\/avesis.atauni.edu.tr\/savci\">https:\/\/avesis.atauni.edu.tr\/savci<\/a><\/p><p>Telefon\u00a0 \u00a0 \u00a0 \u00a0 \u00a0 \u00a0 \u00a0 \u00a0 \u00a0 \u00a0 \u00a0:\u00a0 \u00a0 +90 442 231 (1645)<\/p><p><strong>E\u011fitim<\/strong><\/p><hr \/><ul><li>Doktora, Gebze Teknik \u00dcniversitesi, Sosyal Bilimler Enstit\u00fcs\u00fc, T\u00fcrkiye, 2012<\/li><li>Y\u00fcksek Lisans, Gebze Teknik \u00dcniversitesi, Sosyal Bilimler Enstit\u00fcs\u00fc, T\u00fcrkiye, 2007<\/li><li>Lisans, Uluda\u011f \u00dcniversitesi, \u0130ibf, \u0130\u015fletme, T\u00fcrkiye, 2004<\/li><li>\u00d6n Lisans, Atat\u00fcrk \u00dcniversitesi, Erzurum Meslek Y\u00fcksekokulu, Bilgisayar Programc\u0131l\u0131\u011f\u0131, T\u00fcrkiye, 2000<\/li><\/ul><\/div>\n\t\t\t\t<\/div>\n\t\t\t\t\t\t\t<div class=\"elementor-accordion-item\">\n\t\t\t\t\t<div id=\"elementor-tab-title-2348\" class=\"elementor-tab-title\" data-tab=\"8\" role=\"button\" aria-controls=\"elementor-tab-content-2348\" aria-expanded=\"false\">\n\t\t\t\t\t\t\t\t\t\t\t\t\t<span class=\"elementor-accordion-icon elementor-accordion-icon-left\" aria-hidden=\"true\">\n\t\t\t\t\t\t\t\t\t\t\t\t\t\t\t<span class=\"elementor-accordion-icon-closed\"><i class=\"fas fa-chevron-right\"><\/i><\/span>\n\t\t\t\t\t\t\t\t<span class=\"elementor-accordion-icon-opened\"><i class=\"fas fa-chevron-down\"><\/i><\/span>\n\t\t\t\t\t\t\t\t\t\t\t\t\t\t<\/span>\n\t\t\t\t\t\t\t\t\t\t\t\t<a class=\"elementor-accordion-title\" tabindex=\"0\">Prof. Dr. Harun Arslan<\/a>\n\t\t\t\t\t<\/div>\n\t\t\t\t\t<div id=\"elementor-tab-content-2348\" class=\"elementor-tab-content elementor-clearfix\" data-tab=\"8\" role=\"region\" aria-labelledby=\"elementor-tab-title-2348\"><p><img loading=\"lazy\" decoding=\"async\" class=\"alignleft wp-image-6282\" src=\"https:\/\/birimler.atauni.edu.tr\/iklim-degisikligi-koordinatorlugu\/wp-content\/uploads\/sites\/789\/2025\/03\/harun-1.png\" alt=\"\" width=\"205\" height=\"247\" \/><strong>Prof. Dr. Harun Arslan<\/strong><\/p><p>Bal\u0131k\u00e7\u0131l\u0131k Temel Bilimleri Ana Bilim Dal\u0131<\/p><p>E-Posta\u00a0 \u00a0 \u00a0 \u00a0 \u00a0 \u00a0 \u00a0 \u00a0 \u00a0 \u00a0 :\u00a0 \u00a0 harunarslan@atauni.edu.tr<\/p><p>Profil\u00a0 \u00a0 \u00a0 \u00a0 \u00a0 \u00a0 \u00a0 \u00a0 \u00a0 \u00a0 \u00a0 \u00a0 :\u00a0 \u00a0 \u00a0<a href=\"https:\/\/avesis.atauni.edu.tr\/harunarslan\">https:\/\/avesis.atauni.edu.tr\/harunarslan<\/a><\/p><p>Telofon\u00a0 \u00a0 \u00a0 \u00a0 \u00a0 \u00a0 \u00a0 \u00a0 \u00a0 \u00a0 :\u00a0 \u00a0 \u00a0+90 442 231 (6100)\u00a0<\/p><p><strong>E\u011fitim<\/strong><\/p><hr \/><ul><li>Lisans, Atat\u00fcrk \u00dcniversitesi, Su \u00dcr\u00fcnleri Anabilim Dal\u0131, 2006<\/li><li>Y\u00fcksek Lisans, Atat\u00fcrk \u00dcniversitesi, Su \u00dcr\u00fcnleri, 2010<\/li><li>Doktora, Atat\u00fcrk \u00dcniversitesi, Su \u00dcr\u00fcnleri, 2015<\/li><\/ul><\/div>\n\t\t\t\t<\/div>\n\t\t\t\t\t\t\t<div class=\"elementor-accordion-item\">\n\t\t\t\t\t<div id=\"elementor-tab-title-2349\" class=\"elementor-tab-title\" data-tab=\"9\" role=\"button\" aria-controls=\"elementor-tab-content-2349\" aria-expanded=\"false\">\n\t\t\t\t\t\t\t\t\t\t\t\t\t<span class=\"elementor-accordion-icon elementor-accordion-icon-left\" aria-hidden=\"true\">\n\t\t\t\t\t\t\t\t\t\t\t\t\t\t\t<span class=\"elementor-accordion-icon-closed\"><i class=\"fas fa-chevron-right\"><\/i><\/span>\n\t\t\t\t\t\t\t\t<span class=\"elementor-accordion-icon-opened\"><i class=\"fas fa-chevron-down\"><\/i><\/span>\n\t\t\t\t\t\t\t\t\t\t\t\t\t\t<\/span>\n\t\t\t\t\t\t\t\t\t\t\t\t<a class=\"elementor-accordion-title\" tabindex=\"0\">Prof. Dr. Yeliz Biber Vang\u00f6l\u00fc<\/a>\n\t\t\t\t\t<\/div>\n\t\t\t\t\t<div id=\"elementor-tab-content-2349\" class=\"elementor-tab-content elementor-clearfix\" data-tab=\"9\" role=\"region\" aria-labelledby=\"elementor-tab-title-2349\"><p><img loading=\"lazy\" decoding=\"async\" class=\"alignleft wp-image-6632\" src=\"https:\/\/birimler.atauni.edu.tr\/iklim-degisikligi-koordinatorlugu\/wp-content\/uploads\/sites\/789\/2025\/04\/resizer-2.png\" alt=\"\" width=\"205\" height=\"247\" \/><strong>Prof. Dr. Yeliz Biber Vang\u00f6l\u00fc<\/strong><\/p><p>\u0130ngiliz Dili ve Edebiyat\u0131 Anabilim Dal\u0131<\/p><p>E-Posta\u00a0 \u00a0 \u00a0 \u00a0 \u00a0 \u00a0 \u00a0 \u00a0 \u00a0 \u00a0 :\u00a0 \u00a0 yeliz.biber@atauni.edu.tr<\/p><p>Profil\u00a0 \u00a0 \u00a0 \u00a0 \u00a0 \u00a0 \u00a0 \u00a0 \u00a0 \u00a0 \u00a0 \u00a0 :\u00a0 \u00a0 \u00a0<a href=\"https:\/\/avesis.atauni.edu.tr\/yeliz.biber\">https:\/\/avesis.atauni.edu.tr\/yeliz.biber<\/a><\/p><p>Telefon\u00a0 \u00a0 \u00a0 \u00a0 \u00a0 \u00a0 \u00a0 \u00a0 \u00a0 \u00a0 \u00a0:\u00a0 \u00a0 +90 442 231 (8202)<\/p><p><strong>E\u011fitim<\/strong><\/p><hr \/><ul><li>Post Doktora, University of York, English and Related Literature, \u0130ngiltere<\/li><li>Post Doktora, University of London, Royal Central School Of Speech And Drama, Theatre Studies, Birle\u015fik Krall\u0131k<\/li><li>Doktora, University of Leeds, Faculty Of Arts, School Of English, Birle\u015fik Krall\u0131k<\/li><li>Y\u00fcksek Lisans, Atat\u00fcrk \u00dcniversitesi, Fen-Edebiyat , \u0130ngiliz Dili Ve Edebiyat\u0131, T\u00fcrkiye<\/li><li>Lisans, Atat\u00fcrk \u00dcniversitesi, Fen-Edebiyat, \u0130ngiliz Dili Ve Edebiyat\u0131, T\u00fcrkiye<\/li><\/ul><\/div>\n\t\t\t\t<\/div>\n\t\t\t\t\t\t\t<div class=\"elementor-accordion-item\">\n\t\t\t\t\t<div id=\"elementor-tab-title-23410\" class=\"elementor-tab-title\" data-tab=\"10\" role=\"button\" aria-controls=\"elementor-tab-content-23410\" aria-expanded=\"false\">\n\t\t\t\t\t\t\t\t\t\t\t\t\t<span class=\"elementor-accordion-icon elementor-accordion-icon-left\" aria-hidden=\"true\">\n\t\t\t\t\t\t\t\t\t\t\t\t\t\t\t<span class=\"elementor-accordion-icon-closed\"><i class=\"fas fa-chevron-right\"><\/i><\/span>\n\t\t\t\t\t\t\t\t<span class=\"elementor-accordion-icon-opened\"><i class=\"fas fa-chevron-down\"><\/i><\/span>\n\t\t\t\t\t\t\t\t\t\t\t\t\t\t<\/span>\n\t\t\t\t\t\t\t\t\t\t\t\t<a class=\"elementor-accordion-title\" tabindex=\"0\">Do\u00e7. Dr. Evren Kavukcu<\/a>\n\t\t\t\t\t<\/div>\n\t\t\t\t\t<div id=\"elementor-tab-content-23410\" class=\"elementor-tab-content elementor-clearfix\" data-tab=\"10\" role=\"region\" aria-labelledby=\"elementor-tab-title-23410\"><p><img loading=\"lazy\" decoding=\"async\" class=\"alignleft wp-image-6264\" src=\"https:\/\/birimler.atauni.edu.tr\/iklim-degisikligi-koordinatorlugu\/wp-content\/uploads\/sites\/789\/2025\/03\/resizer.png\" alt=\"\" width=\"205\" height=\"247\" \/><strong>Do\u00e7. Dr. Evren Kavukcu<\/strong><\/p><p>Resim Anasanat Dal\u0131<\/p><p>E-Posta\u00a0 \u00a0 \u00a0 \u00a0 \u00a0 \u00a0 \u00a0 \u00a0 \u00a0 \u00a0 :\u00a0 \u00a0 evren.cetin@atauni.edu.tr<\/p><p>Profil\u00a0 \u00a0 \u00a0 \u00a0 \u00a0 \u00a0 \u00a0 \u00a0 \u00a0 \u00a0 \u00a0 \u00a0 :\u00a0 \u00a0 \u00a0<a href=\"https:\/\/avesis.atauni.edu.tr\/evren.cetin\">https:\/\/avesis.atauni.edu.tr\/evren.cetin<\/a><\/p><p>Telefon\u00a0 \u00a0 \u00a0 \u00a0 \u00a0 \u00a0 \u00a0 \u00a0 \u00a0 \u00a0 \u00a0:\u00a0 \u00a0 +90 442 231 (5061)<\/p><p><strong>E\u011fitim<\/strong><\/p><hr \/><ul><li>Doktora, Atat\u00fcrk \u00dcniversitesi, G\u00fczel Sanatlar Fak\u00fcltesi, 2012<\/li><li>Y\u00fcksek Lisans, Atat\u00fcrk \u00dcniversitesi, Atat\u00fcrk \u00dcniversitesi, 2007<\/li><li>Lisans, Atat\u00fcrk \u00dcniversitesi, Resim B\u00f6l\u00fcm\u00fc, 2003<\/li><\/ul><\/div>\n\t\t\t\t<\/div>\n\t\t\t\t\t\t\t\t<\/div>\n\t\t\t\t\t\t<\/div>\n\t\t\t\t<\/div>\n\t\t\t\t\t<\/div>\n\t\t<\/div>\n\t\t\t\t\t<\/div>\n\t\t<\/section>\n\t\t\t\t<\/div>\n\t\t","protected":false},"excerpt":{"rendered":"<p>Birim Koordinat\u00f6r\u00fc Prof. Dr. Zeynep Eren \u00c7evre Teknolojileri Ana Bilim Dal\u0131 E-Posta\u00a0 \u00a0 \u00a0 \u00a0 \u00a0 \u00a0 \u00a0 \u00a0 \u00a0 \u00a0 \u00a0 :\u00a0 \u00a0 \u00a0zeren@atauni.edu.tr Profil\u00a0 \u00a0 \u00a0 \u00a0 \u00a0 \u00a0 \u00a0 \u00a0 \u00a0 \u00a0 \u00a0 \u00a0 \u00a0 :\u00a0 \u00a0 \u00a0https:\/\/avesis.atauni.edu.tr\/zeren Telefon\u00a0 \u00a0 \u00a0 \u00a0 \u00a0 \u00a0 \u00a0 \u00a0 \u00a0 \u00a0 \u00a0 \u00a0:\u00a0 \u00a0 +90 [&hellip;]<\/p>\n","protected":false},"author":637,"featured_media":0,"parent":0,"menu_order":0,"comment_status":"closed","ping_status":"closed","template":"","meta":{"footnotes":""},"class_list":["post-6587","page","type-page","status-publish","hentry"],"_links":{"self":[{"href":"https:\/\/atauni.edu.tr\/iklim-degisikligi-koordinatorlugu\/wp-json\/wp\/v2\/pages\/6587","targetHints":{"allow":["GET"]}}],"collection":[{"href":"https:\/\/atauni.edu.tr\/iklim-degisikligi-koordinatorlugu\/wp-json\/wp\/v2\/pages"}],"about":[{"href":"https:\/\/atauni.edu.tr\/iklim-degisikligi-koordinatorlugu\/wp-json\/wp\/v2\/types\/page"}],"author":[{"embeddable":true,"href":"https:\/\/atauni.edu.tr\/iklim-degisikligi-koordinatorlugu\/wp-json\/wp\/v2\/users\/637"}],"replies":[{"embeddable":true,"href":"https:\/\/atauni.edu.tr\/iklim-degisikligi-koordinatorlugu\/wp-json\/wp\/v2\/comments?post=6587"}],"version-history":[{"count":33,"href":"https:\/\/atauni.edu.tr\/iklim-degisikligi-koordinatorlugu\/wp-json\/wp\/v2\/pages\/6587\/revisions"}],"predecessor-version":[{"id":6789,"href":"https:\/\/atauni.edu.tr\/iklim-degisikligi-koordinatorlugu\/wp-json\/wp\/v2\/pages\/6587\/revisions\/6789"}],"wp:attachment":[{"href":"https:\/\/atauni.edu.tr\/iklim-degisikligi-koordinatorlugu\/wp-json\/wp\/v2\/media?parent=6587"}],"curies":[{"name":"wp","href":"https:\/\/api.w.org\/{rel}","templated":true}]}}