{"id":6597,"date":"2025-04-23T18:55:46","date_gmt":"2025-04-23T15:55:46","guid":{"rendered":"https:\/\/birimler.atauni.edu.tr\/iklim-degisikligi-koordinatorlugu\/?page_id=6597"},"modified":"2025-05-26T06:57:33","modified_gmt":"2025-05-26T03:57:33","slug":"haberler-duyurular","status":"publish","type":"page","link":"https:\/\/atauni.edu.tr\/iklim-degisikligi-koordinatorlugu\/haberler-duyurular\/","title":{"rendered":"Duyurular"},"content":{"rendered":"\t\t<div data-elementor-type=\"wp-page\" data-elementor-id=\"6597\" class=\"elementor elementor-6597\" data-elementor-post-type=\"page\">\n\t\t\t\t\t\t<section class=\"elementor-section elementor-top-section elementor-element elementor-element-5fedc3a elementor-section-boxed elementor-section-height-default elementor-section-height-default\" data-id=\"5fedc3a\" data-element_type=\"section\">\n\t\t\t\t\t\t<div class=\"elementor-container elementor-column-gap-default\">\n\t\t\t\t\t<div class=\"elementor-column elementor-col-100 elementor-top-column elementor-element elementor-element-f7a002c\" data-id=\"f7a002c\" data-element_type=\"column\">\n\t\t\t<div class=\"elementor-widget-wrap elementor-element-populated\">\n\t\t\t\t\t\t<div class=\"elementor-element elementor-element-3ce4f2d elementor-grid-3 elementor-grid-tablet-2 elementor-grid-mobile-1 elementor-posts--thumbnail-top elementor-card-shadow-yes elementor-posts__hover-gradient elementor-widget elementor-widget-posts\" data-id=\"3ce4f2d\" data-element_type=\"widget\" data-settings=\"{&quot;cards_row_gap&quot;:{&quot;unit&quot;:&quot;px&quot;,&quot;size&quot;:&quot;30&quot;,&quot;sizes&quot;:[]},&quot;cards_columns&quot;:&quot;3&quot;,&quot;cards_columns_tablet&quot;:&quot;2&quot;,&quot;cards_columns_mobile&quot;:&quot;1&quot;,&quot;cards_row_gap_tablet&quot;:{&quot;unit&quot;:&quot;px&quot;,&quot;size&quot;:&quot;&quot;,&quot;sizes&quot;:[]},&quot;cards_row_gap_mobile&quot;:{&quot;unit&quot;:&quot;px&quot;,&quot;size&quot;:&quot;&quot;,&quot;sizes&quot;:[]}}\" data-widget_type=\"posts.cards\">\n\t\t\t\t<div class=\"elementor-widget-container\">\n\t\t\t\t\t\t\t<div class=\"elementor-posts-container elementor-posts elementor-posts--skin-cards elementor-grid\" role=\"list\">\n\t\t\t\t<article class=\"elementor-post elementor-grid-item post-6816 post type-post status-publish format-standard hentry category-haberler\" role=\"listitem\">\n\t\t\t<div class=\"elementor-post__card\">\n\t\t\t\t<div class=\"elementor-post__text\">\n\t\t\t\t<h3 class=\"elementor-post__title\">\n\t\t\t<a href=\"https:\/\/atauni.edu.tr\/iklim-degisikligi-koordinatorlugu\/2026\/01\/08\/iklim-degisikligi-koordinasyon-kurulu-ikinci-toplantisini-gerceklestirdi\/\" >\n\t\t\t\t\u0130klim De\u011fi\u015fikli\u011fi Koordinasyon Kurulu \u0130kinci Toplant\u0131s\u0131n\u0131 Ger\u00e7ekle\u015ftirdi\t\t\t<\/a>\n\t\t<\/h3>\n\t\t\t\t<\/div>\n\t\t\t\t\t<\/div>\n\t\t<\/article>\n\t\t\t\t<article class=\"elementor-post elementor-grid-item post-6708 post type-post status-publish format-standard has-post-thumbnail hentry category-etkinlikler\" role=\"listitem\">\n\t\t\t<div class=\"elementor-post__card\">\n\t\t\t\t<a class=\"elementor-post__thumbnail__link\" href=\"https:\/\/atauni.edu.tr\/iklim-degisikligi-koordinatorlugu\/2025\/05\/26\/iklim-degisikligi-koordinatorlugu-ve-muhendislik-fakultesi-ev-sahipliginde-9-mayis-cuma-gunu-surdurulebilirlik-adimlari-dernegi-sade-ve-grundfos-yoneticilerini-erzurumda-agirliyoruz-ve\/\" tabindex=\"-1\" ><div class=\"elementor-post__thumbnail\"><img fetchpriority=\"high\" decoding=\"async\" width=\"300\" height=\"231\" src=\"https:\/\/atauni.edu.tr\/iklim-degisikligi-koordinatorlugu\/wp-content\/uploads\/sites\/789\/2021\/07\/Duyuru-300x231.jpg\" class=\"attachment-medium size-medium wp-image-5831\" alt=\"\" srcset=\"https:\/\/atauni.edu.tr\/iklim-degisikligi-koordinatorlugu\/wp-content\/uploads\/sites\/789\/2021\/07\/Duyuru-300x231.jpg 300w, https:\/\/atauni.edu.tr\/iklim-degisikligi-koordinatorlugu\/wp-content\/uploads\/sites\/789\/2021\/07\/Duyuru-768x591.jpg 768w, https:\/\/atauni.edu.tr\/iklim-degisikligi-koordinatorlugu\/wp-content\/uploads\/sites\/789\/2021\/07\/Duyuru-600x462.jpg 600w, https:\/\/atauni.edu.tr\/iklim-degisikligi-koordinatorlugu\/wp-content\/uploads\/sites\/789\/2021\/07\/Duyuru-560x431.jpg 560w, https:\/\/atauni.edu.tr\/iklim-degisikligi-koordinatorlugu\/wp-content\/uploads\/sites\/789\/2021\/07\/Duyuru.jpg 780w\" sizes=\"(max-width: 300px) 100vw, 300px\" \/><\/div><\/a>\n\t\t\t\t<div class=\"elementor-post__badge\">Etkinlikler<\/div>\n\t\t\t\t<div class=\"elementor-post__text\">\n\t\t\t\t<h3 class=\"elementor-post__title\">\n\t\t\t<a href=\"https:\/\/atauni.edu.tr\/iklim-degisikligi-koordinatorlugu\/2025\/05\/26\/iklim-degisikligi-koordinatorlugu-ve-muhendislik-fakultesi-ev-sahipliginde-9-mayis-cuma-gunu-surdurulebilirlik-adimlari-dernegi-sade-ve-grundfos-yoneticilerini-erzurumda-agirliyoruz-ve\/\" >\n\t\t\t\t\u0130klim De\u011fi\u015fikli\u011fi Koordinat\u00f6rl\u00fc\u011f\u00fc ve M\u00fchendislik Fak\u00fcltesi Ev Sahipli\u011finde 9 May\u0131s Cuma G\u00fcn\u00fc, S\u00fcrd\u00fcr\u00fclebilirlik Ad\u0131mlar\u0131 Derne\u011fi (SADE) ve GRUNDFOS Y\u00f6neticilerini Erzurum\u2019da A\u011f\u0131rl\u0131yoruz ve \u201cS\u00fcrd\u00fcr\u00fclebilirlik \u0130\u00e7in M\u00fchendislik\u201d Seminerinde \u00d6\u011frencilerimizle Bulu\u015fturuyoruz\t\t\t<\/a>\n\t\t<\/h3>\n\t\t\t\t<\/div>\n\t\t\t\t\t<\/div>\n\t\t<\/article>\n\t\t\t\t<article class=\"elementor-post elementor-grid-item post-6692 post type-post status-publish format-standard has-post-thumbnail hentry category-duyurular\" role=\"listitem\">\n\t\t\t<div class=\"elementor-post__card\">\n\t\t\t\t<a class=\"elementor-post__thumbnail__link\" href=\"https:\/\/atauni.edu.tr\/iklim-degisikligi-koordinatorlugu\/2025\/05\/26\/23-mart-dunya-meteoroloji-gunune-ozel-olarak-hazirladigimiz-iklim-degisikligi-koordinatorlugu-webinar-serimizin-4-sune-meteoroloji-12-bolge-muduru-erzurum-sayin-omur-demirgunes-konuk-olacak\/\" tabindex=\"-1\" ><div class=\"elementor-post__thumbnail\"><img fetchpriority=\"high\" decoding=\"async\" width=\"300\" height=\"231\" src=\"https:\/\/atauni.edu.tr\/iklim-degisikligi-koordinatorlugu\/wp-content\/uploads\/sites\/789\/2021\/07\/Duyuru-300x231.jpg\" class=\"attachment-medium size-medium wp-image-5831\" alt=\"\" srcset=\"https:\/\/atauni.edu.tr\/iklim-degisikligi-koordinatorlugu\/wp-content\/uploads\/sites\/789\/2021\/07\/Duyuru-300x231.jpg 300w, https:\/\/atauni.edu.tr\/iklim-degisikligi-koordinatorlugu\/wp-content\/uploads\/sites\/789\/2021\/07\/Duyuru-768x591.jpg 768w, https:\/\/atauni.edu.tr\/iklim-degisikligi-koordinatorlugu\/wp-content\/uploads\/sites\/789\/2021\/07\/Duyuru-600x462.jpg 600w, https:\/\/atauni.edu.tr\/iklim-degisikligi-koordinatorlugu\/wp-content\/uploads\/sites\/789\/2021\/07\/Duyuru-560x431.jpg 560w, https:\/\/atauni.edu.tr\/iklim-degisikligi-koordinatorlugu\/wp-content\/uploads\/sites\/789\/2021\/07\/Duyuru.jpg 780w\" sizes=\"(max-width: 300px) 100vw, 300px\" \/><\/div><\/a>\n\t\t\t\t<div class=\"elementor-post__badge\">Duyurular<\/div>\n\t\t\t\t<div class=\"elementor-post__text\">\n\t\t\t\t<h3 class=\"elementor-post__title\">\n\t\t\t<a href=\"https:\/\/atauni.edu.tr\/iklim-degisikligi-koordinatorlugu\/2025\/05\/26\/23-mart-dunya-meteoroloji-gunune-ozel-olarak-hazirladigimiz-iklim-degisikligi-koordinatorlugu-webinar-serimizin-4-sune-meteoroloji-12-bolge-muduru-erzurum-sayin-omur-demirgunes-konuk-olacak\/\" >\n\t\t\t\t23 Mart D\u00fcnya Meteoroloji G\u00fcn\u00fc\u2019ne \u00d6zel Olarak Haz\u0131rlad\u0131\u011f\u0131m\u0131z \u0130klim De\u011fi\u015fikli\u011fi Koordinat\u00f6rl\u00fc\u011f\u00fc Webinar Serimizin 4.s\u00fcne Meteoroloji 12. B\u00f6lge M\u00fcd\u00fcr\u00fc-Erzurum Say\u0131n \u00d6m\u00fcr Demirg\u00fcne\u015f Konuk Olacak\t\t\t<\/a>\n\t\t<\/h3>\n\t\t\t\t<\/div>\n\t\t\t\t\t<\/div>\n\t\t<\/article>\n\t\t\t\t<article class=\"elementor-post elementor-grid-item post-6684 post type-post status-publish format-standard has-post-thumbnail hentry category-duyurular\" role=\"listitem\">\n\t\t\t<div class=\"elementor-post__card\">\n\t\t\t\t<a class=\"elementor-post__thumbnail__link\" href=\"https:\/\/atauni.edu.tr\/iklim-degisikligi-koordinatorlugu\/2025\/05\/26\/koordinatorlugumuzun-webinar-serisinin-3-sunun-konugu-22-mart-dunya-su-gunune-ozel-dunya-su-gununde-su-verimliligi-sunumuyla-tarim-ve-orman-bakanligi-su-yonetimi-genel-mudur\/\" tabindex=\"-1\" ><div class=\"elementor-post__thumbnail\"><img fetchpriority=\"high\" decoding=\"async\" width=\"300\" height=\"231\" src=\"https:\/\/atauni.edu.tr\/iklim-degisikligi-koordinatorlugu\/wp-content\/uploads\/sites\/789\/2021\/07\/Duyuru-300x231.jpg\" class=\"attachment-medium size-medium wp-image-5831\" alt=\"\" srcset=\"https:\/\/atauni.edu.tr\/iklim-degisikligi-koordinatorlugu\/wp-content\/uploads\/sites\/789\/2021\/07\/Duyuru-300x231.jpg 300w, https:\/\/atauni.edu.tr\/iklim-degisikligi-koordinatorlugu\/wp-content\/uploads\/sites\/789\/2021\/07\/Duyuru-768x591.jpg 768w, https:\/\/atauni.edu.tr\/iklim-degisikligi-koordinatorlugu\/wp-content\/uploads\/sites\/789\/2021\/07\/Duyuru-600x462.jpg 600w, https:\/\/atauni.edu.tr\/iklim-degisikligi-koordinatorlugu\/wp-content\/uploads\/sites\/789\/2021\/07\/Duyuru-560x431.jpg 560w, https:\/\/atauni.edu.tr\/iklim-degisikligi-koordinatorlugu\/wp-content\/uploads\/sites\/789\/2021\/07\/Duyuru.jpg 780w\" sizes=\"(max-width: 300px) 100vw, 300px\" \/><\/div><\/a>\n\t\t\t\t<div class=\"elementor-post__badge\">Duyurular<\/div>\n\t\t\t\t<div class=\"elementor-post__text\">\n\t\t\t\t<h3 class=\"elementor-post__title\">\n\t\t\t<a href=\"https:\/\/atauni.edu.tr\/iklim-degisikligi-koordinatorlugu\/2025\/05\/26\/koordinatorlugumuzun-webinar-serisinin-3-sunun-konugu-22-mart-dunya-su-gunune-ozel-dunya-su-gununde-su-verimliligi-sunumuyla-tarim-ve-orman-bakanligi-su-yonetimi-genel-mudur\/\" >\n\t\t\t\tKoordinat\u00f6rl\u00fc\u011f\u00fcm\u00fcz\u00fcn Webinar Serisinin 3.s\u00fcn\u00fcn Konu\u011fu 22 Mart D\u00fcnya Su G\u00fcn\u00fcne \u00d6zel \u201cD\u00fcnya Su G\u00fcn\u00fc\u2019nde Su Verimlili\u011fi\u201d Sunumuyla Tar\u0131m ve Orman Bakanl\u0131\u011f\u0131 Su Y\u00f6netimi Genel M\u00fcd\u00fcrl\u00fc\u011f\u00fc Su Verimlili\u011fi Daire Ba\u015fkan\u0131 Say\u0131n Asl\u0131han Korkmaz olacakt\u0131r\t\t\t<\/a>\n\t\t<\/h3>\n\t\t\t\t<\/div>\n\t\t\t\t\t<\/div>\n\t\t<\/article>\n\t\t\t\t<article class=\"elementor-post elementor-grid-item post-6678 post type-post status-publish format-standard has-post-thumbnail hentry category-duyurular\" role=\"listitem\">\n\t\t\t<div class=\"elementor-post__card\">\n\t\t\t\t<a class=\"elementor-post__thumbnail__link\" href=\"https:\/\/atauni.edu.tr\/iklim-degisikligi-koordinatorlugu\/2025\/05\/26\/koordinatorlugumuzun-webinar-serisinin-ikincisinde-21-mart-dunya-ormancilik-gunune-ozel-sunumu-ile-prof-dr-doganay-tolunay-hocamiz-olacaktir\/\" tabindex=\"-1\" ><div class=\"elementor-post__thumbnail\"><img fetchpriority=\"high\" decoding=\"async\" width=\"300\" height=\"231\" src=\"https:\/\/atauni.edu.tr\/iklim-degisikligi-koordinatorlugu\/wp-content\/uploads\/sites\/789\/2021\/07\/Duyuru-300x231.jpg\" class=\"attachment-medium size-medium wp-image-5831\" alt=\"\" srcset=\"https:\/\/atauni.edu.tr\/iklim-degisikligi-koordinatorlugu\/wp-content\/uploads\/sites\/789\/2021\/07\/Duyuru-300x231.jpg 300w, https:\/\/atauni.edu.tr\/iklim-degisikligi-koordinatorlugu\/wp-content\/uploads\/sites\/789\/2021\/07\/Duyuru-768x591.jpg 768w, https:\/\/atauni.edu.tr\/iklim-degisikligi-koordinatorlugu\/wp-content\/uploads\/sites\/789\/2021\/07\/Duyuru-600x462.jpg 600w, https:\/\/atauni.edu.tr\/iklim-degisikligi-koordinatorlugu\/wp-content\/uploads\/sites\/789\/2021\/07\/Duyuru-560x431.jpg 560w, https:\/\/atauni.edu.tr\/iklim-degisikligi-koordinatorlugu\/wp-content\/uploads\/sites\/789\/2021\/07\/Duyuru.jpg 780w\" sizes=\"(max-width: 300px) 100vw, 300px\" \/><\/div><\/a>\n\t\t\t\t<div class=\"elementor-post__badge\">Duyurular<\/div>\n\t\t\t\t<div class=\"elementor-post__text\">\n\t\t\t\t<h3 class=\"elementor-post__title\">\n\t\t\t<a href=\"https:\/\/atauni.edu.tr\/iklim-degisikligi-koordinatorlugu\/2025\/05\/26\/koordinatorlugumuzun-webinar-serisinin-ikincisinde-21-mart-dunya-ormancilik-gunune-ozel-sunumu-ile-prof-dr-doganay-tolunay-hocamiz-olacaktir\/\" >\n\t\t\t\tKoordinat\u00f6rl\u00fc\u011f\u00fcm\u00fcz\u00fcn Webinar Serisinin \u0130kincisinde 21 Mart D\u00fcnya Ormanc\u0131l\u0131k G\u00fcn\u00fcne \u00d6zel sunumu \u0130le Prof.Dr. Do\u011fanay Tolunay Hocam\u0131z Olacakt\u0131r.\t\t\t<\/a>\n\t\t<\/h3>\n\t\t\t\t<\/div>\n\t\t\t\t\t<\/div>\n\t\t<\/article>\n\t\t\t\t<article class=\"elementor-post elementor-grid-item post-6576 post type-post status-publish format-standard has-post-thumbnail hentry category-etkinlikler\" role=\"listitem\">\n\t\t\t<div class=\"elementor-post__card\">\n\t\t\t\t<a class=\"elementor-post__thumbnail__link\" href=\"https:\/\/atauni.edu.tr\/iklim-degisikligi-koordinatorlugu\/2025\/04\/22\/koordinatorlugumuzun-webinar-serisinin-ilki-8-mart-dunya-kadinlar-gununde-basliyor-2\/\" tabindex=\"-1\" ><div class=\"elementor-post__thumbnail\"><img fetchpriority=\"high\" decoding=\"async\" width=\"300\" height=\"231\" src=\"https:\/\/atauni.edu.tr\/iklim-degisikligi-koordinatorlugu\/wp-content\/uploads\/sites\/789\/2021\/07\/Duyuru-300x231.jpg\" class=\"attachment-medium size-medium wp-image-5831\" alt=\"\" srcset=\"https:\/\/atauni.edu.tr\/iklim-degisikligi-koordinatorlugu\/wp-content\/uploads\/sites\/789\/2021\/07\/Duyuru-300x231.jpg 300w, https:\/\/atauni.edu.tr\/iklim-degisikligi-koordinatorlugu\/wp-content\/uploads\/sites\/789\/2021\/07\/Duyuru-768x591.jpg 768w, https:\/\/atauni.edu.tr\/iklim-degisikligi-koordinatorlugu\/wp-content\/uploads\/sites\/789\/2021\/07\/Duyuru-600x462.jpg 600w, https:\/\/atauni.edu.tr\/iklim-degisikligi-koordinatorlugu\/wp-content\/uploads\/sites\/789\/2021\/07\/Duyuru-560x431.jpg 560w, https:\/\/atauni.edu.tr\/iklim-degisikligi-koordinatorlugu\/wp-content\/uploads\/sites\/789\/2021\/07\/Duyuru.jpg 780w\" sizes=\"(max-width: 300px) 100vw, 300px\" \/><\/div><\/a>\n\t\t\t\t<div class=\"elementor-post__badge\">Etkinlikler<\/div>\n\t\t\t\t<div class=\"elementor-post__text\">\n\t\t\t\t<h3 class=\"elementor-post__title\">\n\t\t\t<a href=\"https:\/\/atauni.edu.tr\/iklim-degisikligi-koordinatorlugu\/2025\/04\/22\/koordinatorlugumuzun-webinar-serisinin-ilki-8-mart-dunya-kadinlar-gununde-basliyor-2\/\" >\n\t\t\t\tKoordinat\u00f6rl\u00fc\u011f\u00fcm\u00fcz\u00fcn Webinar Serisinin \u0130lki 8 Mart D\u00fcnya Kad\u0131nlar G\u00fcn\u00fcnde Ba\u015fl\u0131yor\t\t\t<\/a>\n\t\t<\/h3>\n\t\t\t\t<\/div>\n\t\t\t\t\t<\/div>\n\t\t<\/article>\n\t\t\t\t<article class=\"elementor-post elementor-grid-item post-6574 post type-post status-publish format-standard has-post-thumbnail hentry category-haberler\" role=\"listitem\">\n\t\t\t<div class=\"elementor-post__card\">\n\t\t\t\t<a class=\"elementor-post__thumbnail__link\" href=\"https:\/\/atauni.edu.tr\/iklim-degisikligi-koordinatorlugu\/2025\/04\/22\/iklim-degisikligi-koordinasyon-kurulu-ilk-toplantisini-gerceklestirdi-2\/\" tabindex=\"-1\" ><div class=\"elementor-post__thumbnail\"><img fetchpriority=\"high\" decoding=\"async\" width=\"300\" height=\"231\" src=\"https:\/\/atauni.edu.tr\/iklim-degisikligi-koordinatorlugu\/wp-content\/uploads\/sites\/789\/2021\/07\/Duyuru-300x231.jpg\" class=\"attachment-medium size-medium wp-image-5831\" alt=\"\" srcset=\"https:\/\/atauni.edu.tr\/iklim-degisikligi-koordinatorlugu\/wp-content\/uploads\/sites\/789\/2021\/07\/Duyuru-300x231.jpg 300w, https:\/\/atauni.edu.tr\/iklim-degisikligi-koordinatorlugu\/wp-content\/uploads\/sites\/789\/2021\/07\/Duyuru-768x591.jpg 768w, https:\/\/atauni.edu.tr\/iklim-degisikligi-koordinatorlugu\/wp-content\/uploads\/sites\/789\/2021\/07\/Duyuru-600x462.jpg 600w, https:\/\/atauni.edu.tr\/iklim-degisikligi-koordinatorlugu\/wp-content\/uploads\/sites\/789\/2021\/07\/Duyuru-560x431.jpg 560w, https:\/\/atauni.edu.tr\/iklim-degisikligi-koordinatorlugu\/wp-content\/uploads\/sites\/789\/2021\/07\/Duyuru.jpg 780w\" sizes=\"(max-width: 300px) 100vw, 300px\" \/><\/div><\/a>\n\t\t\t\t<div class=\"elementor-post__badge\">Haberler<\/div>\n\t\t\t\t<div class=\"elementor-post__text\">\n\t\t\t\t<h3 class=\"elementor-post__title\">\n\t\t\t<a href=\"https:\/\/atauni.edu.tr\/iklim-degisikligi-koordinatorlugu\/2025\/04\/22\/iklim-degisikligi-koordinasyon-kurulu-ilk-toplantisini-gerceklestirdi-2\/\" >\n\t\t\t\t\u0130klim De\u011fi\u015fikli\u011fi Koordinasyon Kurulu \u0130lk Toplant\u0131s\u0131n\u0131 Ger\u00e7ekle\u015ftirdi\t\t\t<\/a>\n\t\t<\/h3>\n\t\t\t\t<\/div>\n\t\t\t\t\t<\/div>\n\t\t<\/article>\n\t\t\t\t<\/div>\n\t\t\n\t\t\t\t\t\t<\/div>\n\t\t\t\t<\/div>\n\t\t\t\t\t<\/div>\n\t\t<\/div>\n\t\t\t\t\t<\/div>\n\t\t<\/section>\n\t\t\t\t<\/div>\n\t\t","protected":false},"excerpt":{"rendered":"","protected":false},"author":637,"featured_media":0,"parent":0,"menu_order":0,"comment_status":"closed","ping_status":"closed","template":"","meta":{"footnotes":""},"class_list":["post-6597","page","type-page","status-publish","hentry"],"_links":{"self":[{"href":"https:\/\/atauni.edu.tr\/iklim-degisikligi-koordinatorlugu\/wp-json\/wp\/v2\/pages\/6597","targetHints":{"allow":["GET"]}}],"collection":[{"href":"https:\/\/atauni.edu.tr\/iklim-degisikligi-koordinatorlugu\/wp-json\/wp\/v2\/pages"}],"about":[{"href":"https:\/\/atauni.edu.tr\/iklim-degisikligi-koordinatorlugu\/wp-json\/wp\/v2\/types\/page"}],"author":[{"embeddable":true,"href":"https:\/\/atauni.edu.tr\/iklim-degisikligi-koordinatorlugu\/wp-json\/wp\/v2\/users\/637"}],"replies":[{"embeddable":true,"href":"https:\/\/atauni.edu.tr\/iklim-degisikligi-koordinatorlugu\/wp-json\/wp\/v2\/comments?post=6597"}],"version-history":[{"count":11,"href":"https:\/\/atauni.edu.tr\/iklim-degisikligi-koordinatorlugu\/wp-json\/wp\/v2\/pages\/6597\/revisions"}],"predecessor-version":[{"id":6722,"href":"https:\/\/atauni.edu.tr\/iklim-degisikligi-koordinatorlugu\/wp-json\/wp\/v2\/pages\/6597\/revisions\/6722"}],"wp:attachment":[{"href":"https:\/\/atauni.edu.tr\/iklim-degisikligi-koordinatorlugu\/wp-json\/wp\/v2\/media?parent=6597"}],"curies":[{"name":"wp","href":"https:\/\/api.w.org\/{rel}","templated":true}]}}