{"id":5674,"date":"2021-07-13T10:47:12","date_gmt":"2021-07-13T07:47:12","guid":{"rendered":"https:\/\/portaltest.atauni.edu.tr\/muhendislik-fakultesi\/?page_id=5674"},"modified":"2026-04-10T18:20:15","modified_gmt":"2026-04-10T15:20:15","slug":"fakulte-kurulu","status":"publish","type":"page","link":"https:\/\/atauni.edu.tr\/iktisadi-ve-idari-bilimler-fakultesi\/fakulte-kurulu\/","title":{"rendered":"Fak\u00fclte Kurulu"},"content":{"rendered":"\t\t<div data-elementor-type=\"wp-page\" data-elementor-id=\"5674\" class=\"elementor elementor-5674\" data-elementor-post-type=\"page\">\n\t\t\t\t\t\t<section class=\"elementor-section elementor-top-section elementor-element elementor-element-5c0656e elementor-section-content-middle elementor-section-stretched elementor-section-boxed elementor-section-height-default elementor-section-height-default\" data-id=\"5c0656e\" data-element_type=\"section\" data-settings=\"{&quot;stretch_section&quot;:&quot;section-stretched&quot;,&quot;background_background&quot;:&quot;classic&quot;}\">\n\t\t\t\t\t\t<div class=\"elementor-container elementor-column-gap-default\">\n\t\t\t\t\t<div class=\"elementor-column elementor-col-50 elementor-top-column elementor-element elementor-element-28a25f2\" data-id=\"28a25f2\" data-element_type=\"column\">\n\t\t\t<div class=\"elementor-widget-wrap elementor-element-populated\">\n\t\t\t\t\t\t<div class=\"elementor-element elementor-element-8dff0b7 elementor-view-default elementor-widget elementor-widget-icon\" data-id=\"8dff0b7\" data-element_type=\"widget\" data-widget_type=\"icon.default\">\n\t\t\t\t<div class=\"elementor-widget-container\">\n\t\t\t\t\t\t\t<div class=\"elementor-icon-wrapper\">\n\t\t\t<div class=\"elementor-icon\">\n\t\t\t<svg xmlns=\"http:\/\/www.w3.org\/2000\/svg\" id=\"Bold\" viewBox=\"0 0 24 24\" width=\"512\" height=\"512\"><path d=\"M11.832,24a1.5,1.5,0,0,1-1.061-2.561l7.672-7.671a2.5,2.5,0,0,0,0-3.536L10.771,2.561A1.5,1.5,0,0,1,12.893.439l7.671,7.672a5.5,5.5,0,0,1,0,7.778l-7.671,7.672A1.5,1.5,0,0,1,11.832,24Z\"><\/path><path d=\"M2.287,24a1.5,1.5,0,0,1-1.06-2.561l9.085-9.085a.5.5,0,0,0,0-.708L1.227,2.561A1.5,1.5,0,0,1,3.348.439l9.086,9.086a3.507,3.507,0,0,1,0,4.949L3.348,23.561A1.5,1.5,0,0,1,2.287,24Z\"><\/path><\/svg>\t\t\t<\/div>\n\t\t<\/div>\n\t\t\t\t\t\t<\/div>\n\t\t\t\t<\/div>\n\t\t\t\t\t<\/div>\n\t\t<\/div>\n\t\t\t\t<div class=\"elementor-column elementor-col-50 elementor-top-column elementor-element elementor-element-91c7196\" data-id=\"91c7196\" data-element_type=\"column\">\n\t\t\t<div class=\"elementor-widget-wrap elementor-element-populated\">\n\t\t\t\t\t\t<div class=\"elementor-element elementor-element-c781caa elementor-widget elementor-widget-heading\" data-id=\"c781caa\" data-element_type=\"widget\" data-widget_type=\"heading.default\">\n\t\t\t\t<div class=\"elementor-widget-container\">\n\t\t\t\t\t<h2 class=\"elementor-heading-title elementor-size-default\">Fak\u00fclte Kurulu<\/h2>\t\t\t\t<\/div>\n\t\t\t\t<\/div>\n\t\t\t\t\t<\/div>\n\t\t<\/div>\n\t\t\t\t\t<\/div>\n\t\t<\/section>\n\t\t\t\t<section class=\"elementor-section elementor-top-section elementor-element elementor-element-6077fbc elementor-section-boxed elementor-section-height-default elementor-section-height-default\" data-id=\"6077fbc\" data-element_type=\"section\">\n\t\t\t\t\t\t<div class=\"elementor-container elementor-column-gap-default\">\n\t\t\t\t\t<div class=\"elementor-column elementor-col-25 elementor-top-column elementor-element elementor-element-74bbc8d\" data-id=\"74bbc8d\" data-element_type=\"column\">\n\t\t\t<div class=\"elementor-widget-wrap\">\n\t\t\t\t\t\t\t<\/div>\n\t\t<\/div>\n\t\t\t\t<div class=\"elementor-column elementor-col-50 elementor-top-column elementor-element elementor-element-3c7d14d\" data-id=\"3c7d14d\" data-element_type=\"column\">\n\t\t\t<div class=\"elementor-widget-wrap elementor-element-populated\">\n\t\t\t\t\t\t<div class=\"elementor-element elementor-element-1252c15 elementor-widget elementor-widget-text-editor\" data-id=\"1252c15\" data-element_type=\"widget\" data-widget_type=\"text-editor.default\">\n\t\t\t\t<div class=\"elementor-widget-container\">\n\t\t\t\t\t\t\t\t\t<table style=\"font-size: 12px;height: 726px\" border=\"0\" width=\"494\" cellspacing=\"0\" cellpadding=\"0\">\n<tbody>\n<tr>\n<td style=\"padding-left: 5px\" width=\"304\" height=\"46\">Prof. Dr. H\u00fcseyin Ali KUTLU<\/td>\n<td style=\"padding-left: 5px;text-align: center\" colspan=\"3\" width=\"192\">Ba\u015fkan \/ Dekan<\/td>\n<\/tr>\n<tr>\n<td style=\"padding-left: 5px\" height=\"46\">Prof. Dr. At\u0131lhan NAKT\u0130YOK<\/td>\n<td style=\"padding-left: 5px;text-align: center\" colspan=\"3\">\u00dcye<\/td>\n<\/tr>\n<tr>\n<td style=\"padding-left: 5px\" height=\"46\">Prof. Dr. Yusuf AKAN<\/td>\n<td style=\"padding-left: 5px;text-align: center\" colspan=\"3\">\u00dcye<\/td>\n<\/tr>\n<tr>\n<td style=\"padding-left: 5px;text-align: left\" height=\"46\">Prof. Dr. Tevfik \u015e\u00fckr\u00fc YAPRAKLI<\/td>\n<td style=\"padding-left: 5px;text-align: center\" colspan=\"3\">\u00dcye<\/td>\n<\/tr>\n<tr>\n<td style=\"padding-left: 5px\" height=\"46\">Prof. Dr. Erkan OKTAY<\/td>\n<td style=\"padding-left: 5px;text-align: center\" colspan=\"3\">\u00dcye<\/td>\n<\/tr>\n<tr>\n<td style=\"padding-left: 5px\" height=\"46\">Prof. Dr. Fatih KARCIO\u011eLU<\/td>\n<td style=\"padding-left: 5px;text-align: center\" colspan=\"3\">\u00dcye<\/td>\n<\/tr>\n<tr>\n<td style=\"padding-left: 5px\" height=\"46\">Prof. Dr. \u00dcst\u00fcn \u00d6ZEN<\/td>\n<td style=\"padding-left: 5px;text-align: center\" colspan=\"3\">\u00dcye<\/td>\n<\/tr>\n<tr>\n<td style=\"padding-left: 5px\" height=\"46\">Prof. Dr. Sabri AZG\u00dcN<\/td>\n<td style=\"padding-left: 5px;text-align: center\" colspan=\"3\">\u00dcye<\/td>\n<\/tr>\n<tr>\n<td style=\"padding-left: 5px\" height=\"46\">Prof. Dr. Abd\u00fclkerim KARAASLAN<\/td>\n<td style=\"padding-left: 5px;text-align: center\" colspan=\"3\">\u00dcye<\/td>\n<\/tr>\n<tr>\n<td style=\"padding-left: 5px\" height=\"46\">Prof. Dr. Abdullah TAKIM<\/td>\n<td style=\"padding-left: 5px;text-align: center\" colspan=\"3\">\u00dcye<\/td>\n<\/tr>\n<tr>\n<td style=\"padding-left: 5px\" height=\"46\">Prof. Dr. Hasan Emir AKTA\u015e<\/td>\n<td style=\"padding-left: 5px;text-align: center\" colspan=\"3\">\u00dcye<\/td>\n<\/tr>\n<tr>\n<td style=\"padding-left: 5px\" height=\"46\">Prof. Dr. Mehmet Sait D\u0130LEK<\/td>\n<td style=\"padding-left: 5px;text-align: center\" colspan=\"3\">\u00dcye<\/td>\n<\/tr>\n<tr>\n<td style=\"padding-left: 5px\" height=\"46\">Do\u00e7. Dr.&nbsp; Muhammed \u0130hsan \u00c7UBUK\u00c7U<\/td>\n<td style=\"padding-left: 5px;text-align: center\" colspan=\"3\">\u00dcye<\/td>\n<\/tr>\n<tr>\n<td style=\"padding-left: 5px\" height=\"46\">Do\u00e7. Dr. Ahmet Fatih AYDEM\u0130R<\/td>\n<td style=\"padding-left: 5px;text-align: center\" colspan=\"3\">\u00dcye<\/td>\n<\/tr>\n<tr>\n<td style=\"padding-left: 5px\" height=\"46\">Dr. \u00d6\u011fr. \u00dcyesi Murat KURUN<\/td>\n<td style=\"padding-left: 5px;text-align: center\" colspan=\"3\">\u00dcye<\/td>\n<\/tr>\n<tr>\n<td style=\"padding-left: 5px\" height=\"46\">Ar\u015f. G\u00f6r.&nbsp; Nazl\u0131 G\u00d6K\u00c7E<\/td>\n<td style=\"padding-left: 5px;text-align: center\" colspan=\"3\">Ara\u015ft\u0131rma G\u00f6revlisi Temsilcisi<\/td>\n<\/tr>\n<tr>\n<td style=\"padding-left: 5px\" height=\"46\">Nisanur G\u00dcRSOY<\/td>\n<td style=\"padding-left: 5px;text-align: center\" colspan=\"3\">\u00d6\u011frenci Temsilcisi<\/td>\n<\/tr>\n<tr>\n<td style=\"padding-left: 5px\" height=\"46\">Fak\u00fclte Sekreteri Fatih \u00d6ZT\u00dcRK<\/td>\n<td style=\"padding-left: 5px;text-align: center\" colspan=\"3\">Raport\u00f6r<\/td>\n<\/tr>\n<\/tbody>\n<\/table>\t\t\t\t\t\t\t\t<\/div>\n\t\t\t\t<\/div>\n\t\t\t\t\t<\/div>\n\t\t<\/div>\n\t\t\t\t<div class=\"elementor-column elementor-col-25 elementor-top-column elementor-element elementor-element-81cce64\" data-id=\"81cce64\" data-element_type=\"column\">\n\t\t\t<div class=\"elementor-widget-wrap\">\n\t\t\t\t\t\t\t<\/div>\n\t\t<\/div>\n\t\t\t\t\t<\/div>\n\t\t<\/section>\n\t\t\t\t<\/div>\n\t\t","protected":false},"excerpt":{"rendered":"<p>Fak\u00fclte Kurulu Prof. Dr. H\u00fcseyin Ali KUTLU Ba\u015fkan \/ Dekan Prof. Dr. At\u0131lhan NAKT\u0130YOK \u00dcye Prof. Dr. Yusuf AKAN \u00dcye Prof. Dr. Tevfik \u015e\u00fckr\u00fc YAPRAKLI \u00dcye Prof. Dr. Erkan OKTAY \u00dcye Prof. Dr. Fatih KARCIO\u011eLU \u00dcye Prof. Dr. \u00dcst\u00fcn \u00d6ZEN \u00dcye Prof. Dr. Sabri AZG\u00dcN \u00dcye Prof. Dr. Abd\u00fclkerim KARAASLAN \u00dcye Prof. Dr. Abdullah TAKIM [&hellip;]<\/p>\n","protected":false},"author":1,"featured_media":0,"parent":0,"menu_order":0,"comment_status":"closed","ping_status":"closed","template":"elementor_header_footer","meta":{"footnotes":""},"class_list":["post-5674","page","type-page","status-publish","hentry"],"_links":{"self":[{"href":"https:\/\/atauni.edu.tr\/iktisadi-ve-idari-bilimler-fakultesi\/wp-json\/wp\/v2\/pages\/5674","targetHints":{"allow":["GET"]}}],"collection":[{"href":"https:\/\/atauni.edu.tr\/iktisadi-ve-idari-bilimler-fakultesi\/wp-json\/wp\/v2\/pages"}],"about":[{"href":"https:\/\/atauni.edu.tr\/iktisadi-ve-idari-bilimler-fakultesi\/wp-json\/wp\/v2\/types\/page"}],"author":[{"embeddable":true,"href":"https:\/\/atauni.edu.tr\/iktisadi-ve-idari-bilimler-fakultesi\/wp-json\/wp\/v2\/users\/1"}],"replies":[{"embeddable":true,"href":"https:\/\/atauni.edu.tr\/iktisadi-ve-idari-bilimler-fakultesi\/wp-json\/wp\/v2\/comments?post=5674"}],"version-history":[{"count":61,"href":"https:\/\/atauni.edu.tr\/iktisadi-ve-idari-bilimler-fakultesi\/wp-json\/wp\/v2\/pages\/5674\/revisions"}],"predecessor-version":[{"id":17452,"href":"https:\/\/atauni.edu.tr\/iktisadi-ve-idari-bilimler-fakultesi\/wp-json\/wp\/v2\/pages\/5674\/revisions\/17452"}],"wp:attachment":[{"href":"https:\/\/atauni.edu.tr\/iktisadi-ve-idari-bilimler-fakultesi\/wp-json\/wp\/v2\/media?parent=5674"}],"curies":[{"name":"wp","href":"https:\/\/api.w.org\/{rel}","templated":true}]}}