{"id":5688,"date":"2021-07-13T10:13:48","date_gmt":"2021-07-13T07:13:48","guid":{"rendered":"https:\/\/portaltest.atauni.edu.tr\/bilgisayar-muhendisligi\/?page_id=5688"},"modified":"2025-10-15T11:16:37","modified_gmt":"2025-10-15T08:16:37","slug":"akademik-personel","status":"publish","type":"page","link":"https:\/\/atauni.edu.tr\/iktisat-bolumu\/akademik-personel\/","title":{"rendered":"Akademik Personel"},"content":{"rendered":"\t\t<div data-elementor-type=\"wp-page\" data-elementor-id=\"5688\" class=\"elementor elementor-5688\" data-elementor-post-type=\"page\">\n\t\t\t\t\t\t<section class=\"elementor-section elementor-top-section elementor-element elementor-element-22b96024 elementor-section-boxed elementor-section-height-default elementor-section-height-default\" data-id=\"22b96024\" data-element_type=\"section\">\n\t\t\t\t\t\t<div class=\"elementor-container elementor-column-gap-default\">\n\t\t\t\t\t<div class=\"elementor-column elementor-col-100 elementor-top-column elementor-element elementor-element-5a1f7769\" data-id=\"5a1f7769\" data-element_type=\"column\">\n\t\t\t<div class=\"elementor-widget-wrap elementor-element-populated\">\n\t\t\t\t\t\t<div class=\"elementor-element elementor-element-3b3e2d4a elementor-widget elementor-widget-heading\" data-id=\"3b3e2d4a\" data-element_type=\"widget\" data-widget_type=\"heading.default\">\n\t\t\t\t<div class=\"elementor-widget-container\">\n\t\t\t\t\t<h2 class=\"elementor-heading-title elementor-size-default\">Akademik Personel<\/h2>\t\t\t\t<\/div>\n\t\t\t\t<\/div>\n\t\t\t\t<div class=\"elementor-element elementor-element-35223868 elementor-widget-divider--view-line elementor-widget elementor-widget-divider\" data-id=\"35223868\" data-element_type=\"widget\" data-widget_type=\"divider.default\">\n\t\t\t\t<div class=\"elementor-widget-container\">\n\t\t\t\t\t\t\t<div class=\"elementor-divider\">\n\t\t\t<span class=\"elementor-divider-separator\">\n\t\t\t\t\t\t<\/span>\n\t\t<\/div>\n\t\t\t\t\t\t<\/div>\n\t\t\t\t<\/div>\n\t\t\t\t\t<\/div>\n\t\t<\/div>\n\t\t\t\t\t<\/div>\n\t\t<\/section>\n\t\t\t\t<section class=\"elementor-section elementor-top-section elementor-element elementor-element-badfa12 elementor-section-boxed elementor-section-height-default elementor-section-height-default\" data-id=\"badfa12\" data-element_type=\"section\">\n\t\t\t\t\t\t<div class=\"elementor-container elementor-column-gap-default\">\n\t\t\t\t\t<div class=\"elementor-column elementor-col-100 elementor-top-column elementor-element elementor-element-6387b88\" data-id=\"6387b88\" data-element_type=\"column\">\n\t\t\t<div class=\"elementor-widget-wrap elementor-element-populated\">\n\t\t\t\t\t\t<div class=\"elementor-element elementor-element-79a579e elementor-widget elementor-widget-text-editor\" data-id=\"79a579e\" data-element_type=\"widget\" data-widget_type=\"text-editor.default\">\n\t\t\t\t<div class=\"elementor-widget-container\">\n\t\t\t\t\t\t\t\t\t<p><span style=\"color: #0000ff\"><strong><a style=\"color: #0000ff\" href=\"https:\/\/avesis.atauni.edu.tr\/kerem\">Prof. Dr. Kerem KARABULUT<\/a><\/strong><\/span><br \/><span style=\"color: #0000ff\"><strong><a style=\"color: #0000ff\" href=\"https:\/\/avesis.atauni.edu.tr\/mbayrak\">Prof. Dr. Metin BAYRAK<\/a><\/strong><\/span><br \/><span style=\"color: #0000ff\"><strong><a style=\"color: #0000ff\" href=\"https:\/\/avesis.atauni.edu.tr\/osemsen\">Prof. Dr. \u00d6mer Sel\u00e7uk EMSEN<\/a><\/strong><\/span><br \/><strong><span style=\"color: #0000ff\"><a style=\"color: #0000ff\" href=\"https:\/\/avesis.atauni.edu.tr\/oyalcinkaya\">Prof. Dr. \u00d6mer YAL\u00c7INKAYA<\/a><\/span><\/strong><br \/><span style=\"color: #0000ff\"><strong><a style=\"color: #0000ff\" href=\"https:\/\/avesis.atauni.edu.tr\/sabriazgun\">Prof. Dr. Sabri AZG\u00dcN<\/a><\/strong><\/span><br \/><span style=\"color: #0000ff\"><strong><a style=\"color: #0000ff\" href=\"https:\/\/avesis.atauni.edu.tr\/sevda1\">Prof. Dr. Sevda YAPRAKLI<\/a><\/strong><\/span><br \/><span style=\"color: #0000ff\"><strong><a style=\"color: #0000ff\" href=\"https:\/\/avesis.atauni.edu.tr\/vkaya\">Prof. Dr. Vedat KAYA<\/a><\/strong><\/span><br \/><span style=\"color: #0000ff\"><strong><a style=\"color: #0000ff\" href=\"https:\/\/avesis.atauni.edu.tr\/yusufakan\">Prof. Dr. Yusuf AKAN<\/a><\/strong><\/span><br \/><span style=\"color: #0000ff\"><strong><a style=\"color: #0000ff\" href=\"https:\/\/avesis.atauni.edu.tr\/pdilek\">Prof. Dr. Dilek \u00d6ZDEM\u0130R<\/a><\/strong><\/span><br \/><span style=\"color: #0000ff\"><strong><a style=\"color: #0000ff\" href=\"https:\/\/avesis.atauni.edu.tr\/eakturk\">Do\u00e7. Dr. Erg\u00fcn AKT\u00dcRK<\/a><\/strong><\/span><br \/><span style=\"color: #0000ff\"><strong><a style=\"color: #0000ff\" href=\"https:\/\/avesis.atauni.edu.tr\/tsahinoglu\">Do\u00e7. Dr. Tuba \u015eAH\u0130NO\u011eLU<\/a><\/strong><\/span><br \/><span style=\"color: #0000ff\"><strong><a style=\"color: #0000ff\" href=\"https:\/\/avesis.atauni.edu.tr\/ziya\">Do\u00e7. Dr. Ziya \u00c7a\u011flar YURTTAN\u00c7IKMAZ<\/a><\/strong><\/span><br \/><span style=\"color: #0000ff\"><strong><a style=\"color: #0000ff\" href=\"https:\/\/avesis.atauni.edu.tr\/ozgetatlici\">Do\u00e7. Dr. \u00d6zge BUZDA\u011eLI<\/a><\/strong><\/span><br \/><span style=\"color: #0000ff\"><strong><a style=\"color: #0000ff\" href=\"https:\/\/avesis.atauni.edu.tr\/atural\">Dr. \u00d6\u011fr. \u00dcyesi Arzu TURAL D\u0130KMEN<\/a><\/strong><\/span><br \/><span style=\"color: #0000ff\"><strong><a style=\"color: #0000ff\" href=\"https:\/\/avesis.atauni.edu.tr\/buketaydin\">Dr. \u00d6gr. \u00dcyesi<\/a><a style=\"color: #0000ff\" href=\"https:\/\/avesis.atauni.edu.tr\/muhammed.tepeler\"> Muhammed \u0130kbal TEPELER<\/a><\/strong><\/span><br \/><span style=\"color: #0000ff\"><strong><a style=\"color: #0000ff\" href=\"https:\/\/avesis.atauni.edu.tr\/buketaydin\">Dr. \u00d6\u011fr. \u00dcyesi<\/a><a style=\"color: #0000ff\" href=\"https:\/\/avesis.atauni.edu.tr\/sinem.ustalar\"> Sinem ATICI USTALAR<\/a><\/strong><\/span><br \/><span style=\"color: #0000ff\"><strong><a style=\"color: #0000ff\" href=\"https:\/\/avesis.atauni.edu.tr\/ersungur\">Dr. \u00d6\u011fr. \u00dcyesi \u015eaban Mustafa ERSUNGUR<\/a><\/strong><\/span><br \/><span style=\"color: #0000ff\"><strong><a style=\"color: #0000ff\" href=\"https:\/\/avesis.atauni.edu.tr\/buketaydin\">Dr.<\/a><a style=\"color: #0000ff\" href=\"https:\/\/avesis.atauni.edu.tr\/buketaydin\"> \u00d6\u011fr. \u00dcyesi Buket AYDIN<\/a><\/strong><\/span><br \/><span style=\"color: #0000ff\"><strong><a style=\"color: #0000ff\" href=\"https:\/\/avesis.atauni.edu.tr\/sena.gultekin\">Ar\u015f. G\u00f6r. Dr. Sena G\u00dcLTEK\u0130N<\/a><br \/><\/strong><strong><a style=\"color: #0000ff\" href=\"https:\/\/avesis.atauni.edu.tr\/bekiremre.askin\">Ar\u015f. G\u00f6r. Bekir Emre A\u015eKIN<\/a><\/strong><\/span><br \/><span style=\"color: #0000ff\"><strong><a style=\"color: #0000ff\" href=\"https:\/\/avesis.atauni.edu.tr\/cem.arik\">Ar\u015f. G\u00f6r. Cem ARIK<\/a><\/strong><\/span><br \/><span style=\"color: #0000ff\"><strong><a style=\"color: #0000ff\" href=\"https:\/\/avesis.atauni.edu.tr\/faruksahin\">Ar\u015f. G\u00f6r. Faruk \u015eAH\u0130N<\/a><\/strong><\/span><br \/><span style=\"color: #0000ff\"><strong><a style=\"color: #0000ff\" href=\"https:\/\/avesis.atauni.edu.tr\/keremfirat.coskun\">Ar\u015f. G\u00f6r. Kerem F\u0131rat CO\u015eKUN<\/a><\/strong><\/span><br \/><span style=\"color: #0000ff\"><strong><a style=\"color: #0000ff\" href=\"https:\/\/avesis.atauni.edu.tr\/nazli.gokce\">Ar\u015f. G\u00f6r. Nazl\u0131 G\u00d6K\u00c7E<\/a><\/strong><\/span><\/p>\t\t\t\t\t\t\t\t<\/div>\n\t\t\t\t<\/div>\n\t\t\t\t\t<\/div>\n\t\t<\/div>\n\t\t\t\t\t<\/div>\n\t\t<\/section>\n\t\t\t\t<\/div>\n\t\t","protected":false},"excerpt":{"rendered":"<p>Akademik Personel Prof. Dr. Kerem KARABULUTProf. Dr. Metin BAYRAKProf. Dr. \u00d6mer Sel\u00e7uk EMSENProf. Dr. \u00d6mer YAL\u00c7INKAYAProf. Dr. Sabri AZG\u00dcNProf. Dr. Sevda YAPRAKLIProf. Dr. Vedat KAYAProf. Dr. Yusuf AKANProf. Dr. Dilek \u00d6ZDEM\u0130RDo\u00e7. Dr. Erg\u00fcn AKT\u00dcRKDo\u00e7. Dr. Tuba \u015eAH\u0130NO\u011eLUDo\u00e7. Dr. Ziya \u00c7a\u011flar YURTTAN\u00c7IKMAZDo\u00e7. Dr. \u00d6zge BUZDA\u011eLIDr. \u00d6\u011fr. \u00dcyesi Arzu TURAL D\u0130KMENDr. \u00d6gr. \u00dcyesi Muhammed \u0130kbal TEPELERDr. \u00d6\u011fr. [&hellip;]<\/p>\n","protected":false},"author":1,"featured_media":0,"parent":0,"menu_order":0,"comment_status":"closed","ping_status":"closed","template":"elementor_header_footer","meta":{"footnotes":""},"class_list":["post-5688","page","type-page","status-publish","hentry"],"_links":{"self":[{"href":"https:\/\/atauni.edu.tr\/iktisat-bolumu\/wp-json\/wp\/v2\/pages\/5688","targetHints":{"allow":["GET"]}}],"collection":[{"href":"https:\/\/atauni.edu.tr\/iktisat-bolumu\/wp-json\/wp\/v2\/pages"}],"about":[{"href":"https:\/\/atauni.edu.tr\/iktisat-bolumu\/wp-json\/wp\/v2\/types\/page"}],"author":[{"embeddable":true,"href":"https:\/\/atauni.edu.tr\/iktisat-bolumu\/wp-json\/wp\/v2\/users\/1"}],"replies":[{"embeddable":true,"href":"https:\/\/atauni.edu.tr\/iktisat-bolumu\/wp-json\/wp\/v2\/comments?post=5688"}],"version-history":[{"count":86,"href":"https:\/\/atauni.edu.tr\/iktisat-bolumu\/wp-json\/wp\/v2\/pages\/5688\/revisions"}],"predecessor-version":[{"id":7525,"href":"https:\/\/atauni.edu.tr\/iktisat-bolumu\/wp-json\/wp\/v2\/pages\/5688\/revisions\/7525"}],"wp:attachment":[{"href":"https:\/\/atauni.edu.tr\/iktisat-bolumu\/wp-json\/wp\/v2\/media?parent=5688"}],"curies":[{"name":"wp","href":"https:\/\/api.w.org\/{rel}","templated":true}]}}