{"id":5765,"date":"2021-07-13T12:56:51","date_gmt":"2021-07-13T09:56:51","guid":{"rendered":"https:\/\/portaltest.atauni.edu.tr\/bilgisayar-muhendisligi\/?page_id=5765"},"modified":"2025-10-15T11:17:54","modified_gmt":"2025-10-15T08:17:54","slug":"anabilim-dallari","status":"publish","type":"page","link":"https:\/\/atauni.edu.tr\/iktisat-bolumu\/anabilim-dallari\/","title":{"rendered":"Anabilim Dallar\u0131"},"content":{"rendered":"\t\t<div data-elementor-type=\"wp-page\" data-elementor-id=\"5765\" class=\"elementor elementor-5765\" data-elementor-post-type=\"page\">\n\t\t\t\t\t\t<section class=\"elementor-section elementor-top-section elementor-element elementor-element-730d320 elementor-section-boxed elementor-section-height-default elementor-section-height-default\" data-id=\"730d320\" data-element_type=\"section\">\n\t\t\t\t\t\t<div class=\"elementor-container elementor-column-gap-default\">\n\t\t\t\t\t<div class=\"elementor-column elementor-col-100 elementor-top-column elementor-element elementor-element-753d0860\" data-id=\"753d0860\" data-element_type=\"column\">\n\t\t\t<div class=\"elementor-widget-wrap\">\n\t\t\t\t\t\t\t<\/div>\n\t\t<\/div>\n\t\t\t\t\t<\/div>\n\t\t<\/section>\n\t\t\t\t<section class=\"elementor-section elementor-top-section elementor-element elementor-element-9be811a elementor-section-boxed elementor-section-height-default elementor-section-height-default\" data-id=\"9be811a\" data-element_type=\"section\">\n\t\t\t\t\t\t<div class=\"elementor-container elementor-column-gap-default\">\n\t\t\t\t\t<div class=\"elementor-column elementor-col-100 elementor-top-column elementor-element elementor-element-1ed847b7\" data-id=\"1ed847b7\" data-element_type=\"column\">\n\t\t\t<div class=\"elementor-widget-wrap elementor-element-populated\">\n\t\t\t\t\t\t<div class=\"elementor-element elementor-element-4ce0d07f elementor-widget elementor-widget-heading\" data-id=\"4ce0d07f\" data-element_type=\"widget\" data-widget_type=\"heading.default\">\n\t\t\t\t<div class=\"elementor-widget-container\">\n\t\t\t\t\t<h2 class=\"elementor-heading-title elementor-size-default\">Anabilim Dallar\u0131<\/h2>\t\t\t\t<\/div>\n\t\t\t\t<\/div>\n\t\t\t\t<div class=\"elementor-element elementor-element-63260862 elementor-widget-divider--view-line elementor-widget elementor-widget-divider\" data-id=\"63260862\" data-element_type=\"widget\" data-widget_type=\"divider.default\">\n\t\t\t\t<div class=\"elementor-widget-container\">\n\t\t\t\t\t\t\t<div class=\"elementor-divider\">\n\t\t\t<span class=\"elementor-divider-separator\">\n\t\t\t\t\t\t<\/span>\n\t\t<\/div>\n\t\t\t\t\t\t<\/div>\n\t\t\t\t<\/div>\n\t\t\t\t\t<\/div>\n\t\t<\/div>\n\t\t\t\t\t<\/div>\n\t\t<\/section>\n\t\t\t\t<section class=\"elementor-section elementor-top-section elementor-element elementor-element-c1dabf9 elementor-section-boxed elementor-section-height-default elementor-section-height-default\" data-id=\"c1dabf9\" data-element_type=\"section\">\n\t\t\t\t\t\t<div class=\"elementor-container elementor-column-gap-default\">\n\t\t\t\t\t<div class=\"elementor-column elementor-col-100 elementor-top-column elementor-element elementor-element-00f8b3c\" data-id=\"00f8b3c\" data-element_type=\"column\">\n\t\t\t<div class=\"elementor-widget-wrap elementor-element-populated\">\n\t\t\t\t\t\t<div class=\"elementor-element elementor-element-0406fe6 elementor-widget elementor-widget-toggle\" data-id=\"0406fe6\" data-element_type=\"widget\" data-widget_type=\"toggle.default\">\n\t\t\t\t<div class=\"elementor-widget-container\">\n\t\t\t\t\t\t\t<div class=\"elementor-toggle\">\n\t\t\t\t\t\t\t<div class=\"elementor-toggle-item\">\n\t\t\t\t\t<div id=\"elementor-tab-title-4221\" class=\"elementor-tab-title\" data-tab=\"1\" role=\"button\" aria-controls=\"elementor-tab-content-4221\" aria-expanded=\"false\">\n\t\t\t\t\t\t\t\t\t\t\t\t<span class=\"elementor-toggle-icon elementor-toggle-icon-left\" aria-hidden=\"true\">\n\t\t\t\t\t\t\t\t\t\t\t\t\t\t\t<span class=\"elementor-toggle-icon-closed\"><svg class=\"e-font-icon-svg e-fas-caret-right\" viewBox=\"0 0 192 512\" xmlns=\"http:\/\/www.w3.org\/2000\/svg\"><path d=\"M0 384.662V127.338c0-17.818 21.543-26.741 34.142-14.142l128.662 128.662c7.81 7.81 7.81 20.474 0 28.284L34.142 398.804C21.543 411.404 0 402.48 0 384.662z\"><\/path><\/svg><\/span>\n\t\t\t\t\t\t\t\t<span class=\"elementor-toggle-icon-opened\"><svg class=\"elementor-toggle-icon-opened e-font-icon-svg e-fas-caret-up\" viewBox=\"0 0 320 512\" xmlns=\"http:\/\/www.w3.org\/2000\/svg\"><path d=\"M288.662 352H31.338c-17.818 0-26.741-21.543-14.142-34.142l128.662-128.662c7.81-7.81 20.474-7.81 28.284 0l128.662 128.662c12.6 12.599 3.676 34.142-14.142 34.142z\"><\/path><\/svg><\/span>\n\t\t\t\t\t\t\t\t\t\t\t\t\t<\/span>\n\t\t\t\t\t\t\t\t\t\t\t\t<a class=\"elementor-toggle-title\" tabindex=\"0\">\u0130ktisadi Geli\u015fme ve Uluslararas\u0131 \u0130ktisat<\/a>\n\t\t\t\t\t<\/div>\n\n\t\t\t\t\t<div id=\"elementor-tab-content-4221\" class=\"elementor-tab-content elementor-clearfix\" data-tab=\"1\" role=\"region\" aria-labelledby=\"elementor-tab-title-4221\"><p><span style=\"color: #0000ff\"><a style=\"color: #0000ff\" href=\"https:\/\/avesis.atauni.edu.tr\/osemsen\"><strong>Prof. Dr. \u00d6mer Sel\u00e7uk EMSEN<\/strong><\/a><\/span><\/p><p><span style=\"color: #0000ff\"><a style=\"color: #0000ff\" href=\"https:\/\/avesis.atauni.edu.tr\/sabriazgun\"><strong>Prof. Dr. Sabri AZG\u00dcN<\/strong><\/a><\/span><\/p><p><span style=\"color: #0000ff\"><a style=\"color: #0000ff\" href=\"https:\/\/avesis.atauni.edu.tr\/sevda1\"><strong>Prof. Dr. Sevda YAPRAKLI<\/strong><\/a><\/span><\/p><p><span style=\"color: #0000ff\"><strong><a style=\"color: #0000ff\" href=\"https:\/\/avesis.atauni.edu.tr\/ziya\">Do\u00e7. Dr. Ziya \u00c7a\u011flar YURTTAN\u00c7IKMAZ<\/a><\/strong><\/span><\/p><p><span style=\"color: #0000ff\"><strong><a style=\"color: #0000ff\" href=\"https:\/\/avesis.atauni.edu.tr\/ozgetatlici\">Do\u00e7. Dr. \u00d6zge BUZDA\u011eLI<\/a><br \/><\/strong><\/span><\/p><p><span style=\"color: #0000ff\"><strong><a style=\"color: #0000ff\" href=\"https:\/\/avesis.atauni.edu.tr\/ersungur\">Dr. \u00d6\u011fr. \u00dcyesi \u015eaban Mustafa ERSUNGUR<\/a><\/strong><\/span><\/p><p><span style=\"color: #0000ff\"><a style=\"color: #0000ff\" href=\"https:\/\/avesis.atauni.edu.tr\/cem.arik\"><strong>Ar\u015f. G\u00f6r. Cem ARIK<\/strong><\/a><\/span><\/p><p><span style=\"color: #0000ff\"><a style=\"color: #0000ff\" href=\"https:\/\/avesis.atauni.edu.tr\/nazli.gokce\"><strong>Ar\u015f. G\u00f6r. Nazl\u0131 G\u00d6K\u00c7E<\/strong><\/a><\/span><\/p><\/div>\n\t\t\t\t<\/div>\n\t\t\t\t\t\t\t<div class=\"elementor-toggle-item\">\n\t\t\t\t\t<div id=\"elementor-tab-title-4222\" class=\"elementor-tab-title\" data-tab=\"2\" role=\"button\" aria-controls=\"elementor-tab-content-4222\" aria-expanded=\"false\">\n\t\t\t\t\t\t\t\t\t\t\t\t<span class=\"elementor-toggle-icon elementor-toggle-icon-left\" aria-hidden=\"true\">\n\t\t\t\t\t\t\t\t\t\t\t\t\t\t\t<span class=\"elementor-toggle-icon-closed\"><svg class=\"e-font-icon-svg e-fas-caret-right\" viewBox=\"0 0 192 512\" xmlns=\"http:\/\/www.w3.org\/2000\/svg\"><path d=\"M0 384.662V127.338c0-17.818 21.543-26.741 34.142-14.142l128.662 128.662c7.81 7.81 7.81 20.474 0 28.284L34.142 398.804C21.543 411.404 0 402.48 0 384.662z\"><\/path><\/svg><\/span>\n\t\t\t\t\t\t\t\t<span class=\"elementor-toggle-icon-opened\"><svg class=\"elementor-toggle-icon-opened e-font-icon-svg e-fas-caret-up\" viewBox=\"0 0 320 512\" xmlns=\"http:\/\/www.w3.org\/2000\/svg\"><path d=\"M288.662 352H31.338c-17.818 0-26.741-21.543-14.142-34.142l128.662-128.662c7.81-7.81 20.474-7.81 28.284 0l128.662 128.662c12.6 12.599 3.676 34.142-14.142 34.142z\"><\/path><\/svg><\/span>\n\t\t\t\t\t\t\t\t\t\t\t\t\t<\/span>\n\t\t\t\t\t\t\t\t\t\t\t\t<a class=\"elementor-toggle-title\" tabindex=\"0\">\u0130ktisat Politikas\u0131<\/a>\n\t\t\t\t\t<\/div>\n\n\t\t\t\t\t<div id=\"elementor-tab-content-4222\" class=\"elementor-tab-content elementor-clearfix\" data-tab=\"2\" role=\"region\" aria-labelledby=\"elementor-tab-title-4222\"><p><span style=\"color: #0000ff\"><a style=\"color: #0000ff\" href=\"https:\/\/avesis.atauni.edu.tr\/kerem\"><strong>Prof. Dr. Kerem KARABULUT<\/strong><\/a><\/span><\/p>\n<p><span style=\"color: #0000ff\"><a style=\"color: #0000ff\" href=\"https:\/\/avesis.atauni.edu.tr\/mbayrak\"><strong>Prof. Dr. Metin BAYRAK<\/strong><\/a><\/span><\/p>\n<p><span style=\"color: #0000ff\"><a style=\"color: #0000ff\" href=\"https:\/\/avesis.atauni.edu.tr\/vkaya\"><strong>Prof. Dr. Vedat KAYA<\/strong><\/a><\/span><\/p>\n<p><span style=\"color: #0000ff\"><a style=\"font-family: var( --e-global-typography-text-font-family ), Sans-serif;letter-spacing: 0px;color: #0000ff\" href=\"https:\/\/avesis.atauni.edu.tr\/oyalcinkaya\" target=\"_blank\" rel=\"noopener\"><b>Prof. Dr. \u00d6mer YAL\u00c7INKAYA<\/b><\/a><\/span><\/p>\n<p><span style=\"color: #0000ff\"><a style=\"font-family: var( --e-global-typography-text-font-family ), Sans-serif;font-weight: var( --e-global-typography-text-font-weight );letter-spacing: 0px;color: #0000ff\" href=\"https:\/\/avesis.atauni.edu.tr\/pdilek\"><strong>Prof. Dr. Dilek \u00d6ZDEM\u0130R<\/strong><\/a><\/span><\/p>\n<p><span style=\"color: #0000ff\"><a style=\"color: #0000ff\" href=\"https:\/\/avesis.atauni.edu.tr\/tsahinoglu\"><strong>Do\u00e7. Dr. Tuba \u015eAH\u0130NO\u011eLU<\/strong><\/a><\/span><\/p>\n<p><span style=\"color: #0000ff\"><a style=\"color: #0000ff\" href=\"https:\/\/avesis.atauni.edu.tr\/atural\"><strong>Dr. \u00d6\u011fr. \u00dcyesi Arzu TURAL D\u0130KMEN<\/strong><\/a><\/span><\/p>\n<p><a style=\"color: #0000ff;background-color: #ffffff;font-family: var( --e-global-typography-text-font-family ), Sans-serif;font-weight: var( --e-global-typography-text-font-weight );letter-spacing: 0px\" href=\"https:\/\/avesis.atauni.edu.tr\/muhammed.tepeler\"><span style=\"font-weight: bolder\">Dr. \u00d6\u011fr. \u00dcyesi<\/span><\/a><a style=\"color: #0000ff;background-color: #ffffff;font-family: var( --e-global-typography-text-font-family ), Sans-serif;font-weight: var( --e-global-typography-text-font-weight );letter-spacing: 0px\" href=\"https:\/\/avesis.atauni.edu.tr\/buketaydin\"><span style=\"font-weight: bolder\">&nbsp;Buket AYDIN<\/span><\/a><\/p>\n<p><span style=\"color: #0000ff\"><a style=\"color: #0000ff\" href=\"https:\/\/avesis.atauni.edu.tr\/faruksahin\"><strong>Ar\u015f. G\u00f6r. Faruk \u015eAH\u0130N<\/strong><\/a><\/span><\/p>\n<p><span style=\"color: #0000ff\"><a style=\"color: #0000ff\" href=\"https:\/\/avesis.atauni.edu.tr\/keremfirat.coskun\"><strong>Ar\u015f. G\u00f6r. Kerem F\u0131rat CO\u015eKUN<\/strong><\/a><\/span><\/p><\/div>\n\t\t\t\t<\/div>\n\t\t\t\t\t\t\t<div class=\"elementor-toggle-item\">\n\t\t\t\t\t<div id=\"elementor-tab-title-4223\" class=\"elementor-tab-title\" data-tab=\"3\" role=\"button\" aria-controls=\"elementor-tab-content-4223\" aria-expanded=\"false\">\n\t\t\t\t\t\t\t\t\t\t\t\t<span class=\"elementor-toggle-icon elementor-toggle-icon-left\" aria-hidden=\"true\">\n\t\t\t\t\t\t\t\t\t\t\t\t\t\t\t<span class=\"elementor-toggle-icon-closed\"><svg class=\"e-font-icon-svg e-fas-caret-right\" viewBox=\"0 0 192 512\" xmlns=\"http:\/\/www.w3.org\/2000\/svg\"><path d=\"M0 384.662V127.338c0-17.818 21.543-26.741 34.142-14.142l128.662 128.662c7.81 7.81 7.81 20.474 0 28.284L34.142 398.804C21.543 411.404 0 402.48 0 384.662z\"><\/path><\/svg><\/span>\n\t\t\t\t\t\t\t\t<span class=\"elementor-toggle-icon-opened\"><svg class=\"elementor-toggle-icon-opened e-font-icon-svg e-fas-caret-up\" viewBox=\"0 0 320 512\" xmlns=\"http:\/\/www.w3.org\/2000\/svg\"><path d=\"M288.662 352H31.338c-17.818 0-26.741-21.543-14.142-34.142l128.662-128.662c7.81-7.81 20.474-7.81 28.284 0l128.662 128.662c12.6 12.599 3.676 34.142-14.142 34.142z\"><\/path><\/svg><\/span>\n\t\t\t\t\t\t\t\t\t\t\t\t\t<\/span>\n\t\t\t\t\t\t\t\t\t\t\t\t<a class=\"elementor-toggle-title\" tabindex=\"0\">\u0130ktisat Tarihi<\/a>\n\t\t\t\t\t<\/div>\n\n\t\t\t\t\t<div id=\"elementor-tab-content-4223\" class=\"elementor-tab-content elementor-clearfix\" data-tab=\"3\" role=\"region\" aria-labelledby=\"elementor-tab-title-4223\"><p><span style=\"color: #0000ff\"><a style=\"color: #0000ff\" href=\"https:\/\/avesis.atauni.edu.tr\/bekiremre.askin\"><strong>Ar\u015f. G\u00f6r. Bekir Emre A\u015eKIN<\/strong><\/a><\/span><\/p><\/div>\n\t\t\t\t<\/div>\n\t\t\t\t\t\t\t<div class=\"elementor-toggle-item\">\n\t\t\t\t\t<div id=\"elementor-tab-title-4224\" class=\"elementor-tab-title\" data-tab=\"4\" role=\"button\" aria-controls=\"elementor-tab-content-4224\" aria-expanded=\"false\">\n\t\t\t\t\t\t\t\t\t\t\t\t<span class=\"elementor-toggle-icon elementor-toggle-icon-left\" aria-hidden=\"true\">\n\t\t\t\t\t\t\t\t\t\t\t\t\t\t\t<span class=\"elementor-toggle-icon-closed\"><svg class=\"e-font-icon-svg e-fas-caret-right\" viewBox=\"0 0 192 512\" xmlns=\"http:\/\/www.w3.org\/2000\/svg\"><path d=\"M0 384.662V127.338c0-17.818 21.543-26.741 34.142-14.142l128.662 128.662c7.81 7.81 7.81 20.474 0 28.284L34.142 398.804C21.543 411.404 0 402.48 0 384.662z\"><\/path><\/svg><\/span>\n\t\t\t\t\t\t\t\t<span class=\"elementor-toggle-icon-opened\"><svg class=\"elementor-toggle-icon-opened e-font-icon-svg e-fas-caret-up\" viewBox=\"0 0 320 512\" xmlns=\"http:\/\/www.w3.org\/2000\/svg\"><path d=\"M288.662 352H31.338c-17.818 0-26.741-21.543-14.142-34.142l128.662-128.662c7.81-7.81 20.474-7.81 28.284 0l128.662 128.662c12.6 12.599 3.676 34.142-14.142 34.142z\"><\/path><\/svg><\/span>\n\t\t\t\t\t\t\t\t\t\t\t\t\t<\/span>\n\t\t\t\t\t\t\t\t\t\t\t\t<a class=\"elementor-toggle-title\" tabindex=\"0\">\u0130ktisat Teorisi<\/a>\n\t\t\t\t\t<\/div>\n\n\t\t\t\t\t<div id=\"elementor-tab-content-4224\" class=\"elementor-tab-content elementor-clearfix\" data-tab=\"4\" role=\"region\" aria-labelledby=\"elementor-tab-title-4224\"><p><a href=\"https:\/\/avesis.atauni.edu.tr\/yusufakan\" style=\"font-size: 1rem;letter-spacing: 0px\"><strong>Prof. Dr. Yusuf AKAN<\/strong><\/a><\/p>\n<p><span style=\"color: #0000ff\"><a style=\"color: #0000ff\" href=\"https:\/\/avesis.atauni.edu.tr\/eakturk\"><strong>Do\u00e7. Dr. Erg\u00fcn AKT\u00dcRK<\/strong><\/a><\/span><\/p>\n<p><span style=\"color: #0000ff\"><a style=\"color: #0000ff\" href=\"https:\/\/avesis.atauni.edu.tr\/muhammed.tepeler\"><strong>D<\/strong><\/a><\/span><a style=\"font-weight: bolder;font-family: var( --e-global-typography-text-font-family ), Sans-serif;background-color: #ffffff;letter-spacing: 0px;color: #0000ff\" href=\"https:\/\/avesis.atauni.edu.tr\/ozgetatlici\">r. \u00d6\u011fr. \u00dcyesi<\/a>&nbsp;<a style=\"font-family: var( --e-global-typography-text-font-family ), Sans-serif;font-weight: var( --e-global-typography-text-font-weight );background-color: #ffffff;letter-spacing: 0px;color: #0000ff\" href=\"https:\/\/avesis.atauni.edu.tr\/muhammed.tepeler\"><strong>Muhammed \u0130kbal TEPELER<\/strong><\/a><\/p>\n<p><span style=\"color: #0000ff\"><span style=\"font-family: var( --e-global-typography-text-font-family ), Sans-serif;letter-spacing: 0px\"><b>D<\/b><\/span><\/span><a style=\"font-weight: bolder;font-family: var( --e-global-typography-text-font-family ), Sans-serif;background-color: #ffffff;letter-spacing: 0px;color: #0000ff\" href=\"https:\/\/avesis.atauni.edu.tr\/ozgetatlici\">r. \u00d6\u011fr. \u00dcyesi<\/a><span style=\"color: #0000ff;font-family: var( --e-global-typography-text-font-family ), Sans-serif;font-weight: var( --e-global-typography-text-font-weight );letter-spacing: 0px\">&nbsp;<\/span><a style=\"font-family: var( --e-global-typography-text-font-family ), Sans-serif;font-weight: var( --e-global-typography-text-font-weight );letter-spacing: 0px;color: #0000ff;background-color: #ffffff\" href=\"https:\/\/avesis.atauni.edu.tr\/sinem.ustalar\"><span style=\"font-weight: bolder\">Sinem ATICI USTALAR<\/span><\/a><\/p>\n<p><span style=\"color: #0000ff\"><a style=\"color: #0000ff\" href=\"https:\/\/avesis.atauni.edu.tr\/sena.gultekin\"><strong>Ar\u015f. G\u00f6r. Dr. Sena G\u00dcLTEK\u0130N<\/strong><\/a><\/span><\/p><\/div>\n\t\t\t\t<\/div>\n\t\t\t\t\t\t\t\t<\/div>\n\t\t\t\t\t\t<\/div>\n\t\t\t\t<\/div>\n\t\t\t\t\t<\/div>\n\t\t<\/div>\n\t\t\t\t\t<\/div>\n\t\t<\/section>\n\t\t\t\t<\/div>\n\t\t","protected":false},"excerpt":{"rendered":"<p>Anabilim Dallar\u0131 \u0130ktisadi Geli\u015fme ve Uluslararas\u0131 \u0130ktisat Prof. Dr. \u00d6mer Sel\u00e7uk EMSEN Prof. Dr. Sabri AZG\u00dcN Prof. Dr. Sevda YAPRAKLI Do\u00e7. Dr. Ziya \u00c7a\u011flar YURTTAN\u00c7IKMAZ Do\u00e7. Dr. \u00d6zge BUZDA\u011eLI Dr. \u00d6\u011fr. \u00dcyesi \u015eaban Mustafa ERSUNGUR Ar\u015f. G\u00f6r. Cem ARIK Ar\u015f. G\u00f6r. Nazl\u0131 G\u00d6K\u00c7E \u0130ktisat Politikas\u0131 Prof. Dr. Kerem KARABULUT Prof. Dr. Metin BAYRAK Prof. Dr. [&hellip;]<\/p>\n","protected":false},"author":1,"featured_media":0,"parent":0,"menu_order":0,"comment_status":"closed","ping_status":"closed","template":"elementor_header_footer","meta":{"footnotes":""},"class_list":["post-5765","page","type-page","status-publish","hentry"],"_links":{"self":[{"href":"https:\/\/atauni.edu.tr\/iktisat-bolumu\/wp-json\/wp\/v2\/pages\/5765","targetHints":{"allow":["GET"]}}],"collection":[{"href":"https:\/\/atauni.edu.tr\/iktisat-bolumu\/wp-json\/wp\/v2\/pages"}],"about":[{"href":"https:\/\/atauni.edu.tr\/iktisat-bolumu\/wp-json\/wp\/v2\/types\/page"}],"author":[{"embeddable":true,"href":"https:\/\/atauni.edu.tr\/iktisat-bolumu\/wp-json\/wp\/v2\/users\/1"}],"replies":[{"embeddable":true,"href":"https:\/\/atauni.edu.tr\/iktisat-bolumu\/wp-json\/wp\/v2\/comments?post=5765"}],"version-history":[{"count":53,"href":"https:\/\/atauni.edu.tr\/iktisat-bolumu\/wp-json\/wp\/v2\/pages\/5765\/revisions"}],"predecessor-version":[{"id":7528,"href":"https:\/\/atauni.edu.tr\/iktisat-bolumu\/wp-json\/wp\/v2\/pages\/5765\/revisions\/7528"}],"wp:attachment":[{"href":"https:\/\/atauni.edu.tr\/iktisat-bolumu\/wp-json\/wp\/v2\/media?parent=5765"}],"curies":[{"name":"wp","href":"https:\/\/api.w.org\/{rel}","templated":true}]}}