{"id":7255,"date":"2025-05-23T20:28:11","date_gmt":"2025-05-23T17:28:11","guid":{"rendered":"https:\/\/birimler.atauni.edu.tr\/iktisat-bolumu\/?page_id=7255"},"modified":"2025-05-23T20:38:26","modified_gmt":"2025-05-23T17:38:26","slug":"tezli-lisansustu-programlarimiz","status":"publish","type":"page","link":"https:\/\/atauni.edu.tr\/iktisat-bolumu\/tezli-lisansustu-programlarimiz\/","title":{"rendered":"Tezli Lisans\u00fcst\u00fc Programlar\u0131"},"content":{"rendered":"\t\t<div data-elementor-type=\"wp-page\" data-elementor-id=\"7255\" class=\"elementor elementor-7255\" data-elementor-post-type=\"page\">\n\t\t\t\t<div class=\"elementor-element elementor-element-a09556b e-flex e-con-boxed e-con e-parent\" data-id=\"a09556b\" data-element_type=\"container\">\n\t\t\t\t\t<div class=\"e-con-inner\">\n\t\t\t\t<div class=\"elementor-element elementor-element-796f87a elementor-widget elementor-widget-text-editor\" data-id=\"796f87a\" data-element_type=\"widget\" data-widget_type=\"text-editor.default\">\n\t\t\t\t<div class=\"elementor-widget-container\">\n\t\t\t\t\t\t\t\t\t<p>B\u00f6l\u00fcm\u00fcm\u00fczde mevcut olan Y\u00fcksek Lisans ve Doktora Programlar\u0131 a\u015fa\u011f\u0131daki gibidir.<\/p>\t\t\t\t\t\t\t\t<\/div>\n\t\t\t\t<\/div>\n\t\t\t\t<div class=\"elementor-element elementor-element-97e906f elementor-widget elementor-widget-text-editor\" data-id=\"97e906f\" data-element_type=\"widget\" data-widget_type=\"text-editor.default\">\n\t\t\t\t<div class=\"elementor-widget-container\">\n\t\t\t\t\t\t\t\t\t<h3>Y\u00fcksek Lisans Programlar\u0131<\/h3>\t\t\t\t\t\t\t\t<\/div>\n\t\t\t\t<\/div>\n\t\t\t\t<div class=\"elementor-element elementor-element-b8ba471 elementor-widget elementor-widget-text-editor\" data-id=\"b8ba471\" data-element_type=\"widget\" data-widget_type=\"text-editor.default\">\n\t\t\t\t<div class=\"elementor-widget-container\">\n\t\t\t\t\t\t\t\t\t<ul><li><h5><strong>\u0130ktisadi Geli\u015fme ve Uluslararas\u0131 \u0130ktisat<\/strong><\/h5><\/li><li><h5><strong>\u0130ktisat Politikas\u0131<\/strong><\/h5><\/li><li><h5><strong>\u0130ktisat Teorisi<\/strong><\/h5><\/li><\/ul>\t\t\t\t\t\t\t\t<\/div>\n\t\t\t\t<\/div>\n\t\t\t\t\t<\/div>\n\t\t\t\t<\/div>\n\t\t<div class=\"elementor-element elementor-element-560fc1f e-flex e-con-boxed e-con e-parent\" data-id=\"560fc1f\" data-element_type=\"container\">\n\t\t\t\t\t<div class=\"e-con-inner\">\n\t\t\t\t<div class=\"elementor-element elementor-element-6aa5434 elementor-widget elementor-widget-text-editor\" data-id=\"6aa5434\" data-element_type=\"widget\" data-widget_type=\"text-editor.default\">\n\t\t\t\t<div class=\"elementor-widget-container\">\n\t\t\t\t\t\t\t\t\t<h3>Doktora Programlar\u0131<\/h3>\t\t\t\t\t\t\t\t<\/div>\n\t\t\t\t<\/div>\n\t\t\t\t\t<\/div>\n\t\t\t\t<\/div>\n\t\t<div class=\"elementor-element elementor-element-8bec47b e-flex e-con-boxed e-con e-parent\" data-id=\"8bec47b\" data-element_type=\"container\">\n\t\t\t\t\t<div class=\"e-con-inner\">\n\t\t\t\t<div class=\"elementor-element elementor-element-15e3f8e elementor-widget elementor-widget-text-editor\" data-id=\"15e3f8e\" data-element_type=\"widget\" data-widget_type=\"text-editor.default\">\n\t\t\t\t<div class=\"elementor-widget-container\">\n\t\t\t\t\t\t\t\t\t<ul><li><h5><strong>\u0130ktisadi Geli\u015fme ve Uluslararas\u0131 \u0130ktisat<\/strong><\/h5><\/li><li><h5><strong>\u0130ktisat Politikas\u0131<\/strong><\/h5><\/li><li><h5><strong>\u0130ktisat Teorisi<\/strong><\/h5><\/li><\/ul>\t\t\t\t\t\t\t\t<\/div>\n\t\t\t\t<\/div>\n\t\t\t\t\t<\/div>\n\t\t\t\t<\/div>\n\t\t<div class=\"elementor-element elementor-element-872605f e-flex e-con-boxed e-con e-parent\" data-id=\"872605f\" data-element_type=\"container\">\n\t\t\t\t\t<div class=\"e-con-inner\">\n\t\t\t\t\t<\/div>\n\t\t\t\t<\/div>\n\t\t<div class=\"elementor-element elementor-element-dece690 e-flex e-con-boxed e-con e-parent\" data-id=\"dece690\" data-element_type=\"container\">\n\t\t\t\t\t<div class=\"e-con-inner\">\n\t\t\t\t\t<\/div>\n\t\t\t\t<\/div>\n\t\t\t\t<\/div>\n\t\t","protected":false},"excerpt":{"rendered":"<p>B\u00f6l\u00fcm\u00fcm\u00fczde mevcut olan Y\u00fcksek Lisans ve Doktora Programlar\u0131 a\u015fa\u011f\u0131daki gibidir. Y\u00fcksek Lisans Programlar\u0131 \u0130ktisadi Geli\u015fme ve Uluslararas\u0131 \u0130ktisat \u0130ktisat Politikas\u0131 \u0130ktisat Teorisi Doktora Programlar\u0131 \u0130ktisadi Geli\u015fme ve Uluslararas\u0131 \u0130ktisat \u0130ktisat Politikas\u0131 \u0130ktisat Teorisi<\/p>\n","protected":false},"author":555,"featured_media":0,"parent":0,"menu_order":0,"comment_status":"closed","ping_status":"closed","template":"","meta":{"footnotes":""},"class_list":["post-7255","page","type-page","status-publish","hentry"],"_links":{"self":[{"href":"https:\/\/atauni.edu.tr\/iktisat-bolumu\/wp-json\/wp\/v2\/pages\/7255","targetHints":{"allow":["GET"]}}],"collection":[{"href":"https:\/\/atauni.edu.tr\/iktisat-bolumu\/wp-json\/wp\/v2\/pages"}],"about":[{"href":"https:\/\/atauni.edu.tr\/iktisat-bolumu\/wp-json\/wp\/v2\/types\/page"}],"author":[{"embeddable":true,"href":"https:\/\/atauni.edu.tr\/iktisat-bolumu\/wp-json\/wp\/v2\/users\/555"}],"replies":[{"embeddable":true,"href":"https:\/\/atauni.edu.tr\/iktisat-bolumu\/wp-json\/wp\/v2\/comments?post=7255"}],"version-history":[{"count":8,"href":"https:\/\/atauni.edu.tr\/iktisat-bolumu\/wp-json\/wp\/v2\/pages\/7255\/revisions"}],"predecessor-version":[{"id":7270,"href":"https:\/\/atauni.edu.tr\/iktisat-bolumu\/wp-json\/wp\/v2\/pages\/7255\/revisions\/7270"}],"wp:attachment":[{"href":"https:\/\/atauni.edu.tr\/iktisat-bolumu\/wp-json\/wp\/v2\/media?parent=7255"}],"curies":[{"name":"wp","href":"https:\/\/api.w.org\/{rel}","templated":true}]}}