{"id":7076,"date":"2021-09-29T15:33:32","date_gmt":"2021-09-29T12:33:32","guid":{"rendered":"https:\/\/birimler.atauni.edu.tr\/ilahiyat-fakultesi\/?page_id=7076"},"modified":"2021-11-23T10:56:55","modified_gmt":"2021-11-23T07:56:55","slug":"program-amaclari","status":"publish","type":"page","link":"https:\/\/atauni.edu.tr\/ilahiyat-fakultesi\/program-amaclari\/","title":{"rendered":"Program Ama\u00e7lar\u0131"},"content":{"rendered":"\t\t<div data-elementor-type=\"wp-page\" data-elementor-id=\"7076\" class=\"elementor elementor-7076\" data-elementor-post-type=\"page\">\n\t\t\t\t\t\t<section class=\"elementor-section elementor-top-section elementor-element elementor-element-79d3d63 elementor-section-boxed elementor-section-height-default elementor-section-height-default\" data-id=\"79d3d63\" data-element_type=\"section\">\n\t\t\t\t\t\t<div class=\"elementor-container elementor-column-gap-default\">\n\t\t\t\t\t<div class=\"elementor-column elementor-col-100 elementor-top-column elementor-element elementor-element-077c2a1\" data-id=\"077c2a1\" data-element_type=\"column\">\n\t\t\t<div class=\"elementor-widget-wrap elementor-element-populated\">\n\t\t\t\t\t\t<div class=\"elementor-element elementor-element-81e9639 elementor-widget elementor-widget-heading\" data-id=\"81e9639\" data-element_type=\"widget\" data-widget_type=\"heading.default\">\n\t\t\t\t<div class=\"elementor-widget-container\">\n\t\t\t\t\t<h2 class=\"elementor-heading-title elementor-size-default\">Program Ama\u00e7lar\u0131<\/h2>\t\t\t\t<\/div>\n\t\t\t\t<\/div>\n\t\t\t\t<div class=\"elementor-element elementor-element-174f617 elementor-absolute elementor-widget-divider--view-line elementor-widget elementor-widget-divider\" data-id=\"174f617\" data-element_type=\"widget\" data-settings=\"{&quot;_position&quot;:&quot;absolute&quot;}\" data-widget_type=\"divider.default\">\n\t\t\t\t<div class=\"elementor-widget-container\">\n\t\t\t\t\t\t\t<div class=\"elementor-divider\">\n\t\t\t<span class=\"elementor-divider-separator\">\n\t\t\t\t\t\t<\/span>\n\t\t<\/div>\n\t\t\t\t\t\t<\/div>\n\t\t\t\t<\/div>\n\t\t\t\t\t<\/div>\n\t\t<\/div>\n\t\t\t\t\t<\/div>\n\t\t<\/section>\n\t\t\t\t<section class=\"elementor-section elementor-top-section elementor-element elementor-element-1a616a2 elementor-section-boxed elementor-section-height-default elementor-section-height-default\" data-id=\"1a616a2\" data-element_type=\"section\">\n\t\t\t\t\t\t<div class=\"elementor-container elementor-column-gap-default\">\n\t\t\t\t\t<div class=\"elementor-column elementor-col-50 elementor-top-column elementor-element elementor-element-e6fef46\" data-id=\"e6fef46\" data-element_type=\"column\">\n\t\t\t<div class=\"elementor-widget-wrap elementor-element-populated\">\n\t\t\t\t\t\t<div class=\"elementor-element elementor-element-48bc790 elementor-invisible elementor-widget elementor-widget-image\" data-id=\"48bc790\" data-element_type=\"widget\" data-settings=\"{&quot;_animation&quot;:&quot;zoomIn&quot;}\" data-widget_type=\"image.default\">\n\t\t\t\t<div class=\"elementor-widget-container\">\n\t\t\t\t\t\t\t\t\t\t\t\t\t\t\t<img fetchpriority=\"high\" decoding=\"async\" width=\"1024\" height=\"576\" src=\"https:\/\/atauni.edu.tr\/ilahiyat-fakultesi\/wp-content\/uploads\/sites\/65\/2021\/11\/program-amaclari-1024x576.jpg\" class=\"attachment-large size-large wp-image-10960\" alt=\"\" srcset=\"https:\/\/atauni.edu.tr\/ilahiyat-fakultesi\/wp-content\/uploads\/sites\/65\/2021\/11\/program-amaclari-1024x576.jpg 1024w, https:\/\/atauni.edu.tr\/ilahiyat-fakultesi\/wp-content\/uploads\/sites\/65\/2021\/11\/program-amaclari-300x169.jpg 300w, https:\/\/atauni.edu.tr\/ilahiyat-fakultesi\/wp-content\/uploads\/sites\/65\/2021\/11\/program-amaclari-768x432.jpg 768w, https:\/\/atauni.edu.tr\/ilahiyat-fakultesi\/wp-content\/uploads\/sites\/65\/2021\/11\/program-amaclari-600x338.jpg 600w, https:\/\/atauni.edu.tr\/ilahiyat-fakultesi\/wp-content\/uploads\/sites\/65\/2021\/11\/program-amaclari-560x315.jpg 560w, https:\/\/atauni.edu.tr\/ilahiyat-fakultesi\/wp-content\/uploads\/sites\/65\/2021\/11\/program-amaclari.jpg 1280w\" sizes=\"(max-width: 1024px) 100vw, 1024px\" \/>\t\t\t\t\t\t\t\t\t\t\t\t\t\t\t<\/div>\n\t\t\t\t<\/div>\n\t\t\t\t<div class=\"elementor-element elementor-element-c721d8b elementor-invisible elementor-widget elementor-widget-image\" data-id=\"c721d8b\" data-element_type=\"widget\" data-settings=\"{&quot;_animation&quot;:&quot;zoomIn&quot;}\" data-widget_type=\"image.default\">\n\t\t\t\t<div class=\"elementor-widget-container\">\n\t\t\t\t\t\t\t\t\t\t\t\t\t\t\t<img decoding=\"async\" width=\"1024\" height=\"576\" src=\"https:\/\/atauni.edu.tr\/ilahiyat-fakultesi\/wp-content\/uploads\/sites\/65\/2021\/11\/program-amaclari2-1024x576.jpg\" class=\"attachment-large size-large wp-image-10962\" alt=\"\" srcset=\"https:\/\/atauni.edu.tr\/ilahiyat-fakultesi\/wp-content\/uploads\/sites\/65\/2021\/11\/program-amaclari2-1024x576.jpg 1024w, https:\/\/atauni.edu.tr\/ilahiyat-fakultesi\/wp-content\/uploads\/sites\/65\/2021\/11\/program-amaclari2-300x169.jpg 300w, https:\/\/atauni.edu.tr\/ilahiyat-fakultesi\/wp-content\/uploads\/sites\/65\/2021\/11\/program-amaclari2-768x432.jpg 768w, https:\/\/atauni.edu.tr\/ilahiyat-fakultesi\/wp-content\/uploads\/sites\/65\/2021\/11\/program-amaclari2-600x338.jpg 600w, https:\/\/atauni.edu.tr\/ilahiyat-fakultesi\/wp-content\/uploads\/sites\/65\/2021\/11\/program-amaclari2-560x315.jpg 560w, https:\/\/atauni.edu.tr\/ilahiyat-fakultesi\/wp-content\/uploads\/sites\/65\/2021\/11\/program-amaclari2.jpg 1280w\" sizes=\"(max-width: 1024px) 100vw, 1024px\" \/>\t\t\t\t\t\t\t\t\t\t\t\t\t\t\t<\/div>\n\t\t\t\t<\/div>\n\t\t\t\t\t<\/div>\n\t\t<\/div>\n\t\t\t\t<div class=\"elementor-column elementor-col-50 elementor-top-column elementor-element elementor-element-a90456a\" data-id=\"a90456a\" data-element_type=\"column\">\n\t\t\t<div class=\"elementor-widget-wrap elementor-element-populated\">\n\t\t\t\t\t\t<div class=\"elementor-element elementor-element-16ba993 elementor-invisible elementor-widget elementor-widget-text-editor\" data-id=\"16ba993\" data-element_type=\"widget\" data-settings=\"{&quot;_animation&quot;:&quot;fadeInRight&quot;}\" data-widget_type=\"text-editor.default\">\n\t\t\t\t<div class=\"elementor-widget-container\">\n\t\t\t\t\t\t\t\t\t<p><span style=\"font-weight: bolder;letter-spacing: 0px\">Ama\u00e7lar;<\/span><\/p><ul><li>\u0130lahiyat alan\u0131 ve alt dallar\u0131n\u0131n (\u0130slam Tarihi ve Sanatlar\u0131, Temel \u0130slam Bilimleri ve Felsefe ve Din Bilimleri), usul, literat\u00fcr ve temel kavramlar\u0131n\u0131 lisans d\u00fczeyinde bilen ve uygulama becerisine sahip \u00f6\u011frenciler yeti\u015ftirilmesi.<\/li><li>\u00d6\u011frencilere sorgulay\u0131c\u0131, \u00e7\u00f6z\u00fcmleyici ve ele\u015ftirel bir yakla\u015f\u0131m kazand\u0131r\u0131lmas\u0131; sistematik ve \u00e7ok y\u00f6nl\u00fc d\u00fc\u015f\u00fcnme ile olay-olgu ili\u015fkisi tesis edebilme ve disiplinler aras\u0131 \u00e7al\u0131\u015fma becerisi edindirilmesi.<\/li><li>\u0130lahiyat alan\u0131na ili\u015fkin toplumun g\u00fcncel sorunlar\u0131n\u0131 saptayan, alan\u0131ndaki bilgi ve becerisini kullanarak sonu\u00e7 \u00e7\u0131karacak sa\u011flam bir alt yap\u0131, donan\u0131m ve \u00f6zg\u00fcven sahibi \u00f6\u011frenciler yeti\u015ftirilmesi.<\/li><li>\u00d6\u011frencinin alan\u0131nda ortaya \u00e7\u0131kan ulusal veya uluslararas\u0131 problemlerle ilgili bilgi ve donan\u0131m\u0131n\u0131 geli\u015ftirmesi, ilgili etkinlik ve proje tertip edebilme ve \u00e7\u00f6z\u00fcm \u00f6nerilerini topluma aktarabilmesi.<\/li><li>\u0130lahiyat alan\u0131n\u0131n temel kaynak ve ara\u015ft\u0131rma metinlerini anlayabilecek ve yabanc\u0131 meslekta\u015flar\u0131 ile ileti\u015fim kurabilecek d\u00fczeyde mesleki dil (Arap\u00e7a ve \u0130ngilizce) becerisi\/ yetkinli\u011fine ve terminolojisine h\u00e2kim olan \u00f6\u011frencilerin yeti\u015ftirilmesi.<\/li><li>Milli ve ahlaki de\u011ferleri, demokrasi ve insan haklar\u0131n\u0131, \u00e7evre bilincini ve hayvan haklar\u0131na duyarl\u0131l\u0131\u011f\u0131, mesleki etik kurallar\u0131n\u0131 i\u00e7selle\u015ftirerek; mesle\u011fi gere\u011fi ba\u011fl\u0131 oldu\u011fu bu de\u011fer ve kurallar\u0131 temsil edebilen, e\u011fitimci kimli\u011fine sahip, \u00f6\u011frenciler yeti\u015ftirilmesi.<\/li><\/ul>\t\t\t\t\t\t\t\t<\/div>\n\t\t\t\t<\/div>\n\t\t\t\t\t<\/div>\n\t\t<\/div>\n\t\t\t\t\t<\/div>\n\t\t<\/section>\n\t\t\t\t<section class=\"elementor-section elementor-top-section elementor-element elementor-element-a7e068b elementor-section-boxed elementor-section-height-default elementor-section-height-default\" data-id=\"a7e068b\" data-element_type=\"section\">\n\t\t\t\t\t\t<div class=\"elementor-container elementor-column-gap-default\">\n\t\t\t\t\t<div class=\"elementor-column elementor-col-100 elementor-top-column elementor-element elementor-element-9a8ae96\" data-id=\"9a8ae96\" data-element_type=\"column\">\n\t\t\t<div class=\"elementor-widget-wrap\">\n\t\t\t\t\t\t\t<\/div>\n\t\t<\/div>\n\t\t\t\t\t<\/div>\n\t\t<\/section>\n\t\t\t\t<\/div>\n\t\t","protected":false},"excerpt":{"rendered":"<p>Program Ama\u00e7lar\u0131 Ama\u00e7lar; \u0130lahiyat alan\u0131 ve alt dallar\u0131n\u0131n (\u0130slam Tarihi ve Sanatlar\u0131, Temel \u0130slam Bilimleri ve Felsefe ve Din Bilimleri), usul, literat\u00fcr ve temel kavramlar\u0131n\u0131 lisans d\u00fczeyinde bilen ve uygulama becerisine sahip \u00f6\u011frenciler yeti\u015ftirilmesi. \u00d6\u011frencilere sorgulay\u0131c\u0131, \u00e7\u00f6z\u00fcmleyici ve ele\u015ftirel bir yakla\u015f\u0131m kazand\u0131r\u0131lmas\u0131; sistematik ve \u00e7ok y\u00f6nl\u00fc d\u00fc\u015f\u00fcnme ile olay-olgu ili\u015fkisi tesis edebilme ve disiplinler aras\u0131 [&hellip;]<\/p>\n","protected":false},"author":244,"featured_media":0,"parent":0,"menu_order":0,"comment_status":"closed","ping_status":"closed","template":"","meta":{"footnotes":""},"class_list":["post-7076","page","type-page","status-publish","hentry"],"_links":{"self":[{"href":"https:\/\/atauni.edu.tr\/ilahiyat-fakultesi\/wp-json\/wp\/v2\/pages\/7076","targetHints":{"allow":["GET"]}}],"collection":[{"href":"https:\/\/atauni.edu.tr\/ilahiyat-fakultesi\/wp-json\/wp\/v2\/pages"}],"about":[{"href":"https:\/\/atauni.edu.tr\/ilahiyat-fakultesi\/wp-json\/wp\/v2\/types\/page"}],"author":[{"embeddable":true,"href":"https:\/\/atauni.edu.tr\/ilahiyat-fakultesi\/wp-json\/wp\/v2\/users\/244"}],"replies":[{"embeddable":true,"href":"https:\/\/atauni.edu.tr\/ilahiyat-fakultesi\/wp-json\/wp\/v2\/comments?post=7076"}],"version-history":[{"count":16,"href":"https:\/\/atauni.edu.tr\/ilahiyat-fakultesi\/wp-json\/wp\/v2\/pages\/7076\/revisions"}],"predecessor-version":[{"id":10965,"href":"https:\/\/atauni.edu.tr\/ilahiyat-fakultesi\/wp-json\/wp\/v2\/pages\/7076\/revisions\/10965"}],"wp:attachment":[{"href":"https:\/\/atauni.edu.tr\/ilahiyat-fakultesi\/wp-json\/wp\/v2\/media?parent=7076"}],"curies":[{"name":"wp","href":"https:\/\/api.w.org\/{rel}","templated":true}]}}