{"id":7078,"date":"2021-09-29T15:37:48","date_gmt":"2021-09-29T12:37:48","guid":{"rendered":"https:\/\/birimler.atauni.edu.tr\/ilahiyat-fakultesi\/?page_id=7078"},"modified":"2025-05-16T14:51:52","modified_gmt":"2025-05-16T11:51:52","slug":"disipline-ozgu-ciktilar","status":"publish","type":"page","link":"https:\/\/atauni.edu.tr\/ilahiyat-fakultesi\/disipline-ozgu-ciktilar\/","title":{"rendered":"Disipline \u00d6zg\u00fc \u00c7\u0131kt\u0131lar"},"content":{"rendered":"\t\t<div data-elementor-type=\"wp-page\" data-elementor-id=\"7078\" class=\"elementor elementor-7078\" data-elementor-post-type=\"page\">\n\t\t\t\t\t\t<section class=\"elementor-section elementor-top-section elementor-element elementor-element-fbf15ab elementor-section-boxed elementor-section-height-default elementor-section-height-default\" data-id=\"fbf15ab\" data-element_type=\"section\">\n\t\t\t\t\t\t<div class=\"elementor-container elementor-column-gap-default\">\n\t\t\t\t\t<div class=\"elementor-column elementor-col-100 elementor-top-column elementor-element elementor-element-f94bc98\" data-id=\"f94bc98\" data-element_type=\"column\">\n\t\t\t<div class=\"elementor-widget-wrap elementor-element-populated\">\n\t\t\t\t\t\t<div class=\"elementor-element elementor-element-eedf28f elementor-widget elementor-widget-heading\" data-id=\"eedf28f\" data-element_type=\"widget\" data-widget_type=\"heading.default\">\n\t\t\t\t<div class=\"elementor-widget-container\">\n\t\t\t\t\t<h2 class=\"elementor-heading-title elementor-size-default\">Disipline \u00d6zg\u00fc \u00c7\u0131kt\u0131lar<\/h2>\t\t\t\t<\/div>\n\t\t\t\t<\/div>\n\t\t\t\t<div class=\"elementor-element elementor-element-e797be5 elementor-absolute elementor-widget-divider--view-line elementor-widget elementor-widget-divider\" data-id=\"e797be5\" data-element_type=\"widget\" data-settings=\"{&quot;_position&quot;:&quot;absolute&quot;}\" data-widget_type=\"divider.default\">\n\t\t\t\t<div class=\"elementor-widget-container\">\n\t\t\t\t\t\t\t<div class=\"elementor-divider\">\n\t\t\t<span class=\"elementor-divider-separator\">\n\t\t\t\t\t\t<\/span>\n\t\t<\/div>\n\t\t\t\t\t\t<\/div>\n\t\t\t\t<\/div>\n\t\t\t\t<div class=\"elementor-element elementor-element-57b4dea elementor-invisible elementor-widget elementor-widget-text-editor\" data-id=\"57b4dea\" data-element_type=\"widget\" data-settings=\"{&quot;_animation&quot;:&quot;zoomIn&quot;}\" data-widget_type=\"text-editor.default\">\n\t\t\t\t<div class=\"elementor-widget-container\">\n\t\t\t\t\t\t\t\t\t<p><a href=\"https:\/\/birimler.atauni.edu.tr\/ilahiyat-fakultesi\/wp-content\/uploads\/sites\/65\/2025\/05\/Disipline-Ozgu-Ciktilar-ile-IAA-Disipline-Ozgu-Ciktilarin-Uyumu-matris.pdf\">Disipline \u00d6zg\u00fc \u00c7\u0131kt\u0131lar ile \u0130AA Disipline \u00d6zg\u00fc \u00c7\u0131kt\u0131lar\u0131n Uyumu (matris)<\/a><\/p><p><br><\/p>\n<p><a href=\"https:\/\/birimler.atauni.edu.tr\/ilahiyat-fakultesi\/wp-content\/uploads\/sites\/65\/2025\/05\/Disipline-Ozgu-Ciktilar-ile-Program-Amaclarinin-Uyumu-matris.pdf\" style=\"font-size: 1rem;letter-spacing: 0px\">Disipline \u00d6zg\u00fc \u00c7\u0131kt\u0131lar ile Program Ama\u00e7lar\u0131n\u0131n Uyumu (matris)<\/a><\/p>\t\t\t\t\t\t\t\t<\/div>\n\t\t\t\t<\/div>\n\t\t\t\t\t<\/div>\n\t\t<\/div>\n\t\t\t\t\t<\/div>\n\t\t<\/section>\n\t\t\t\t<\/div>\n\t\t","protected":false},"excerpt":{"rendered":"<p>Disipline \u00d6zg\u00fc \u00c7\u0131kt\u0131lar Disipline \u00d6zg\u00fc \u00c7\u0131kt\u0131lar ile \u0130AA Disipline \u00d6zg\u00fc \u00c7\u0131kt\u0131lar\u0131n Uyumu (matris) Disipline \u00d6zg\u00fc \u00c7\u0131kt\u0131lar ile Program Ama\u00e7lar\u0131n\u0131n Uyumu (matris)<\/p>\n","protected":false},"author":244,"featured_media":0,"parent":0,"menu_order":0,"comment_status":"closed","ping_status":"closed","template":"","meta":{"footnotes":""},"class_list":["post-7078","page","type-page","status-publish","hentry"],"_links":{"self":[{"href":"https:\/\/atauni.edu.tr\/ilahiyat-fakultesi\/wp-json\/wp\/v2\/pages\/7078","targetHints":{"allow":["GET"]}}],"collection":[{"href":"https:\/\/atauni.edu.tr\/ilahiyat-fakultesi\/wp-json\/wp\/v2\/pages"}],"about":[{"href":"https:\/\/atauni.edu.tr\/ilahiyat-fakultesi\/wp-json\/wp\/v2\/types\/page"}],"author":[{"embeddable":true,"href":"https:\/\/atauni.edu.tr\/ilahiyat-fakultesi\/wp-json\/wp\/v2\/users\/244"}],"replies":[{"embeddable":true,"href":"https:\/\/atauni.edu.tr\/ilahiyat-fakultesi\/wp-json\/wp\/v2\/comments?post=7078"}],"version-history":[{"count":16,"href":"https:\/\/atauni.edu.tr\/ilahiyat-fakultesi\/wp-json\/wp\/v2\/pages\/7078\/revisions"}],"predecessor-version":[{"id":22491,"href":"https:\/\/atauni.edu.tr\/ilahiyat-fakultesi\/wp-json\/wp\/v2\/pages\/7078\/revisions\/22491"}],"wp:attachment":[{"href":"https:\/\/atauni.edu.tr\/ilahiyat-fakultesi\/wp-json\/wp\/v2\/media?parent=7078"}],"curies":[{"name":"wp","href":"https:\/\/api.w.org\/{rel}","templated":true}]}}