{"id":6993,"date":"2021-12-03T10:03:21","date_gmt":"2021-12-03T07:03:21","guid":{"rendered":"https:\/\/birimler.atauni.edu.tr\/iletisim-fakultesi\/?page_id=6993"},"modified":"2023-08-11T15:08:38","modified_gmt":"2023-08-11T12:08:38","slug":"engelli-olanaklari","status":"publish","type":"page","link":"https:\/\/atauni.edu.tr\/iletisim-fakultesi\/engelli-olanaklari\/","title":{"rendered":"Engelli Olanaklar\u0131"},"content":{"rendered":"\t\t<div data-elementor-type=\"wp-page\" data-elementor-id=\"6993\" class=\"elementor elementor-6993\" data-elementor-post-type=\"page\">\n\t\t\t\t\t\t<section class=\"elementor-section elementor-top-section elementor-element elementor-element-8e5a671 elementor-section-boxed elementor-section-height-default elementor-section-height-default\" data-id=\"8e5a671\" data-element_type=\"section\">\n\t\t\t\t\t\t<div class=\"elementor-container elementor-column-gap-default\">\n\t\t\t\t\t<div class=\"elementor-column elementor-col-100 elementor-top-column elementor-element elementor-element-ce1b3c1\" data-id=\"ce1b3c1\" data-element_type=\"column\">\n\t\t\t<div class=\"elementor-widget-wrap elementor-element-populated\">\n\t\t\t\t\t\t<div class=\"elementor-element elementor-element-2f5347c elementor-widget elementor-widget-heading\" data-id=\"2f5347c\" data-element_type=\"widget\" data-widget_type=\"heading.default\">\n\t\t\t\t<div class=\"elementor-widget-container\">\n\t\t\t\t\t<h4 class=\"elementor-heading-title elementor-size-default\"><font style=\"vertical-align: inherit\"><font style=\"vertical-align: inherit\">Engelli Olanaklar\u0131<\/font><\/font><font style=\"vertical-align: inherit\"><\/font><\/h4>\t\t\t\t<\/div>\n\t\t\t\t<\/div>\n\t\t\t\t<div class=\"elementor-element elementor-element-efeb1aa elementor-widget-divider--view-line elementor-widget elementor-widget-divider\" data-id=\"efeb1aa\" data-element_type=\"widget\" data-widget_type=\"divider.default\">\n\t\t\t\t<div class=\"elementor-widget-container\">\n\t\t\t\t\t\t\t<div class=\"elementor-divider\">\n\t\t\t<span class=\"elementor-divider-separator\">\n\t\t\t\t\t\t<\/span>\n\t\t<\/div>\n\t\t\t\t\t\t<\/div>\n\t\t\t\t<\/div>\n\t\t\t\t\t<\/div>\n\t\t<\/div>\n\t\t\t\t\t<\/div>\n\t\t<\/section>\n\t\t\t\t<section class=\"elementor-section elementor-top-section elementor-element elementor-element-cd562e5 elementor-section-boxed elementor-section-height-default elementor-section-height-default\" data-id=\"cd562e5\" data-element_type=\"section\">\n\t\t\t\t\t\t<div class=\"elementor-container elementor-column-gap-default\">\n\t\t\t\t\t<div class=\"elementor-column elementor-col-100 elementor-top-column elementor-element elementor-element-b0074da\" data-id=\"b0074da\" data-element_type=\"column\">\n\t\t\t<div class=\"elementor-widget-wrap elementor-element-populated\">\n\t\t\t\t\t\t<div class=\"elementor-element elementor-element-43aa02f elementor-widget elementor-widget-heading\" data-id=\"43aa02f\" data-element_type=\"widget\" data-widget_type=\"heading.default\">\n\t\t\t\t<div class=\"elementor-widget-container\">\n\t\t\t\t\t<h4 class=\"elementor-heading-title elementor-size-default\">Fak\u00fcltemiz, Y\u00fcksek\u00f6\u011fretim Kurulu taraf\u0131ndan onaylanan Engelsiz \u00dcniversite Bayrak \u00d6d\u00fclleri\u2019nden <br><b>Ye\u015fil (E\u011fitimde Eri\u015filebilirlik) ve Turuncu (Mekanda Eri\u015filebilirlik) Bayrak<\/b> <br>\u00f6d\u00fcllerinin sahibidir.<\/h4>\t\t\t\t<\/div>\n\t\t\t\t<\/div>\n\t\t\t\t\t<\/div>\n\t\t<\/div>\n\t\t\t\t\t<\/div>\n\t\t<\/section>\n\t\t\t\t<section class=\"elementor-section elementor-top-section elementor-element elementor-element-5d9028b elementor-section-boxed elementor-section-height-default elementor-section-height-default\" data-id=\"5d9028b\" data-element_type=\"section\">\n\t\t\t\t\t\t<div class=\"elementor-container elementor-column-gap-default\">\n\t\t\t\t\t<div class=\"elementor-column elementor-col-50 elementor-top-column elementor-element elementor-element-8d6cefa\" data-id=\"8d6cefa\" data-element_type=\"column\">\n\t\t\t<div class=\"elementor-widget-wrap elementor-element-populated\">\n\t\t\t\t\t\t<div class=\"elementor-element elementor-element-6b3cfa9 elementor-widget elementor-widget-image\" data-id=\"6b3cfa9\" data-element_type=\"widget\" data-widget_type=\"image.default\">\n\t\t\t\t<div class=\"elementor-widget-container\">\n\t\t\t\t\t\t\t\t\t\t\t\t\t\t\t<img fetchpriority=\"high\" decoding=\"async\" width=\"916\" height=\"610\" src=\"https:\/\/atauni.edu.tr\/iletisim-fakultesi\/wp-content\/uploads\/sites\/66\/2023\/08\/yesil.jpeg\" class=\"attachment-large size-large wp-image-14878\" alt=\"\" srcset=\"https:\/\/atauni.edu.tr\/iletisim-fakultesi\/wp-content\/uploads\/sites\/66\/2023\/08\/yesil.jpeg 916w, https:\/\/atauni.edu.tr\/iletisim-fakultesi\/wp-content\/uploads\/sites\/66\/2023\/08\/yesil-300x200.jpeg 300w, https:\/\/atauni.edu.tr\/iletisim-fakultesi\/wp-content\/uploads\/sites\/66\/2023\/08\/yesil-768x511.jpeg 768w, https:\/\/atauni.edu.tr\/iletisim-fakultesi\/wp-content\/uploads\/sites\/66\/2023\/08\/yesil-600x400.jpeg 600w, https:\/\/atauni.edu.tr\/iletisim-fakultesi\/wp-content\/uploads\/sites\/66\/2023\/08\/yesil-560x373.jpeg 560w\" sizes=\"(max-width: 916px) 100vw, 916px\" \/>\t\t\t\t\t\t\t\t\t\t\t\t\t\t\t<\/div>\n\t\t\t\t<\/div>\n\t\t\t\t\t<\/div>\n\t\t<\/div>\n\t\t\t\t<div class=\"elementor-column elementor-col-50 elementor-top-column elementor-element elementor-element-688c384\" data-id=\"688c384\" data-element_type=\"column\">\n\t\t\t<div class=\"elementor-widget-wrap elementor-element-populated\">\n\t\t\t\t\t\t<div class=\"elementor-element elementor-element-1eef9f9 elementor-widget elementor-widget-image\" data-id=\"1eef9f9\" data-element_type=\"widget\" data-widget_type=\"image.default\">\n\t\t\t\t<div class=\"elementor-widget-container\">\n\t\t\t\t\t\t\t\t\t\t\t\t\t\t\t<img decoding=\"async\" width=\"916\" height=\"610\" src=\"https:\/\/atauni.edu.tr\/iletisim-fakultesi\/wp-content\/uploads\/sites\/66\/2023\/08\/turuncu.jpeg\" class=\"attachment-large size-large wp-image-14877\" alt=\"\" srcset=\"https:\/\/atauni.edu.tr\/iletisim-fakultesi\/wp-content\/uploads\/sites\/66\/2023\/08\/turuncu.jpeg 916w, https:\/\/atauni.edu.tr\/iletisim-fakultesi\/wp-content\/uploads\/sites\/66\/2023\/08\/turuncu-300x200.jpeg 300w, https:\/\/atauni.edu.tr\/iletisim-fakultesi\/wp-content\/uploads\/sites\/66\/2023\/08\/turuncu-768x511.jpeg 768w, https:\/\/atauni.edu.tr\/iletisim-fakultesi\/wp-content\/uploads\/sites\/66\/2023\/08\/turuncu-600x400.jpeg 600w, https:\/\/atauni.edu.tr\/iletisim-fakultesi\/wp-content\/uploads\/sites\/66\/2023\/08\/turuncu-560x373.jpeg 560w\" sizes=\"(max-width: 916px) 100vw, 916px\" \/>\t\t\t\t\t\t\t\t\t\t\t\t\t\t\t<\/div>\n\t\t\t\t<\/div>\n\t\t\t\t\t<\/div>\n\t\t<\/div>\n\t\t\t\t\t<\/div>\n\t\t<\/section>\n\t\t\t\t<section class=\"elementor-section elementor-top-section elementor-element elementor-element-55a0f0b elementor-section-boxed elementor-section-height-default elementor-section-height-default\" data-id=\"55a0f0b\" data-element_type=\"section\">\n\t\t\t\t\t\t<div class=\"elementor-container elementor-column-gap-default\">\n\t\t\t\t\t<div class=\"elementor-column elementor-col-100 elementor-top-column elementor-element elementor-element-10a3372\" data-id=\"10a3372\" data-element_type=\"column\">\n\t\t\t<div class=\"elementor-widget-wrap elementor-element-populated\">\n\t\t\t\t\t\t<div class=\"elementor-element elementor-element-59b624a elementor-widget elementor-widget-gallery\" data-id=\"59b624a\" data-element_type=\"widget\" data-settings=\"{&quot;gallery_layout&quot;:&quot;justified&quot;,&quot;ideal_row_height&quot;:{&quot;unit&quot;:&quot;px&quot;,&quot;size&quot;:&quot;180&quot;,&quot;sizes&quot;:[]},&quot;lazyload&quot;:&quot;yes&quot;,&quot;ideal_row_height_tablet&quot;:{&quot;unit&quot;:&quot;px&quot;,&quot;size&quot;:150,&quot;sizes&quot;:[]},&quot;ideal_row_height_mobile&quot;:{&quot;unit&quot;:&quot;px&quot;,&quot;size&quot;:150,&quot;sizes&quot;:[]},&quot;gap&quot;:{&quot;unit&quot;:&quot;px&quot;,&quot;size&quot;:10,&quot;sizes&quot;:[]},&quot;gap_tablet&quot;:{&quot;unit&quot;:&quot;px&quot;,&quot;size&quot;:10,&quot;sizes&quot;:[]},&quot;gap_mobile&quot;:{&quot;unit&quot;:&quot;px&quot;,&quot;size&quot;:10,&quot;sizes&quot;:[]},&quot;link_to&quot;:&quot;file&quot;,&quot;overlay_background&quot;:&quot;yes&quot;,&quot;content_hover_animation&quot;:&quot;fade-in&quot;}\" data-widget_type=\"gallery.default\">\n\t\t\t\t<div class=\"elementor-widget-container\">\n\t\t\t\t\t\t\t<div class=\"elementor-gallery__container\">\n\t\t\t\t\t\t\t<a class=\"e-gallery-item elementor-gallery-item elementor-animated-content\" href=\"https:\/\/atauni.edu.tr\/iletisim-fakultesi\/wp-content\/uploads\/sites\/66\/2020\/07\/2.jpg\" data-elementor-open-lightbox=\"yes\" data-elementor-lightbox-slideshow=\"59b624a\" data-elementor-lightbox-title=\"2\" data-e-action-hash=\"#elementor-action%3Aaction%3Dlightbox%26settings%3DeyJpZCI6NzAxMCwidXJsIjoiaHR0cHM6XC9cL2F0YXVuaS5lZHUudHJcL2lsZXRpc2ltLWZha3VsdGVzaVwvd3AtY29udGVudFwvdXBsb2Fkc1wvc2l0ZXNcLzY2XC8yMDIwXC8wN1wvMi5qcGciLCJzbGlkZXNob3ciOiI1OWI2MjRhIn0%3D\">\n\t\t\t\t\t<div class=\"e-gallery-image elementor-gallery-item__image\" data-thumbnail=\"https:\/\/atauni.edu.tr\/iletisim-fakultesi\/wp-content\/uploads\/sites\/66\/2020\/07\/2.jpg\" data-width=\"192\" data-height=\"257\" aria-label=\"\" role=\"img\" ><\/div>\n\t\t\t\t\t\t\t\t\t\t\t<div class=\"elementor-gallery-item__overlay\"><\/div>\n\t\t\t\t\t\t\t\t\t\t\t\t\t\t<\/a>\n\t\t\t\t\t\t\t<a class=\"e-gallery-item elementor-gallery-item elementor-animated-content\" href=\"https:\/\/atauni.edu.tr\/iletisim-fakultesi\/wp-content\/uploads\/sites\/66\/2020\/07\/3.jpg\" data-elementor-open-lightbox=\"yes\" data-elementor-lightbox-slideshow=\"59b624a\" data-elementor-lightbox-title=\"3\" data-e-action-hash=\"#elementor-action%3Aaction%3Dlightbox%26settings%3DeyJpZCI6NzAxMSwidXJsIjoiaHR0cHM6XC9cL2F0YXVuaS5lZHUudHJcL2lsZXRpc2ltLWZha3VsdGVzaVwvd3AtY29udGVudFwvdXBsb2Fkc1wvc2l0ZXNcLzY2XC8yMDIwXC8wN1wvMy5qcGciLCJzbGlkZXNob3ciOiI1OWI2MjRhIn0%3D\">\n\t\t\t\t\t<div class=\"e-gallery-image elementor-gallery-item__image\" data-thumbnail=\"https:\/\/atauni.edu.tr\/iletisim-fakultesi\/wp-content\/uploads\/sites\/66\/2020\/07\/3.jpg\" data-width=\"193\" data-height=\"257\" aria-label=\"\" role=\"img\" ><\/div>\n\t\t\t\t\t\t\t\t\t\t\t<div class=\"elementor-gallery-item__overlay\"><\/div>\n\t\t\t\t\t\t\t\t\t\t\t\t\t\t<\/a>\n\t\t\t\t\t\t\t<a class=\"e-gallery-item elementor-gallery-item elementor-animated-content\" href=\"https:\/\/atauni.edu.tr\/iletisim-fakultesi\/wp-content\/uploads\/sites\/66\/2020\/07\/4.jpg\" data-elementor-open-lightbox=\"yes\" data-elementor-lightbox-slideshow=\"59b624a\" data-elementor-lightbox-title=\"4\" data-e-action-hash=\"#elementor-action%3Aaction%3Dlightbox%26settings%3DeyJpZCI6NzAxMiwidXJsIjoiaHR0cHM6XC9cL2F0YXVuaS5lZHUudHJcL2lsZXRpc2ltLWZha3VsdGVzaVwvd3AtY29udGVudFwvdXBsb2Fkc1wvc2l0ZXNcLzY2XC8yMDIwXC8wN1wvNC5qcGciLCJzbGlkZXNob3ciOiI1OWI2MjRhIn0%3D\">\n\t\t\t\t\t<div class=\"e-gallery-image elementor-gallery-item__image\" data-thumbnail=\"https:\/\/atauni.edu.tr\/iletisim-fakultesi\/wp-content\/uploads\/sites\/66\/2020\/07\/4.jpg\" data-width=\"188\" data-height=\"193\" aria-label=\"\" role=\"img\" ><\/div>\n\t\t\t\t\t\t\t\t\t\t\t<div class=\"elementor-gallery-item__overlay\"><\/div>\n\t\t\t\t\t\t\t\t\t\t\t\t\t\t<\/a>\n\t\t\t\t\t\t\t<a class=\"e-gallery-item elementor-gallery-item elementor-animated-content\" href=\"https:\/\/atauni.edu.tr\/iletisim-fakultesi\/wp-content\/uploads\/sites\/66\/2020\/07\/5.jpg\" data-elementor-open-lightbox=\"yes\" data-elementor-lightbox-slideshow=\"59b624a\" data-elementor-lightbox-title=\"5\" data-e-action-hash=\"#elementor-action%3Aaction%3Dlightbox%26settings%3DeyJpZCI6NzAxMywidXJsIjoiaHR0cHM6XC9cL2F0YXVuaS5lZHUudHJcL2lsZXRpc2ltLWZha3VsdGVzaVwvd3AtY29udGVudFwvdXBsb2Fkc1wvc2l0ZXNcLzY2XC8yMDIwXC8wN1wvNS5qcGciLCJzbGlkZXNob3ciOiI1OWI2MjRhIn0%3D\">\n\t\t\t\t\t<div class=\"e-gallery-image elementor-gallery-item__image\" data-thumbnail=\"https:\/\/atauni.edu.tr\/iletisim-fakultesi\/wp-content\/uploads\/sites\/66\/2020\/07\/5.jpg\" data-width=\"191\" data-height=\"255\" aria-label=\"\" role=\"img\" ><\/div>\n\t\t\t\t\t\t\t\t\t\t\t<div class=\"elementor-gallery-item__overlay\"><\/div>\n\t\t\t\t\t\t\t\t\t\t\t\t\t\t<\/a>\n\t\t\t\t\t\t\t<a class=\"e-gallery-item elementor-gallery-item elementor-animated-content\" href=\"https:\/\/atauni.edu.tr\/iletisim-fakultesi\/wp-content\/uploads\/sites\/66\/2020\/07\/6.jpg\" data-elementor-open-lightbox=\"yes\" data-elementor-lightbox-slideshow=\"59b624a\" data-elementor-lightbox-title=\"6\" data-e-action-hash=\"#elementor-action%3Aaction%3Dlightbox%26settings%3DeyJpZCI6NzAxNCwidXJsIjoiaHR0cHM6XC9cL2F0YXVuaS5lZHUudHJcL2lsZXRpc2ltLWZha3VsdGVzaVwvd3AtY29udGVudFwvdXBsb2Fkc1wvc2l0ZXNcLzY2XC8yMDIwXC8wN1wvNi5qcGciLCJzbGlkZXNob3ciOiI1OWI2MjRhIn0%3D\">\n\t\t\t\t\t<div class=\"e-gallery-image elementor-gallery-item__image\" data-thumbnail=\"https:\/\/atauni.edu.tr\/iletisim-fakultesi\/wp-content\/uploads\/sites\/66\/2020\/07\/6.jpg\" data-width=\"191\" data-height=\"255\" aria-label=\"\" role=\"img\" ><\/div>\n\t\t\t\t\t\t\t\t\t\t\t<div class=\"elementor-gallery-item__overlay\"><\/div>\n\t\t\t\t\t\t\t\t\t\t\t\t\t\t<\/a>\n\t\t\t\t\t\t\t<a class=\"e-gallery-item elementor-gallery-item elementor-animated-content\" href=\"https:\/\/atauni.edu.tr\/iletisim-fakultesi\/wp-content\/uploads\/sites\/66\/2020\/07\/7.jpg\" data-elementor-open-lightbox=\"yes\" data-elementor-lightbox-slideshow=\"59b624a\" data-elementor-lightbox-title=\"7\" data-e-action-hash=\"#elementor-action%3Aaction%3Dlightbox%26settings%3DeyJpZCI6NzAxNSwidXJsIjoiaHR0cHM6XC9cL2F0YXVuaS5lZHUudHJcL2lsZXRpc2ltLWZha3VsdGVzaVwvd3AtY29udGVudFwvdXBsb2Fkc1wvc2l0ZXNcLzY2XC8yMDIwXC8wN1wvNy5qcGciLCJzbGlkZXNob3ciOiI1OWI2MjRhIn0%3D\">\n\t\t\t\t\t<div class=\"e-gallery-image elementor-gallery-item__image\" data-thumbnail=\"https:\/\/atauni.edu.tr\/iletisim-fakultesi\/wp-content\/uploads\/sites\/66\/2020\/07\/7.jpg\" data-width=\"192\" data-height=\"256\" aria-label=\"\" role=\"img\" ><\/div>\n\t\t\t\t\t\t\t\t\t\t\t<div class=\"elementor-gallery-item__overlay\"><\/div>\n\t\t\t\t\t\t\t\t\t\t\t\t\t\t<\/a>\n\t\t\t\t\t\t\t<a class=\"e-gallery-item elementor-gallery-item elementor-animated-content\" href=\"https:\/\/atauni.edu.tr\/iletisim-fakultesi\/wp-content\/uploads\/sites\/66\/2020\/07\/8-1.jpg\" data-elementor-open-lightbox=\"yes\" data-elementor-lightbox-slideshow=\"59b624a\" data-elementor-lightbox-title=\"8\" data-e-action-hash=\"#elementor-action%3Aaction%3Dlightbox%26settings%3DeyJpZCI6NzAxNiwidXJsIjoiaHR0cHM6XC9cL2F0YXVuaS5lZHUudHJcL2lsZXRpc2ltLWZha3VsdGVzaVwvd3AtY29udGVudFwvdXBsb2Fkc1wvc2l0ZXNcLzY2XC8yMDIwXC8wN1wvOC0xLmpwZyIsInNsaWRlc2hvdyI6IjU5YjYyNGEifQ%3D%3D\">\n\t\t\t\t\t<div class=\"e-gallery-image elementor-gallery-item__image\" data-thumbnail=\"https:\/\/atauni.edu.tr\/iletisim-fakultesi\/wp-content\/uploads\/sites\/66\/2020\/07\/8-1.jpg\" data-width=\"192\" data-height=\"256\" aria-label=\"\" role=\"img\" ><\/div>\n\t\t\t\t\t\t\t\t\t\t\t<div class=\"elementor-gallery-item__overlay\"><\/div>\n\t\t\t\t\t\t\t\t\t\t\t\t\t\t<\/a>\n\t\t\t\t\t\t\t<a class=\"e-gallery-item elementor-gallery-item elementor-animated-content\" href=\"https:\/\/atauni.edu.tr\/iletisim-fakultesi\/wp-content\/uploads\/sites\/66\/2020\/07\/9.jpg\" data-elementor-open-lightbox=\"yes\" data-elementor-lightbox-slideshow=\"59b624a\" data-elementor-lightbox-title=\"9\" data-e-action-hash=\"#elementor-action%3Aaction%3Dlightbox%26settings%3DeyJpZCI6NzAxNywidXJsIjoiaHR0cHM6XC9cL2F0YXVuaS5lZHUudHJcL2lsZXRpc2ltLWZha3VsdGVzaVwvd3AtY29udGVudFwvdXBsb2Fkc1wvc2l0ZXNcLzY2XC8yMDIwXC8wN1wvOS5qcGciLCJzbGlkZXNob3ciOiI1OWI2MjRhIn0%3D\">\n\t\t\t\t\t<div class=\"e-gallery-image elementor-gallery-item__image\" data-thumbnail=\"https:\/\/atauni.edu.tr\/iletisim-fakultesi\/wp-content\/uploads\/sites\/66\/2020\/07\/9.jpg\" data-width=\"197\" data-height=\"262\" aria-label=\"\" role=\"img\" ><\/div>\n\t\t\t\t\t\t\t\t\t\t\t<div class=\"elementor-gallery-item__overlay\"><\/div>\n\t\t\t\t\t\t\t\t\t\t\t\t\t\t<\/a>\n\t\t\t\t\t<\/div>\n\t\t\t\t\t<\/div>\n\t\t\t\t<\/div>\n\t\t\t\t<div class=\"elementor-element elementor-element-f539f56 elementor-widget elementor-widget-text-editor\" data-id=\"f539f56\" data-element_type=\"widget\" data-widget_type=\"text-editor.default\">\n\t\t\t\t<div class=\"elementor-widget-container\">\n\t\t\t\t\t\t\t\t\t<ul><li>Engelli \u00f6\u011frencilerimizin talebi halinde s\u0131n\u0131f ortam\u0131nda yap\u0131lan ders\/ler kamera ile kay\u0131t alt\u0131na al\u0131n\u0131p s\u00f6z konusu kay\u0131t kendisine verilebilir.<\/li><li>Engelli \u00f6\u011frencilerimizin talebi halinde s\u0131nav sorular\u0131n\u0131 gruplara ayr\u0131labilir ve s\u0131nav uygulan\u0131rken soru gruplar\u0131 aras\u0131nda ara verilebilir.<\/li><li>Engelli \u00f6\u011frencilerimizin talebi halinde s\u0131navlar\u0131ndaki sorularda kelime, bilgi ve kavramlar\u0131n resimleri sorularda ilgili k\u0131s\u0131mlara eklenebilir.<\/li><li>Engelli \u00f6\u011frencilerimizin talebi halinde ders notlar\u0131n\u0131 ve\/veya sunumlar\u0131 d\u00f6nem ba\u015flang\u0131c\u0131nda (d\u00f6nemin ilk iki haftas\u0131 i\u00e7erisinde) veya her dersten en az 48 saat \u00f6nce \u00e7\u0131kt\u0131 olarak ve\/veya elektronik formatta kendisine verilebilir.<\/li><li>Engelli \u00f6\u011frencilerimizin talebi halinde gereksinimlerine uygun olarak, yaz\u0131l\u0131 s\u0131nav yerine s\u00f6zl\u00fc s\u0131nav yap\u0131labilir, s\u0131nav\u0131 kabartma alfabe [Braille] ile haz\u0131rlanabilir ve\/veya cevapland\u0131rma imkan\u0131 sa\u011flanabilir, s\u0131nav ka\u011f\u0131d\u0131 daha b\u00fcy\u00fck yaz\u0131 tipi boyutunda verilebilir veya s\u0131nav bilgisayar\/tablet ortam\u0131nda yap\u0131labilir.<\/li><li>Engelli \u00f6\u011frencilerimizin talebi halinde s\u0131navlarda sorular\u0131 okumas\u0131 amac\u0131yla okuyucu ve\/veya \u00f6\u011frencinin sorulara verece\u011fi cevaplar\u0131 i\u015faretleyecek, s\u00f6yleyece\u011fi i\u015flemleri yaz\u0131l\u0131 olarak yapacak i\u015faretleyici sa\u011flanabilir.<\/li><li>Engelli \u00f6\u011frencilerimizin talebi halinde s\u0131navlar\u0131nda normal s\u0131nav s\u00fcresinin %50\u2019sine kadar, 60 sorunun alt\u0131ndaki s\u0131navlarda 20 dakika, 60 soru ve \u00fcst\u00fcndeki s\u0131navlarda 30 dakika ek s\u00fcre veya ihtiyaca uygun ek s\u00fcreler verilebilir.<\/li><li>Engelli \u00f6\u011frencilerimizin talebi halinde dersin detayl\u0131 plan\u0131n\u0131, haftal\u0131k i\u015flenecek konular\u0131, \u00f6devleri, de\u011ferlendirme \u00f6l\u00e7\u00fctlerini, devam zorunluluklar\u0131n\u0131, beklentileri vb. detayl\u0131 bir \u015fekilde a\u00e7\u0131klayan izlenceyi\/program\u0131 tercihine g\u00f6re yaz\u0131l\u0131 ve\/veya elektronik formatta sa\u011flanabilir.<\/li><li>Engelli \u00f6\u011frencilerimizin talebi halinde akran deste\u011fi ile derslerin tekrar\u0131n\u0131 sa\u011flamak veya farkl\u0131 formatlarda bireysel destek vermek ve\/veya destek e\u011fitim s\u0131n\u0131flar\u0131 yoluyla destek talep ettikleri konularda\/derslerde bireysel olarak destek verilebilir.<\/li><li>Engelli \u00f6\u011frencilerimizin talebi halinde ders s\u00fcresince anlat\u0131lanlarla ilgili not tutan bir g\u00f6revli ayarlanabilir ve tutulan bu notlar\u0131n engelli \u00f6\u011frencilere dersten sonra \u00f6\u011frencilerin tercihlerine g\u00f6re yaz\u0131l\u0131 ve\/veya elektronik formatta ula\u015ft\u0131r\u0131lmas\u0131n\u0131 sa\u011flanabilir.<\/li><li>Engelli \u00f6\u011frencilerimizin talebi halinde yabanc\u0131 dil derslerinde s\u0131n\u0131f i\u00e7inde verimli bir \u015fekilde dersi takip edememeleri durumunda ders d\u0131\u015f\u0131 zamanlarda destek olabilecek ders partneri sa\u011flanabilir.<\/li><li>Engelli \u00f6\u011frencilerimizin talebi halinde film, video gibi g\u00f6rsele dayal\u0131 e\u011fitsel materyallerde altyaz\u0131 ya da i\u015fitsel materyallerde ses kay\u0131tlar\u0131n\u0131n yaz\u0131l\u0131 d\u00f6k\u00fcmleri sa\u011flanabilir.<\/li><li>Engelli \u00f6\u011frencilerimizin talebi halinde film, video gibi g\u00f6rsele dayal\u0131 e\u011fitsel materyallerde sesli betimleme hizmeti sa\u011flanabilir ve\/veya bu materyallerin sesli betimlemeli \u015fekilleri kullan\u0131labilir.<\/li><li>Engelli \u00f6\u011frencilerimizin talebi halinde yaz\u0131l\u0131 materyalleri sese d\u00f6n\u00fc\u015ft\u00fcren teknolojik materyaller \u00fcniversite i\u00e7erisinde engelli \u00f6\u011frencilerin kullan\u0131m\u0131na sunulabilir ve\/veya \u00f6\u011frencilerin bu teknolojik materyalleri \u00f6d\u00fcn\u00e7 alabilmeleri sa\u011flanabilir.<\/li><li>Engelli \u00f6\u011frencilerimizin talebi halinde Ders Bilgi Sistemi\u2019nde yer alan ve di\u011fer \u00f6\u011frencilere kapal\u0131 bulunan eski g\u00f6rsel ve i\u015fitsel ders kay\u0131tlar\u0131na eri\u015fim imkan\u0131 sa\u011flanabilir.<\/li><\/ul>\t\t\t\t\t\t\t\t<\/div>\n\t\t\t\t<\/div>\n\t\t\t\t\t<\/div>\n\t\t<\/div>\n\t\t\t\t\t<\/div>\n\t\t<\/section>\n\t\t\t\t<section class=\"elementor-section elementor-top-section elementor-element elementor-element-f260922 elementor-section-boxed elementor-section-height-default elementor-section-height-default\" data-id=\"f260922\" data-element_type=\"section\">\n\t\t\t\t\t\t<div class=\"elementor-container elementor-column-gap-default\">\n\t\t\t\t\t<div class=\"elementor-column elementor-col-100 elementor-top-column elementor-element elementor-element-d0190e5\" data-id=\"d0190e5\" data-element_type=\"column\">\n\t\t\t<div class=\"elementor-widget-wrap elementor-element-populated\">\n\t\t\t\t\t\t<div class=\"elementor-element elementor-element-630ebc8 elementor-align-left elementor-widget elementor-widget-button\" data-id=\"630ebc8\" data-element_type=\"widget\" data-widget_type=\"button.default\">\n\t\t\t\t<div class=\"elementor-widget-container\">\n\t\t\t\t\t\t\t\t\t<div class=\"elementor-button-wrapper\">\n\t\t\t\t\t<a class=\"elementor-button elementor-button-link elementor-size-xs\" href=\"https:\/\/eob.atauni.edu.tr\/wp-content\/uploads\/2021\/07\/ATATURK-UNIVERSITESI-ENGELLI-OGRENCI-EGITIM-OGRETIM-VE-SINAV-UYGULAMA-ESASLARI-1.pdf\" target=\"_blank\">\n\t\t\t\t\t\t<span class=\"elementor-button-content-wrapper\">\n\t\t\t\t\t\t<span class=\"elementor-button-icon\">\n\t\t\t\t<i aria-hidden=\"true\" class=\"fas fa-file-pdf\"><\/i>\t\t\t<\/span>\n\t\t\t\t\t\t\t\t\t<span class=\"elementor-button-text\">Atat\u00fcrk \u00dcniversitesi Engelli \u00d6\u011frenci E\u011fitim \u00d6\u011fretim ve S\u0131nav Uygulama Esaslar\u0131<\/span>\n\t\t\t\t\t<\/span>\n\t\t\t\t\t<\/a>\n\t\t\t\t<\/div>\n\t\t\t\t\t\t\t\t<\/div>\n\t\t\t\t<\/div>\n\t\t\t\t\t<\/div>\n\t\t<\/div>\n\t\t\t\t\t<\/div>\n\t\t<\/section>\n\t\t\t\t<\/div>\n\t\t","protected":false},"excerpt":{"rendered":"<p>Engelli Olanaklar\u0131 Fak\u00fcltemiz, Y\u00fcksek\u00f6\u011fretim Kurulu taraf\u0131ndan onaylanan Engelsiz \u00dcniversite Bayrak \u00d6d\u00fclleri\u2019nden Ye\u015fil (E\u011fitimde Eri\u015filebilirlik) ve Turuncu (Mekanda Eri\u015filebilirlik) Bayrak \u00f6d\u00fcllerinin sahibidir. Engelli \u00f6\u011frencilerimizin talebi halinde s\u0131n\u0131f ortam\u0131nda yap\u0131lan ders\/ler kamera ile kay\u0131t alt\u0131na al\u0131n\u0131p s\u00f6z konusu kay\u0131t kendisine verilebilir. Engelli \u00f6\u011frencilerimizin talebi halinde s\u0131nav sorular\u0131n\u0131 gruplara ayr\u0131labilir ve s\u0131nav uygulan\u0131rken soru gruplar\u0131 aras\u0131nda ara verilebilir. [&hellip;]<\/p>\n","protected":false},"author":55,"featured_media":0,"parent":0,"menu_order":0,"comment_status":"closed","ping_status":"closed","template":"","meta":{"footnotes":""},"class_list":["post-6993","page","type-page","status-publish","hentry"],"_links":{"self":[{"href":"https:\/\/atauni.edu.tr\/iletisim-fakultesi\/wp-json\/wp\/v2\/pages\/6993","targetHints":{"allow":["GET"]}}],"collection":[{"href":"https:\/\/atauni.edu.tr\/iletisim-fakultesi\/wp-json\/wp\/v2\/pages"}],"about":[{"href":"https:\/\/atauni.edu.tr\/iletisim-fakultesi\/wp-json\/wp\/v2\/types\/page"}],"author":[{"embeddable":true,"href":"https:\/\/atauni.edu.tr\/iletisim-fakultesi\/wp-json\/wp\/v2\/users\/55"}],"replies":[{"embeddable":true,"href":"https:\/\/atauni.edu.tr\/iletisim-fakultesi\/wp-json\/wp\/v2\/comments?post=6993"}],"version-history":[{"count":81,"href":"https:\/\/atauni.edu.tr\/iletisim-fakultesi\/wp-json\/wp\/v2\/pages\/6993\/revisions"}],"predecessor-version":[{"id":14887,"href":"https:\/\/atauni.edu.tr\/iletisim-fakultesi\/wp-json\/wp\/v2\/pages\/6993\/revisions\/14887"}],"wp:attachment":[{"href":"https:\/\/atauni.edu.tr\/iletisim-fakultesi\/wp-json\/wp\/v2\/media?parent=6993"}],"curies":[{"name":"wp","href":"https:\/\/api.w.org\/{rel}","templated":true}]}}