{"id":6406,"date":"2022-09-21T16:06:19","date_gmt":"2022-09-21T13:06:19","guid":{"rendered":"https:\/\/birimler.atauni.edu.tr\/ingiliz-dili-egitimi-abd\/?page_id=6406"},"modified":"2022-09-21T16:11:57","modified_gmt":"2022-09-21T13:11:57","slug":"dilekce-ve-formlar-2","status":"publish","type":"page","link":"https:\/\/atauni.edu.tr\/ingiliz-dili-egitimi-abd\/dilekce-ve-formlar-2\/","title":{"rendered":"Dilek\u00e7e ve Formlar"},"content":{"rendered":"\n<div class=\"wp-block-file\"><a id=\"wp-block-file--media-fa5906f9-1d66-4afb-8636-e6ea9557ad53\" href=\"https:\/\/birimler.atauni.edu.tr\/ingiliz-dili-egitimi-abd\/wp-content\/uploads\/sites\/326\/2022\/09\/Ders-Muafiyet-Dilekcesi-2.docx\">Yatay Ge\u00e7i\u015f Ders Muafiyet Dilek\u00e7esi<\/a><a href=\"https:\/\/birimler.atauni.edu.tr\/ingiliz-dili-egitimi-abd\/wp-content\/uploads\/sites\/326\/2022\/09\/Ders-Muafiyet-Dilekcesi-2.docx\" class=\"wp-block-file__button\" download aria-describedby=\"wp-block-file--media-fa5906f9-1d66-4afb-8636-e6ea9557ad53\">\u0130ndir<\/a><\/div>\n","protected":false},"excerpt":{"rendered":"","protected":false},"author":523,"featured_media":0,"parent":0,"menu_order":0,"comment_status":"closed","ping_status":"closed","template":"","meta":{"footnotes":""},"class_list":["post-6406","page","type-page","status-publish","hentry"],"_links":{"self":[{"href":"https:\/\/atauni.edu.tr\/ingiliz-dili-egitimi-abd\/wp-json\/wp\/v2\/pages\/6406","targetHints":{"allow":["GET"]}}],"collection":[{"href":"https:\/\/atauni.edu.tr\/ingiliz-dili-egitimi-abd\/wp-json\/wp\/v2\/pages"}],"about":[{"href":"https:\/\/atauni.edu.tr\/ingiliz-dili-egitimi-abd\/wp-json\/wp\/v2\/types\/page"}],"author":[{"embeddable":true,"href":"https:\/\/atauni.edu.tr\/ingiliz-dili-egitimi-abd\/wp-json\/wp\/v2\/users\/523"}],"replies":[{"embeddable":true,"href":"https:\/\/atauni.edu.tr\/ingiliz-dili-egitimi-abd\/wp-json\/wp\/v2\/comments?post=6406"}],"version-history":[{"count":2,"href":"https:\/\/atauni.edu.tr\/ingiliz-dili-egitimi-abd\/wp-json\/wp\/v2\/pages\/6406\/revisions"}],"predecessor-version":[{"id":6419,"href":"https:\/\/atauni.edu.tr\/ingiliz-dili-egitimi-abd\/wp-json\/wp\/v2\/pages\/6406\/revisions\/6419"}],"wp:attachment":[{"href":"https:\/\/atauni.edu.tr\/ingiliz-dili-egitimi-abd\/wp-json\/wp\/v2\/media?parent=6406"}],"curies":[{"name":"wp","href":"https:\/\/api.w.org\/{rel}","templated":true}]}}