{"id":5662,"date":"2021-07-13T10:01:45","date_gmt":"2021-07-13T07:01:45","guid":{"rendered":"https:\/\/portaltest.atauni.edu.tr\/bilgisayar-muhendisligi\/?page_id=5662"},"modified":"2025-10-06T12:10:49","modified_gmt":"2025-10-06T09:10:49","slug":"yonetim","status":"publish","type":"page","link":"https:\/\/atauni.edu.tr\/insaat-muhendisligi\/yonetim\/","title":{"rendered":"Y\u00f6netim"},"content":{"rendered":"\t\t<div data-elementor-type=\"wp-page\" data-elementor-id=\"5662\" class=\"elementor elementor-5662\" data-elementor-post-type=\"page\">\n\t\t\t\t\t\t<section class=\"elementor-section elementor-top-section elementor-element elementor-element-22b96024 elementor-section-boxed elementor-section-height-default elementor-section-height-default\" data-id=\"22b96024\" data-element_type=\"section\">\n\t\t\t\t\t\t<div class=\"elementor-container elementor-column-gap-default\">\n\t\t\t\t\t<div class=\"elementor-column elementor-col-100 elementor-top-column elementor-element elementor-element-5a1f7769\" data-id=\"5a1f7769\" data-element_type=\"column\">\n\t\t\t<div class=\"elementor-widget-wrap elementor-element-populated\">\n\t\t\t\t\t\t<div class=\"elementor-element elementor-element-3b3e2d4a elementor-widget elementor-widget-heading\" data-id=\"3b3e2d4a\" data-element_type=\"widget\" data-widget_type=\"heading.default\">\n\t\t\t\t<div class=\"elementor-widget-container\">\n\t\t\t\t\t<h2 class=\"elementor-heading-title elementor-size-default\">Y\u00f6netim<\/h2>\t\t\t\t<\/div>\n\t\t\t\t<\/div>\n\t\t\t\t<div class=\"elementor-element elementor-element-35223868 elementor-widget-divider--view-line elementor-widget elementor-widget-divider\" data-id=\"35223868\" data-element_type=\"widget\" data-widget_type=\"divider.default\">\n\t\t\t\t<div class=\"elementor-widget-container\">\n\t\t\t\t\t\t\t<div class=\"elementor-divider\">\n\t\t\t<span class=\"elementor-divider-separator\">\n\t\t\t\t\t\t<\/span>\n\t\t<\/div>\n\t\t\t\t\t\t<\/div>\n\t\t\t\t<\/div>\n\t\t\t\t\t<\/div>\n\t\t<\/div>\n\t\t\t\t\t<\/div>\n\t\t<\/section>\n\t\t\t\t<section class=\"elementor-section elementor-top-section elementor-element elementor-element-f0ee5ef elementor-section-boxed elementor-section-height-default elementor-section-height-default\" data-id=\"f0ee5ef\" data-element_type=\"section\">\n\t\t\t\t\t\t<div class=\"elementor-container elementor-column-gap-default\">\n\t\t\t\t\t<div class=\"elementor-column elementor-col-50 elementor-top-column elementor-element elementor-element-3da5c24\" data-id=\"3da5c24\" data-element_type=\"column\">\n\t\t\t<div class=\"elementor-widget-wrap elementor-element-populated\">\n\t\t\t\t\t\t<div class=\"elementor-element elementor-element-4c952f1 elementor-widget elementor-widget-shortcode\" data-id=\"4c952f1\" data-element_type=\"widget\" data-widget_type=\"shortcode.default\">\n\t\t\t\t<div class=\"elementor-widget-container\">\n\t\t\t\t\t            <div class=\"accordion\" id=\"personel-kart\">\n                <div class=\"card p-liste\">\n                    <div class=\"card-header \" id=\"p-0\">\n                        <h2 class=\"mb-0\">\n                            <button class=\"btn btn-link collapsed\" type=\"button\" data-toggle=\"collapse\"\n                                    data-target=\"#k-0\"\n                                    aria-expanded=\"false\" aria-controls=\"collapseOne\">\n                                <span class=\"unvan\">B\u00f6l\u00fcm Ba\u015fkan\u0131<\/span>\n                                Prof. Dr. Abdulkadir C\u00fcneyt Ayd\u0131n                            <\/button>\n                        <\/h2>\n                    <\/div>\n                    <div id=\"k-0\" class=\"collapse\" aria-labelledby=\"p-0\"\n                         data-parent=\"#personel-kart\" style=\"\">\n                        <div class=\"card-body\">\n                            <div class=\"row\">\n                                <div class=\"col-3 kart-resim\">\n                                    <img decoding=\"async\" src=\"\/\/eski.atauni.edu.tr\/resizer.php?w=189&amp;h=228&amp;zc=1&amp;src=\/uploads\/profilResimleriSha1\/a51af7e9c9afcfd2ae5d8ee094ddfd4e.png\"\n                                         class=\"img-fluid\">\n                                <\/div>\n                                <div class=\"col-7\">\n                                    <h3 class=\"kart-baslik kart-baslik-yonetim\">B\u00f6l\u00fcm Ba\u015fkan\u0131<\/h3>\n                                    <div class=\"row\">\n                                        <div class=\"ad-soyad\">Prof. Dr. Abdulkadir C\u00fcneyt Ayd\u0131n<\/div>\n                                        <div class=\"birim\">Yap\u0131 Anabilim Dal\u0131<\/div>\n                                        <div class=\"bilgiler\">\n                                            <strong>E-Posta<\/strong>acaydin@atauni.edu.tr                                        <\/div>\n                                                                                <div class=\"bilgiler\"><strong>Profil<\/strong> <a target=\"_blank\"\n                                         href=\"http:\/\/avesis.atauni.edu.tr\/acaydin\">https:\/\/avesis.atauni.edu.tr\/acaydin<\/a>\n                                        <\/div>\n                                        <div class=\"bilgiler\">\n                                            <strong>Telefon<\/strong>\n                                            +90 442 231                                           (+904422314781)&nbsp;\n                                        <\/div>\n                                        <div class=\"bilgiler\"><strong>Posta Adresi<\/strong> \n                                        <span class=\"posta\">\n                                                                                                Atat\u00fcrk \u00dcniversitesi M\u00fchendislik Fak\u00fcltesi \u0130n\u015faat M\u00fchendisli\u011fi B\u00f6l\u00fcm\u00fc                                                                                                                                                                                                                                                                                                                                                                                                                                <\/span>\n                                        <\/div>\n                                    <\/div>\n                                <\/div>\n                                <div class=\"col-10 kart-egitim\">\n                                    <h3>E\u011fitim<\/h3>\n                                    <ul>\n\n                                                                                        <li>Doktora, Atat\u00fcrk \u00dcniversitesi, In\u015faat M\u00fchendisli\u011fi B\u00f6l\u00fcm\u00fc, 2004 <\/li>\n\n\n                                                                                                <li>Y\u00fcksek Lisans, Atat\u00fcrk \u00dcniversitesi, In\u015faat M\u00fchendisli\u011fi B\u00f6l\u00fcm\u00fc, 1998 <\/li>\n\n\n                                                                                                <li>Lisans, Karadeniz Teknik \u00dcniversitesi, In\u015faat M\u00fchendisli\u011fi B\u00f6l\u00fcm\u00fc, 1996 <\/li>\n\n\n                                                \n                                    <\/ul>\n                                <\/div>\n                                 <!--<div class=\"col-2 qr\">\n                                    <img decoding=\"async\" src=\"https:\/\/chart.googleapis.com\/chart?chs=100x100&amp;cht=qr&amp;chl=BEGIN:VCARD%0AVERSION:3.0%0ATITLE:%0AN:Abdulkadir C\u00fcneyt%20Ayd\u0131n%0ATEL;type=WORK:%2B90442231+904422314781%0AEMAIL:acaydin@atauni.edu.tr%0AEND:VCARD\"\n                                         class=\"img-fluid qr\">\n                                <\/div>-->\n                            <\/div>\n                        <\/div>\n                    <\/div>\n                <\/div>\n            <\/div>\n\n\n                        <div class=\"accordion\" id=\"personel-kart\">\n                <div class=\"card p-liste\">\n                    <div class=\"card-header \" id=\"p-1\">\n                        <h2 class=\"mb-0\">\n                            <button class=\"btn btn-link collapsed\" type=\"button\" data-toggle=\"collapse\"\n                                    data-target=\"#k-1\"\n                                    aria-expanded=\"false\" aria-controls=\"collapseOne\">\n                                <span class=\"unvan\">B\u00f6l\u00fcm Ba\u015fkan\u0131 Yard\u0131mc\u0131s\u0131<\/span>\n                                Do\u00e7. Dr. Mahmut K\u0131l\u0131\u00e7                            <\/button>\n                        <\/h2>\n                    <\/div>\n                    <div id=\"k-1\" class=\"collapse\" aria-labelledby=\"p-1\"\n                         data-parent=\"#personel-kart\" style=\"\">\n                        <div class=\"card-body\">\n                            <div class=\"row\">\n                                <div class=\"col-3 kart-resim\">\n                                    <img decoding=\"async\" src=\"\/\/eski.atauni.edu.tr\/resizer.php?w=189&amp;h=228&amp;zc=1&amp;src=\/uploads\/profilResimleriSha1\/8c0830d9d37b9d433548f9f1f0857681.png\"\n                                         class=\"img-fluid\">\n                                <\/div>\n                                <div class=\"col-7\">\n                                    <h3 class=\"kart-baslik kart-baslik-yonetim\">B\u00f6l\u00fcm Ba\u015fkan\u0131 Yard\u0131mc\u0131s\u0131<\/h3>\n                                    <div class=\"row\">\n                                        <div class=\"ad-soyad\">Do\u00e7. Dr. Mahmut K\u0131l\u0131\u00e7<\/div>\n                                        <div class=\"birim\">Yap\u0131 Anabilim Dal\u0131<\/div>\n                                        <div class=\"bilgiler\">\n                                            <strong>E-Posta<\/strong>mahmut.kilic@atauni.edu.tr                                        <\/div>\n                                                                                <div class=\"bilgiler\"><strong>Profil<\/strong> <a target=\"_blank\"\n                                         href=\"http:\/\/avesis.atauni.edu.tr\/mahmut.kilic\">https:\/\/avesis.atauni.edu.tr\/mahmut.kilic<\/a>\n                                        <\/div>\n                                        <div class=\"bilgiler\">\n                                            <strong>Telefon<\/strong>\n                                            +90 442 231                                           (4652)&nbsp;\n                                        <\/div>\n                                        <div class=\"bilgiler\"><strong>Posta Adresi<\/strong> \n                                        <span class=\"posta\">\n                                                                                                Atat\u00fcrk \u00dcniversitesi M\u00fchendislik Fak\u00fcltesi \u0130n\u015faat M\u00fchendisli\u011fi B\u00f6l\u00fcm\u00fc                                                                                                                                                                                                                                                                                                                                                                                                                                <\/span>\n                                        <\/div>\n                                    <\/div>\n                                <\/div>\n                                <div class=\"col-10 kart-egitim\">\n                                    <h3>E\u011fitim<\/h3>\n                                    <ul>\n\n                                                                                        <li>Y\u00fcksek Lisans, Atat\u00fcrk \u00dcniversitesi, In\u015faat M\u00fchendisli\u011fi B\u00f6l\u00fcm\u00fc, 2014 <\/li>\n\n\n                                                                                                <li>Lisans-\u00c7iftAnadal, Atat\u00fcrk \u00dcniversitesi, Makine M\u00fchendisli\u011fi B\u00f6l\u00fcm\u00fc, 2010 <\/li>\n\n\n                                                                                                <li>Doktora, Atat\u00fcrk \u00dcniversitesi, In\u015faat M\u00fchendisli\u011fi B\u00f6l\u00fcm\u00fc, 2017 <\/li>\n\n\n                                                                                                <li>Lisans, Atat\u00fcrk \u00dcniversitesi, In\u015faat M\u00fchendisli\u011fi B\u00f6l\u00fcm\u00fc, 2009 <\/li>\n\n\n                                                \n                                    <\/ul>\n                                <\/div>\n                                 <!--<div class=\"col-2 qr\">\n                                    <img decoding=\"async\" src=\"https:\/\/chart.googleapis.com\/chart?chs=100x100&amp;cht=qr&amp;chl=BEGIN:VCARD%0AVERSION:3.0%0ATITLE:%0AN:Mahmut%20K\u0131l\u0131\u00e7%0ATEL;type=WORK:%2B904422314652%0AEMAIL:mahmut.kilic@atauni.edu.tr%0AEND:VCARD\"\n                                         class=\"img-fluid qr\">\n                                <\/div>-->\n                            <\/div>\n                        <\/div>\n                    <\/div>\n                <\/div>\n            <\/div>\n\n\n                        <div class=\"accordion\" id=\"personel-kart\">\n                <div class=\"card p-liste\">\n                    <div class=\"card-header \" id=\"p-2\">\n                        <h2 class=\"mb-0\">\n                            <button class=\"btn btn-link collapsed\" type=\"button\" data-toggle=\"collapse\"\n                                    data-target=\"#k-2\"\n                                    aria-expanded=\"false\" aria-controls=\"collapseOne\">\n                                <span class=\"unvan\">B\u00f6l\u00fcm Ba\u015fkan\u0131 Yard\u0131mc\u0131s\u0131<\/span>\n                                Do\u00e7. Dr. G\u00f6khan Kaplan                            <\/button>\n                        <\/h2>\n                    <\/div>\n                    <div id=\"k-2\" class=\"collapse\" aria-labelledby=\"p-2\"\n                         data-parent=\"#personel-kart\" style=\"\">\n                        <div class=\"card-body\">\n                            <div class=\"row\">\n                                <div class=\"col-3 kart-resim\">\n                                    <img decoding=\"async\" src=\"\/\/eski.atauni.edu.tr\/resizer.php?w=189&amp;h=228&amp;zc=1&amp;src=\/uploads\/profilResimleriSha1\/e2f136f63b6f06ebea16427b4885ffd3.png\"\n                                         class=\"img-fluid\">\n                                <\/div>\n                                <div class=\"col-7\">\n                                    <h3 class=\"kart-baslik kart-baslik-yonetim\">B\u00f6l\u00fcm Ba\u015fkan\u0131 Yard\u0131mc\u0131s\u0131<\/h3>\n                                    <div class=\"row\">\n                                        <div class=\"ad-soyad\">Do\u00e7. Dr. G\u00f6khan Kaplan<\/div>\n                                        <div class=\"birim\">Yap\u0131 Anabilim Dal\u0131<\/div>\n                                        <div class=\"bilgiler\">\n                                            <strong>E-Posta<\/strong>gkaplan@atauni.edu.tr                                        <\/div>\n                                                                                <div class=\"bilgiler\"><strong>Profil<\/strong> <a target=\"_blank\"\n                                         href=\"http:\/\/avesis.atauni.edu.tr\/gkaplan\">https:\/\/avesis.atauni.edu.tr\/gkaplan<\/a>\n                                        <\/div>\n                                        <div class=\"bilgiler\">\n                                            <strong>Telefon<\/strong>\n                                            +90 442 231                                           ()&nbsp;\n                                        <\/div>\n                                        <div class=\"bilgiler\"><strong>Posta Adresi<\/strong> \n                                        <span class=\"posta\">\n                                                                                                Atat\u00fcrk \u00dcniversitesi M\u00fchendislik Fak\u00fcltesi \u0130n\u015faat M\u00fchendisli\u011fi B\u00f6l\u00fcm\u00fc                                                                                                                                                                                                                                                                                                                                                                                                                                <\/span>\n                                        <\/div>\n                                    <\/div>\n                                <\/div>\n                                <div class=\"col-10 kart-egitim\">\n                                    <h3>E\u011fitim<\/h3>\n                                    <ul>\n\n                                        \n                                    <\/ul>\n                                <\/div>\n                                 <!--<div class=\"col-2 qr\">\n                                    <img decoding=\"async\" src=\"https:\/\/chart.googleapis.com\/chart?chs=100x100&amp;cht=qr&amp;chl=BEGIN:VCARD%0AVERSION:3.0%0ATITLE:%0AN:G\u00f6khan%20Kaplan%0ATEL;type=WORK:%2B90442231%0AEMAIL:gkaplan@atauni.edu.tr%0AEND:VCARD\"\n                                         class=\"img-fluid qr\">\n                                <\/div>-->\n                            <\/div>\n                        <\/div>\n                    <\/div>\n                <\/div>\n            <\/div>\n\n\n            \t\t<div class=\"elementor-shortcode\"><\/div>\n\t\t\t\t\t\t<\/div>\n\t\t\t\t<\/div>\n\t\t\t\t<div class=\"elementor-element elementor-element-eb3de7f elementor-widget-divider--view-line elementor-widget elementor-widget-divider\" data-id=\"eb3de7f\" data-element_type=\"widget\" data-widget_type=\"divider.default\">\n\t\t\t\t<div class=\"elementor-widget-container\">\n\t\t\t\t\t\t\t<div class=\"elementor-divider\">\n\t\t\t<span class=\"elementor-divider-separator\">\n\t\t\t\t\t\t<\/span>\n\t\t<\/div>\n\t\t\t\t\t\t<\/div>\n\t\t\t\t<\/div>\n\t\t\t\t<div class=\"elementor-element elementor-element-0e24f49 elementor-widget elementor-widget-pdf_viewer\" data-id=\"0e24f49\" data-element_type=\"widget\" data-widget_type=\"pdf_viewer.default\">\n\t\t\t\t<div class=\"elementor-widget-container\">\n\t\t\t\t\t<iframe src=\"https:\/\/docs.google.com\/viewer?url=https:\/\/birimler.atauni.edu.tr\/insaat-muhendisligi\/wp-content\/uploads\/sites\/126\/2025\/10\/Insaat-Muhendisligi-Bolum-Yonetim-Yapisi-ve-Gorev-Dagilimi.pdf&amp;embedded=true\" style=\"display: block; margin-left: auto; margin-right: auto; width: 640px; height: 1100px;\" frameborder=\"1\" marginheight=\"0px\" marginwidth=\"0px\" allowfullscreen><\/iframe>\t\t\t\t<\/div>\n\t\t\t\t<\/div>\n\t\t\t\t\t<\/div>\n\t\t<\/div>\n\t\t\t\t<div class=\"elementor-column elementor-col-50 elementor-top-column elementor-element elementor-element-baa85fd\" data-id=\"baa85fd\" data-element_type=\"column\">\n\t\t\t<div class=\"elementor-widget-wrap elementor-element-populated\">\n\t\t\t\t\t\t<div class=\"elementor-element elementor-element-d73998a elementor-widget elementor-widget-text-editor\" data-id=\"d73998a\" data-element_type=\"widget\" data-widget_type=\"text-editor.default\">\n\t\t\t\t<div class=\"elementor-widget-container\">\n\t\t\t\t\t\t\t\t\t<h5><em>Y\u00f6netimden Mesaj<\/em><\/h5><p>\u0130n\u015faat M\u00fchendisli\u011fi, insanl\u0131k var oldu\u011fundan beri var olan ve insanl\u0131k var oldu\u011fu m\u00fcddet\u00e7e var olacak olan en temel m\u00fchendislik bran\u015f\u0131d\u0131r. Bir anlamda, insanl\u0131\u011f\u0131n bug\u00fcn sahip oldu\u011fu b\u00fct\u00fcn uygulamal\u0131 bilimlerin temelini te\u015fkil eder. Bu s\u00fcre\u00e7te in\u015faat m\u00fchendisleri, do\u011fada var olan kaynaklar\u0131 kullanarak, insanl\u0131\u011f\u0131n ihtiya\u00e7 duydu\u011fu ya\u015fam kalitesini tasarlar ve in\u015fa eder. Bu s\u00fcrecin bir par\u00e7as\u0131 olan in\u015faat m\u00fchendisli\u011fi \u00f6\u011frencilerimiz, analitik d\u00fc\u015f\u00fcnme yetene\u011fine sahip, \u00f6\u011frendi\u011fi bilgileri sentezleyerek insanl\u0131\u011f\u0131n sorunlar\u0131na etik, s\u00fcrd\u00fcr\u00fclebilir, \u00e7evreye duyarl\u0131 sanat eserleri ortaya \u00e7\u0131karmakla m\u00fckelleftir.<\/p><p>Sanat, zanaat ve matemati\u011fin bulu\u015ftu\u011fu bir meslek olan in\u015faat m\u00fchendisli\u011finin k\u00e2inata b\u0131rakt\u0131\u011f\u0131 izler, y\u00fczy\u0131llara meydan okumaktad\u0131r. Ge\u00e7mi\u015fte farkl\u0131 isimlerle an\u0131lm\u0131\u015f olsa da, unutulmamal\u0131d\u0131r ki temel anlamda avam taraf\u0131ndan yap\u0131 yapanlar olarak alg\u0131lanan in\u015faat m\u00fchendisleri, asl\u0131nda yarat\u0131c\u0131n\u0131n yery\u00fcz\u00fcndeki temsilcileridir. D\u00fc\u015f\u00fcn\u00fcn ki bir hekimin sebep olabilece\u011fi birka\u00e7 can kayb\u0131, onun hekimli\u011fini k\u0131s\u0131tlarken; in\u015faat m\u00fchendisleri b\u00fct\u00fcn toplumun can g\u00fcvenli\u011finden sorumlu olmakla kalmaz ayn\u0131 zamanda \u00fcretti\u011fi eserlerle yarat\u0131c\u0131l\u0131\u011f\u0131n\u0131 sergilemek zorundad\u0131rlar.<\/p><p>B\u00f6yle k\u00fclfetli, geni\u015f bir alana yay\u0131lan in\u015faat m\u00fchendislerini yeti\u015ftirmek i\u00e7in b\u00f6l\u00fcm\u00fcm\u00fcz, nitelikli personeliyle kompakt bir yap\u0131da teorik bilgiyi uygulamayla bulu\u015fturan metodolojik bir yakla\u015f\u0131m i\u00e7indedir.<\/p><p>Gerek \u00fclkemizde, gerekse d\u00fcnyan\u0131n d\u00f6rt bir yan\u0131na da\u011f\u0131lm\u0131\u015f mezun meslekta\u015flar\u0131m\u0131z, Paland\u00f6ken in zirvesinden y\u00fckselen k\u0131\u015f g\u00fcne\u015finin her anlamda s\u0131cakl\u0131\u011f\u0131n\u0131, ayd\u0131nl\u0131\u011f\u0131n\u0131 insanl\u0131\u011f\u0131n hizmetine sunmaktad\u0131r.<\/p><p>\u00d6zellikle yeni tercih yapacak gen\u00e7lerimizin, in\u015faat m\u00fchendisli\u011fini tercih ederken dikkat etmesi gereken bu kavramlar, onlar\u0131 in\u015faat m\u00fchendisli\u011finin b\u00fcy\u00fcl\u00fc d\u00fcnyas\u0131na davet etmektedir. Unutulmamal\u0131d\u0131r ki, in\u015faat m\u00fchendisi olmak bir ayr\u0131cal\u0131kt\u0131r. Hele hele, buna do\u011fudan y\u00fckselen Atat\u00fcrk \u00dcniversitemizden ba\u015flayarak yola \u00e7\u0131karlarsa, alacaklar\u0131 akredite e\u011fitimin yan\u0131 s\u0131ra yayla zenginli\u011finde ferahl\u0131kla, k\u0131\u015f sporlar\u0131nda e\u011flencelerle, teknik gezilerde sa\u011flanan sosyal ve mesleki birlikteliklerle, hayata Anadolu\u2019nun zirvesinden ba\u015flama \u015fans\u0131 bulacaklard\u0131r.<\/p><p style=\"text-align: center\">Prof. Dr. Abdulkadir C\u00fcneyt AYDIN<\/p><p><img decoding=\"async\" class=\"aligncenter\" src=\"https:\/\/acaydin.files.wordpress.com\/2016\/02\/aca-mavi-imza-2x4cmkucuk.jpg?w=333&amp;h=164\" alt=\" \" \/><\/p>\t\t\t\t\t\t\t\t<\/div>\n\t\t\t\t<\/div>\n\t\t\t\t\t<\/div>\n\t\t<\/div>\n\t\t\t\t\t<\/div>\n\t\t<\/section>\n\t\t\t\t<section class=\"elementor-section elementor-top-section elementor-element elementor-element-e16bc43 elementor-section-boxed elementor-section-height-default elementor-section-height-default\" data-id=\"e16bc43\" data-element_type=\"section\">\n\t\t\t\t\t\t<div class=\"elementor-container elementor-column-gap-default\">\n\t\t\t\t\t<div class=\"elementor-column elementor-col-100 elementor-top-column elementor-element elementor-element-ae89c62\" data-id=\"ae89c62\" data-element_type=\"column\">\n\t\t\t<div class=\"elementor-widget-wrap elementor-element-populated\">\n\t\t\t\t\t\t<div class=\"elementor-element elementor-element-c460931 elementor-widget elementor-widget-text-editor\" data-id=\"c460931\" data-element_type=\"widget\" data-widget_type=\"text-editor.default\">\n\t\t\t\t<div class=\"elementor-widget-container\">\n\t\t\t\t\t\t\t\t\t<p>\u0130n\u015faat M\u00fchendisli\u011fi b\u00f6l\u00fcm ba\u015fkan\u0131 ve b\u00f6l\u00fcm ba\u015fkan yard\u0131mc\u0131lar\u0131n\u0131n g\u00f6revleri i\u00e7in l\u00fctfen <a href=\"https:\/\/birimler.atauni.edu.tr\/insaat-muhendisligi\/wp-content\/uploads\/sites\/126\/2025\/10\/Insaat-Muhendisligi-Bolum-Yonetim-Yapisi-ve-Gorev-Dagilimi.pdf\" data-wplink-edit=\"true\">t\u0131klay\u0131n\u0131z.<\/a><\/p>\t\t\t\t\t\t\t\t<\/div>\n\t\t\t\t<\/div>\n\t\t\t\t\t<\/div>\n\t\t<\/div>\n\t\t\t\t\t<\/div>\n\t\t<\/section>\n\t\t\t\t<\/div>\n\t\t","protected":false},"excerpt":{"rendered":"<p>Y\u00f6netim Y\u00f6netimden Mesaj \u0130n\u015faat M\u00fchendisli\u011fi, insanl\u0131k var oldu\u011fundan beri var olan ve insanl\u0131k var oldu\u011fu m\u00fcddet\u00e7e var olacak olan en temel m\u00fchendislik bran\u015f\u0131d\u0131r. Bir anlamda, insanl\u0131\u011f\u0131n bug\u00fcn sahip oldu\u011fu b\u00fct\u00fcn uygulamal\u0131 bilimlerin temelini te\u015fkil eder. Bu s\u00fcre\u00e7te in\u015faat m\u00fchendisleri, do\u011fada var olan kaynaklar\u0131 kullanarak, insanl\u0131\u011f\u0131n ihtiya\u00e7 duydu\u011fu ya\u015fam kalitesini tasarlar ve in\u015fa eder. Bu s\u00fcrecin [&hellip;]<\/p>\n","protected":false},"author":1,"featured_media":0,"parent":0,"menu_order":0,"comment_status":"closed","ping_status":"closed","template":"elementor_header_footer","meta":{"footnotes":""},"class_list":["post-5662","page","type-page","status-publish","hentry"],"_links":{"self":[{"href":"https:\/\/atauni.edu.tr\/insaat-muhendisligi\/wp-json\/wp\/v2\/pages\/5662","targetHints":{"allow":["GET"]}}],"collection":[{"href":"https:\/\/atauni.edu.tr\/insaat-muhendisligi\/wp-json\/wp\/v2\/pages"}],"about":[{"href":"https:\/\/atauni.edu.tr\/insaat-muhendisligi\/wp-json\/wp\/v2\/types\/page"}],"author":[{"embeddable":true,"href":"https:\/\/atauni.edu.tr\/insaat-muhendisligi\/wp-json\/wp\/v2\/users\/1"}],"replies":[{"embeddable":true,"href":"https:\/\/atauni.edu.tr\/insaat-muhendisligi\/wp-json\/wp\/v2\/comments?post=5662"}],"version-history":[{"count":62,"href":"https:\/\/atauni.edu.tr\/insaat-muhendisligi\/wp-json\/wp\/v2\/pages\/5662\/revisions"}],"predecessor-version":[{"id":8622,"href":"https:\/\/atauni.edu.tr\/insaat-muhendisligi\/wp-json\/wp\/v2\/pages\/5662\/revisions\/8622"}],"wp:attachment":[{"href":"https:\/\/atauni.edu.tr\/insaat-muhendisligi\/wp-json\/wp\/v2\/media?parent=5662"}],"curies":[{"name":"wp","href":"https:\/\/api.w.org\/{rel}","templated":true}]}}