{"id":6447,"date":"2025-05-30T17:30:13","date_gmt":"2025-05-30T14:30:13","guid":{"rendered":"https:\/\/birimler.atauni.edu.tr\/is-sagligi-ve-guvenligi-programi\/?page_id=6447"},"modified":"2025-07-30T13:02:56","modified_gmt":"2025-07-30T10:02:56","slug":"komisyonlar","status":"publish","type":"page","link":"https:\/\/atauni.edu.tr\/is-sagligi-ve-guvenligi-programi\/komisyonlar\/","title":{"rendered":"Komisyonlar"},"content":{"rendered":"\t\t<div data-elementor-type=\"wp-page\" data-elementor-id=\"6447\" class=\"elementor elementor-6447\" data-elementor-post-type=\"page\">\n\t\t\t\t\t\t<section class=\"elementor-section elementor-top-section elementor-element elementor-element-d49290e elementor-section-boxed elementor-section-height-default elementor-section-height-default\" data-id=\"d49290e\" data-element_type=\"section\">\n\t\t\t\t\t\t<div class=\"elementor-container elementor-column-gap-default\">\n\t\t\t\t\t<div class=\"elementor-column elementor-col-100 elementor-top-column elementor-element elementor-element-35d973c\" data-id=\"35d973c\" data-element_type=\"column\">\n\t\t\t<div class=\"elementor-widget-wrap elementor-element-populated\">\n\t\t\t\t\t\t<div class=\"elementor-element elementor-element-dcb695c elementor-widget elementor-widget-text-editor\" data-id=\"dcb695c\" data-element_type=\"widget\" data-widget_type=\"text-editor.default\">\n\t\t\t\t<div class=\"elementor-widget-container\">\n\t\t\t\t\t\t\t\t\t<p>\u00a0<\/p><table style=\"height: 382px\" width=\"586\"><tbody><tr><td width=\"319\"><p><strong>B\u00d6L\u00dcM KURULU<\/strong><\/p><\/td><td width=\"319\"><p>Prof. Dr. Ebru BOZKURT<\/p><p>\u00d6\u011fr. G\u00f6r. \u00d6mer KARABULUT<\/p><p>\u00d6\u011fr. G\u00f6r. Emre DEM\u0130R<\/p><\/td><\/tr><tr><td width=\"319\"><p><strong>B\u00d6L\u00dcM \u0130NT\u0130BAK KOM\u0130SYONU<\/strong><\/p><\/td><td width=\"319\"><p>Prof. Dr. Ebru BOZKURT<\/p><p>\u00d6\u011fr. G\u00f6r. \u00d6mer KARABULUT<\/p><p>\u00d6\u011fr. G\u00f6r. Emre DEM\u0130R<\/p><\/td><\/tr><tr><td width=\"319\"><p><strong>STAJ KOM\u0130SYONU<\/strong><\/p><\/td><td width=\"319\"><p>Prof. Dr. Ebru BOZKURT\u00a0<\/p><p>\u00d6\u011fr. G\u00f6r. \u00d6mer KARABULUT<\/p><p>\u00d6\u011fr. G\u00f6r. Emre DEM\u0130R<\/p><\/td><\/tr><\/tbody><\/table>\t\t\t\t\t\t\t\t<\/div>\n\t\t\t\t<\/div>\n\t\t\t\t\t<\/div>\n\t\t<\/div>\n\t\t\t\t\t<\/div>\n\t\t<\/section>\n\t\t\t\t<\/div>\n\t\t","protected":false},"excerpt":{"rendered":"<p>\u00a0 B\u00d6L\u00dcM KURULU Prof. Dr. Ebru BOZKURT \u00d6\u011fr. G\u00f6r. \u00d6mer KARABULUT \u00d6\u011fr. G\u00f6r. Emre DEM\u0130R B\u00d6L\u00dcM \u0130NT\u0130BAK KOM\u0130SYONU Prof. Dr. Ebru BOZKURT \u00d6\u011fr. G\u00f6r. \u00d6mer KARABULUT \u00d6\u011fr. G\u00f6r. Emre DEM\u0130R STAJ KOM\u0130SYONU Prof. Dr. Ebru BOZKURT\u00a0 \u00d6\u011fr. G\u00f6r. \u00d6mer KARABULUT \u00d6\u011fr. G\u00f6r. Emre DEM\u0130R<\/p>\n","protected":false},"author":184,"featured_media":0,"parent":0,"menu_order":0,"comment_status":"closed","ping_status":"closed","template":"","meta":{"footnotes":""},"class_list":["post-6447","page","type-page","status-publish","hentry"],"_links":{"self":[{"href":"https:\/\/atauni.edu.tr\/is-sagligi-ve-guvenligi-programi\/wp-json\/wp\/v2\/pages\/6447","targetHints":{"allow":["GET"]}}],"collection":[{"href":"https:\/\/atauni.edu.tr\/is-sagligi-ve-guvenligi-programi\/wp-json\/wp\/v2\/pages"}],"about":[{"href":"https:\/\/atauni.edu.tr\/is-sagligi-ve-guvenligi-programi\/wp-json\/wp\/v2\/types\/page"}],"author":[{"embeddable":true,"href":"https:\/\/atauni.edu.tr\/is-sagligi-ve-guvenligi-programi\/wp-json\/wp\/v2\/users\/184"}],"replies":[{"embeddable":true,"href":"https:\/\/atauni.edu.tr\/is-sagligi-ve-guvenligi-programi\/wp-json\/wp\/v2\/comments?post=6447"}],"version-history":[{"count":10,"href":"https:\/\/atauni.edu.tr\/is-sagligi-ve-guvenligi-programi\/wp-json\/wp\/v2\/pages\/6447\/revisions"}],"predecessor-version":[{"id":6596,"href":"https:\/\/atauni.edu.tr\/is-sagligi-ve-guvenligi-programi\/wp-json\/wp\/v2\/pages\/6447\/revisions\/6596"}],"wp:attachment":[{"href":"https:\/\/atauni.edu.tr\/is-sagligi-ve-guvenligi-programi\/wp-json\/wp\/v2\/media?parent=6447"}],"curies":[{"name":"wp","href":"https:\/\/api.w.org\/{rel}","templated":true}]}}