{"id":5682,"date":"2021-07-13T10:10:01","date_gmt":"2021-07-13T07:10:01","guid":{"rendered":"https:\/\/portaltest.atauni.edu.tr\/bilgisayar-muhendisligi\/?page_id=5682"},"modified":"2023-05-04T09:46:28","modified_gmt":"2023-05-04T06:46:28","slug":"misyon-vizyon-ve-temel-degerler","status":"publish","type":"page","link":"https:\/\/atauni.edu.tr\/islam-felsefesi-anabilim-dali\/misyon-vizyon-ve-temel-degerler\/","title":{"rendered":"Misyon, Vizyon ve Temel De\u011ferler"},"content":{"rendered":"\t\t<div data-elementor-type=\"wp-page\" data-elementor-id=\"5682\" class=\"elementor elementor-5682\" data-elementor-post-type=\"page\">\n\t\t\t\t\t\t<section class=\"elementor-section elementor-top-section elementor-element elementor-element-730d320 elementor-section-boxed elementor-section-height-default elementor-section-height-default\" data-id=\"730d320\" data-element_type=\"section\">\n\t\t\t\t\t\t<div class=\"elementor-container elementor-column-gap-default\">\n\t\t\t\t\t<div class=\"elementor-column elementor-col-100 elementor-top-column elementor-element elementor-element-753d0860\" data-id=\"753d0860\" data-element_type=\"column\">\n\t\t\t<div class=\"elementor-widget-wrap\">\n\t\t\t\t\t\t\t<\/div>\n\t\t<\/div>\n\t\t\t\t\t<\/div>\n\t\t<\/section>\n\t\t\t\t<section class=\"elementor-section elementor-top-section elementor-element elementor-element-9be811a elementor-section-boxed elementor-section-height-default elementor-section-height-default\" data-id=\"9be811a\" data-element_type=\"section\">\n\t\t\t\t\t\t<div class=\"elementor-container elementor-column-gap-default\">\n\t\t\t\t\t<div class=\"elementor-column elementor-col-100 elementor-top-column elementor-element elementor-element-1ed847b7\" data-id=\"1ed847b7\" data-element_type=\"column\">\n\t\t\t<div class=\"elementor-widget-wrap elementor-element-populated\">\n\t\t\t\t\t\t<div class=\"elementor-element elementor-element-4ce0d07f elementor-widget elementor-widget-heading\" data-id=\"4ce0d07f\" data-element_type=\"widget\" data-widget_type=\"heading.default\">\n\t\t\t\t<div class=\"elementor-widget-container\">\n\t\t\t\t\t<h2 class=\"elementor-heading-title elementor-size-default\">Misyon, Vizyon ve Temel De\u011ferler<\/h2>\t\t\t\t<\/div>\n\t\t\t\t<\/div>\n\t\t\t\t<div class=\"elementor-element elementor-element-63260862 elementor-widget-divider--view-line elementor-widget elementor-widget-divider\" data-id=\"63260862\" data-element_type=\"widget\" data-widget_type=\"divider.default\">\n\t\t\t\t<div class=\"elementor-widget-container\">\n\t\t\t\t\t\t\t<div class=\"elementor-divider\">\n\t\t\t<span class=\"elementor-divider-separator\">\n\t\t\t\t\t\t<\/span>\n\t\t<\/div>\n\t\t\t\t\t\t<\/div>\n\t\t\t\t<\/div>\n\t\t\t\t\t<\/div>\n\t\t<\/div>\n\t\t\t\t\t<\/div>\n\t\t<\/section>\n\t\t\t\t<section class=\"elementor-section elementor-top-section elementor-element elementor-element-681db8b elementor-section-boxed elementor-section-height-default elementor-section-height-default\" data-id=\"681db8b\" data-element_type=\"section\">\n\t\t\t\t\t\t<div class=\"elementor-container elementor-column-gap-default\">\n\t\t\t\t\t<div class=\"elementor-column elementor-col-100 elementor-top-column elementor-element elementor-element-ad4dac5\" data-id=\"ad4dac5\" data-element_type=\"column\">\n\t\t\t<div class=\"elementor-widget-wrap elementor-element-populated\">\n\t\t\t\t\t\t<div class=\"elementor-element elementor-element-2f96b3d elementor-widget elementor-widget-text-editor\" data-id=\"2f96b3d\" data-element_type=\"widget\" data-widget_type=\"text-editor.default\">\n\t\t\t\t<div class=\"elementor-widget-container\">\n\t\t\t\t\t\t\t\t\t<p class=\"MsoNormal\" style=\"text-indent: 35.4pt;line-height: normal\"><span style=\"font-size:12.0pt;,serif\">\u0130slam\nfelsefesi, \u0130slam co\u011frafyas\u0131nda yeti\u015fmi\u015f d\u00fc\u015f\u00fcn\u00fcrlerin Tanr\u0131, insan, toplum ve\nevren hakk\u0131nda ortaya koyduklar\u0131 sistemli fikr\u00ee faaliyetleri ara\u015ft\u0131ran bir\nbilim dal\u0131d\u0131r. Bu d\u00fc\u015f\u00fcn\u00fcrler, \u00f6zellikle Grek ve Helenistik felsefe\/bilim\nmiras\u0131n\u0131 devletin destekledi\u011fi terc\u00fcme faaliyetleri yoluyla edinerek, \u0130slam\nd\u00fc\u015f\u00fcncesi ile mezcetmi\u015f ve \u00f6zg\u00fcn bir yap\u0131ya kavu\u015fturmu\u015flard\u0131r. \u0130slam\nd\u00fc\u015f\u00fcn\u00fcrleri, ak\u0131l ve nakli bir arada kullanarak felsefi sorulara cevap aram\u0131\u015f,\nb\u00f6ylece hem \u0130slam k\u00fclt\u00fcr\u00fcne hem de d\u00fcnya felsefe tarihine \u00f6nemli katk\u0131larda\nbulunmu\u015flard\u0131r.<\/span><\/p><p class=\"MsoNormal\" style=\"text-indent: 35.4pt;line-height: normal\"><span style=\"font-size:12.0pt;,serif\">\u0130slam\nd\u00fc\u015f\u00fcncesinin kaynaklar\u0131, tarihi ve ge\u00e7irdi\u011fi evreler, \u0130slam felsefesinin\ngeli\u015fimini anlamak i\u00e7in \u00f6nemli konulard\u0131r. \u0130slam d\u00fc\u015f\u00fcncesinin kaynaklar\u0131\naras\u0131nda Kur\u2019an ve S\u00fcnnet\u2019in yan\u0131 s\u0131ra Yunan, Hint, Fars ve di\u011fer k\u00fclt\u00fcrlerden\nal\u0131nan felsefi miras\u0131 da saymak gerekir. \u00d6zellikle Yunan felsefesi, \u0130slam\nd\u00fc\u015f\u00fcn\u00fcrleri i\u00e7in \u00f6nemli bir kaynak olmu\u015ftur. Yunan filozoflar\u0131n\u0131n eserleri\nArap\u00e7a\u2019ya \u00e7evrilmi\u015f ve \u0130slam felsefesinin geli\u015fimine \u00f6nemli katk\u0131da bulunmu\u015ftur.\n\u0130slam felsefesi, t\u00fcm bu \u00e7e\u015fitli kaynaklardan yararlanarak kendine \u00f6zg\u00fc bir\nd\u00fc\u015f\u00fcnce sistemi olu\u015fturmu\u015ftur.<\/span><\/p><p class=\"MsoNormal\" style=\"text-indent: 35.4pt;line-height: normal\"><span style=\"font-size:12.0pt;,serif\">\u0130slam\nfelsefesinin tarihi, \u0130slam dininin ortaya \u00e7\u0131k\u0131\u015f\u0131ndan sonra ba\u015flayan ve\ng\u00fcn\u00fcm\u00fczde de devam eden bir akademik gelene\u011fi ifade eder. \u0130slam felsefesi, hem\n\u0130slam d\u00fcnyas\u0131n\u0131n i\u00e7inde hem de d\u0131\u015f\u0131nda etkili olmu\u015f, farkl\u0131 k\u00fclt\u00fcrlerle diyalog\nkurmu\u015f ve \u00e7e\u015fitli konularda \u00f6nemli eserler vermi\u015ftir.<\/span><\/p><p>\n\n\n\n\n\n<\/p><p class=\"MsoNormal\" style=\"text-indent: 35.4pt;line-height: normal\"><span style=\"font-size:12.0pt;,serif\">\u0130slam\nfelsefesinin tarihsel geli\u015fimi, genel olarak d\u00f6rt evreye ayr\u0131labilir. Birinci\nevre, 8. y\u00fczy\u0131ldan 10. y\u00fczy\u0131la kadar olan d\u00f6nemdir. Bu d\u00f6nemde \u0130slam felsefesi,\nYunan, Hint ve \u0130ran felsefelerinden etkilenerek \u015fekillenmi\u015f ve ilk sistemli\nfelsefi eserler ortaya \u00e7\u0131km\u0131\u015ft\u0131r. Bu d\u00f6nemin en \u00f6nemli temsilcileri Kindi,\nFarabi ve \u0130bn Sina\u2019d\u0131r. \u0130kinci evre, 11. y\u00fczy\u0131ldan 13. y\u00fczy\u0131la kadar olan\nd\u00f6nemdir. Bu d\u00f6nemde \u0130slam felsefesi, kelam ve tasavvuf gibi di\u011fer \u0130slami\nilimlerle ili\u015fki i\u00e7inde geli\u015fmi\u015f ve yeni ekoller do\u011fmu\u015ftur. Bu d\u00f6nemin en\n\u00f6nemli temsilcileri Gazali, \u0130bn R\u00fc\u015fd ve \u0130bn Arabi\u2019dir. \u00dc\u00e7\u00fcnc\u00fc evre, 13.\ny\u00fczy\u0131ldan 16. y\u00fczy\u0131la kadar olan d\u00f6nemdir. Bu d\u00f6nemde \u0130slam felsefesi, Mo\u011fol\nistilas\u0131 ve Osmanl\u0131 hakimiyeti gibi siyasi olaylardan etkilenerek de\u011fi\u015fim\nge\u00e7irmi\u015f ve yeni yorumlar ortaya \u00e7\u0131km\u0131\u015ft\u0131r. Bu d\u00f6nemin en \u00f6nemli temsilcileri\nNasiruddin Tusi, Sadreddin Konevi ve Molla Sadra\u2019d\u0131r. D\u00f6rd\u00fcnc\u00fc evre, 17.\ny\u00fczy\u0131ldan g\u00fcn\u00fcm\u00fcze kadar olan d\u00f6nemdir. Bu d\u00f6nemde \u0130slam felsefesi, Bat\u0131\nfelsefesiyle kar\u015f\u0131la\u015farak yeni sorunlarla y\u00fczle\u015fmi\u015f ve modernle\u015fme s\u00fcrecine\nkat\u0131lm\u0131\u015ft\u0131r. Bu d\u00f6nemin en \u00f6nemli temsilcileri ise Muhammed Abduh ve Seyyid\nH\u00fcseyin Nasr\u2019d\u0131r.<\/span><\/p>\t\t\t\t\t\t\t\t<\/div>\n\t\t\t\t<\/div>\n\t\t\t\t\t<\/div>\n\t\t<\/div>\n\t\t\t\t\t<\/div>\n\t\t<\/section>\n\t\t\t\t<\/div>\n\t\t","protected":false},"excerpt":{"rendered":"<p>Misyon, Vizyon ve Temel De\u011ferler \u0130slam felsefesi, \u0130slam co\u011frafyas\u0131nda yeti\u015fmi\u015f d\u00fc\u015f\u00fcn\u00fcrlerin Tanr\u0131, insan, toplum ve evren hakk\u0131nda ortaya koyduklar\u0131 sistemli fikr\u00ee faaliyetleri ara\u015ft\u0131ran bir bilim dal\u0131d\u0131r. Bu d\u00fc\u015f\u00fcn\u00fcrler, \u00f6zellikle Grek ve Helenistik felsefe\/bilim miras\u0131n\u0131 devletin destekledi\u011fi terc\u00fcme faaliyetleri yoluyla edinerek, \u0130slam d\u00fc\u015f\u00fcncesi ile mezcetmi\u015f ve \u00f6zg\u00fcn bir yap\u0131ya kavu\u015fturmu\u015flard\u0131r. \u0130slam d\u00fc\u015f\u00fcn\u00fcrleri, ak\u0131l ve nakli bir [&hellip;]<\/p>\n","protected":false},"author":1,"featured_media":0,"parent":0,"menu_order":0,"comment_status":"closed","ping_status":"closed","template":"elementor_header_footer","meta":{"footnotes":""},"class_list":["post-5682","page","type-page","status-publish","hentry"],"_links":{"self":[{"href":"https:\/\/atauni.edu.tr\/islam-felsefesi-anabilim-dali\/wp-json\/wp\/v2\/pages\/5682","targetHints":{"allow":["GET"]}}],"collection":[{"href":"https:\/\/atauni.edu.tr\/islam-felsefesi-anabilim-dali\/wp-json\/wp\/v2\/pages"}],"about":[{"href":"https:\/\/atauni.edu.tr\/islam-felsefesi-anabilim-dali\/wp-json\/wp\/v2\/types\/page"}],"author":[{"embeddable":true,"href":"https:\/\/atauni.edu.tr\/islam-felsefesi-anabilim-dali\/wp-json\/wp\/v2\/users\/1"}],"replies":[{"embeddable":true,"href":"https:\/\/atauni.edu.tr\/islam-felsefesi-anabilim-dali\/wp-json\/wp\/v2\/comments?post=5682"}],"version-history":[{"count":14,"href":"https:\/\/atauni.edu.tr\/islam-felsefesi-anabilim-dali\/wp-json\/wp\/v2\/pages\/5682\/revisions"}],"predecessor-version":[{"id":6287,"href":"https:\/\/atauni.edu.tr\/islam-felsefesi-anabilim-dali\/wp-json\/wp\/v2\/pages\/5682\/revisions\/6287"}],"wp:attachment":[{"href":"https:\/\/atauni.edu.tr\/islam-felsefesi-anabilim-dali\/wp-json\/wp\/v2\/media?parent=5682"}],"curies":[{"name":"wp","href":"https:\/\/api.w.org\/{rel}","templated":true}]}}