{"id":6409,"date":"2022-10-31T23:18:42","date_gmt":"2022-10-31T20:18:42","guid":{"rendered":"https:\/\/birimler.atauni.edu.tr\/isletme-bolumu\/?page_id=6409"},"modified":"2026-02-18T17:26:48","modified_gmt":"2026-02-18T14:26:48","slug":"danismanlik-saatleri","status":"publish","type":"page","link":"https:\/\/atauni.edu.tr\/isletme-bolumu\/danismanlik-saatleri\/","title":{"rendered":"Dan\u0131\u015fmanl\u0131k Saatleri"},"content":{"rendered":"\t\t<div data-elementor-type=\"wp-page\" data-elementor-id=\"6409\" class=\"elementor elementor-6409\" data-elementor-post-type=\"page\">\n\t\t\t\t\t\t<section class=\"elementor-section elementor-top-section elementor-element elementor-element-6476d73 elementor-section-boxed elementor-section-height-default elementor-section-height-default\" data-id=\"6476d73\" data-element_type=\"section\">\n\t\t\t\t\t\t<div class=\"elementor-container elementor-column-gap-default\">\n\t\t\t\t\t<div class=\"elementor-column elementor-col-100 elementor-top-column elementor-element elementor-element-73f51854\" data-id=\"73f51854\" data-element_type=\"column\">\n\t\t\t<div class=\"elementor-widget-wrap elementor-element-populated\">\n\t\t\t\t\t\t\t<\/div>\n\t\t<\/div>\n\t\t\t\t\t<\/div>\n\t\t<\/section>\n\t\t\t\t<section class=\"elementor-section elementor-top-section elementor-element elementor-element-850c10f elementor-section-boxed elementor-section-height-default elementor-section-height-default\" data-id=\"850c10f\" data-element_type=\"section\">\n\t\t\t\t\t\t<div class=\"elementor-container elementor-column-gap-default\">\n\t\t\t\t\t<div class=\"elementor-column elementor-col-50 elementor-top-column elementor-element elementor-element-6045a4a\" data-id=\"6045a4a\" data-element_type=\"column\">\n\t\t\t<div class=\"elementor-widget-wrap elementor-element-populated\">\n\t\t\t\t\t\t<div class=\"elementor-element elementor-element-5c2186d elementor-widget elementor-widget-text-editor\" data-id=\"5c2186d\" data-element_type=\"widget\" data-widget_type=\"text-editor.default\">\n\t\t\t\t<div class=\"elementor-widget-container\">\n\t\t\t\t\t\t\t\t\t<p>\u00d6\u011eRENC\u0130 DANI\u015eMANLIK SAATLER\u0130<\/p><p><strong>Dr. \u00d6\u011fr. \u00dcyesi Sefa \u00c7EL\u0130K: <\/strong>Pazartesi, \u00c7ar\u015famba, Cuma 10:00-11:00\/14:00-15:00<\/p><p><strong>Ar\u015f. G\u00f6r. Asl\u0131han YET\u0130M<\/strong>: Pazartesi 14:00-15:00 Sal\u0131 10:00-11:00 &#8211; \u00c7ar\u015famba 14:00-15:00<\/p><p><strong>Ar\u015f. G\u00f6r. Dr. K\u00fcbra \u00c7EL\u0130K<\/strong>: Pazartesi 14:00-15:00 Sal\u0131 10:00-11:00 &#8211; \u00c7ar\u015famba 14:00-15:00<\/p><p><strong>Ar\u015f. G\u00f6r. Dr. Musab I\u015eIK<\/strong>: Pazartesi 14:00-15:00 Sal\u0131 10:00-11:00 &#8211; \u00c7ar\u015famba 14:00-15:00<\/p><p>\u00a0<\/p>\t\t\t\t\t\t\t\t<\/div>\n\t\t\t\t<\/div>\n\t\t\t\t\t<\/div>\n\t\t<\/div>\n\t\t\t\t<div class=\"elementor-column elementor-col-50 elementor-top-column elementor-element elementor-element-051fd3c\" data-id=\"051fd3c\" data-element_type=\"column\">\n\t\t\t<div class=\"elementor-widget-wrap elementor-element-populated\">\n\t\t\t\t\t\t<div class=\"elementor-element elementor-element-9bc4bdf elementor-widget elementor-widget-text-editor\" data-id=\"9bc4bdf\" data-element_type=\"widget\" data-widget_type=\"text-editor.default\">\n\t\t\t\t<div class=\"elementor-widget-container\">\n\t\t\t\t\t\t\t\t\t<table><tbody><tr><td colspan=\"3\" width=\"573\"><p><strong>AKADEM\u0130K DANI\u015eMANLIK G\u00dcN VE SAATLER\u0130<\/strong><\/p><\/td><\/tr><tr><td width=\"321\"><p><strong>\u00d6\u011fretim \u00dcyesi<\/strong><\/p><\/td><td width=\"113\"><p><strong>G\u00fcn<\/strong><\/p><\/td><td width=\"138\"><p><strong>Saat<\/strong><\/p><\/td><\/tr><tr><td width=\"321\"><p><strong>Prof. Dr. Adem DURSUN<\/strong><\/p><\/td><td width=\"113\"><p>Pazartesi<\/p><\/td><td width=\"138\"><p>13:00-14:00<\/p><\/td><\/tr><tr><td width=\"321\"><p><strong>Prof. Dr. At\u0131lhan NAKT\u0130YOK<\/strong><\/p><\/td><td width=\"113\"><p>Sal\u0131<\/p><\/td><td width=\"138\"><p>14:00-15:00<\/p><\/td><\/tr><tr><td width=\"321\"><p><strong>Prof. Dr. Bekir ELMAS<\/strong><\/p><\/td><td width=\"113\"><p>\u00c7ar\u015famba<\/p><\/td><td width=\"138\"><p>13:00-14:00<\/p><\/td><\/tr><tr><td width=\"321\"><p><strong>Prof. Dr. Bener G\u00dcNG\u00d6R<\/strong><\/p><\/td><td width=\"113\"><p>Sal\u0131<\/p><\/td><td width=\"138\"><p>15:00-16:00<\/p><\/td><\/tr><tr><td width=\"321\"><p><strong>Prof. Dr. Canan Nur KARABEY<\/strong><\/p><\/td><td width=\"113\"><p>Sal\u0131<\/p><\/td><td width=\"138\"><p>13:00-14:00<\/p><\/td><\/tr><tr><td width=\"321\"><p><strong>Prof. Dr. Fatih Co\u015fkun ERTA\u015e<\/strong><\/p><\/td><td width=\"113\"><p>Sal\u0131<\/p><\/td><td width=\"138\"><p>13:00-14:00<\/p><\/td><\/tr><tr><td width=\"321\"><p><strong>Prof. Dr. Ramazan YANIK<\/strong><\/p><\/td><td width=\"113\"><p>Pazartesi<\/p><\/td><td width=\"138\"><p>14:00-15:00<\/p><\/td><\/tr><tr><td width=\"321\"><p><strong>Prof. Dr. Re\u015fat KARCIO\u011eLU<\/strong><\/p><\/td><td width=\"113\"><p>Cuma<\/p><\/td><td width=\"138\"><p>08:00-09:00<\/p><\/td><\/tr><tr><td width=\"321\"><p><strong>Prof. Dr. Tevfik \u015e\u00fckr\u00fc YAPRAKLI<\/strong><\/p><\/td><td width=\"113\"><p>Cuma<\/p><\/td><td width=\"138\"><p>15:00-16:00<\/p><\/td><\/tr><tr><td width=\"321\"><p><strong>Prof. Dr. Turan \u00d6NDE\u015e<\/strong><\/p><\/td><td width=\"113\"><p>Pazartesi<\/p><\/td><td width=\"138\"><p>13:00-14:00<\/p><\/td><\/tr><tr><td width=\"321\"><p><strong>Prof. Dr. Dil\u015fad G\u00dcZEL<\/strong><\/p><\/td><td width=\"113\"><p>Per\u015fembe<\/p><\/td><td width=\"138\"><p>15:00-16:00<\/p><\/td><\/tr><tr><td width=\"321\"><p><strong>Prof. Dr. Ensar A\u011eIRMAN<\/strong><\/p><\/td><td width=\"113\"><p>Pazartesi<\/p><\/td><td width=\"138\"><p>14:00-15:00<\/p><\/td><\/tr><tr><td width=\"321\"><p><strong>Do\u00e7. Dr. Muhammed K\u00fcr\u015fat T\u0130MURO\u011eLU<\/strong><\/p><\/td><td width=\"113\"><p>\u00c7ar\u015famba<\/p><\/td><td width=\"138\"><p>09:00-10:00<\/p><\/td><\/tr><tr><td width=\"321\"><p><strong>Do\u00e7. Dr. Muhammet \u00d6ZCAN<\/strong><\/p><\/td><td width=\"113\"><p>Per\u015fembe<\/p><\/td><td width=\"138\"><p>09:00-11:00<\/p><\/td><\/tr><tr><td width=\"321\"><p><strong>Do\u00e7. Dr. Kadir DEL\u0130G\u00d6Z<\/strong><\/p><\/td><td width=\"113\"><p>\u00c7ar\u015famba<\/p><\/td><td width=\"138\"><p>10:00-11:00<\/p><\/td><\/tr><tr><td width=\"321\"><p><strong>Dr. \u00d6\u011fr. \u00dcyesi Mukadder HORASAN<\/strong><\/p><\/td><td width=\"113\"><p>Pazartesi<\/p><\/td><td width=\"138\"><p>13:00-14:00<\/p><\/td><\/tr><tr><td width=\"321\"><p><strong>Dr. \u00d6\u011fr. \u00dcyesi Osman Berna \u0130PEKTEN<\/strong><\/p><\/td><td width=\"113\"><p>Sal\u0131<\/p><\/td><td width=\"138\"><p>13:00-14:00<\/p><\/td><\/tr><tr><td width=\"321\"><p><strong>Dr. \u00d6\u011fr. \u00dcyesi \u00dclke Hilal \u00c7EL\u0130K<\/strong><\/p><\/td><td width=\"113\"><p>\u00c7ar\u015famba<\/p><\/td><td width=\"138\"><p>14:00-15:00<\/p><\/td><\/tr><tr><td width=\"321\"><p><strong>Dr. \u00d6\u011fr. \u00dcyesi Fatma G\u00f6rg\u00fcn DEVEC\u0130<\/strong><\/p><\/td><td width=\"113\"><p>\u00c7ar\u015famba<\/p><\/td><td width=\"138\"><p>10:00-11:00<\/p><\/td><\/tr><tr><td width=\"321\"><p><strong>Dr. \u00d6\u011fr. \u00dcyesi Sezin KARABULUT \u00c7AKIR <\/strong><\/p><\/td><td width=\"113\"><p>Cuma<\/p><\/td><td width=\"138\"><p>10:00-12:00 (Kariyer Merkezi)<\/p><\/td><\/tr><\/tbody><\/table>\t\t\t\t\t\t\t\t<\/div>\n\t\t\t\t<\/div>\n\t\t\t\t\t<\/div>\n\t\t<\/div>\n\t\t\t\t\t<\/div>\n\t\t<\/section>\n\t\t\t\t<\/div>\n\t\t","protected":false},"excerpt":{"rendered":"<p>\u00d6\u011eRENC\u0130 DANI\u015eMANLIK SAATLER\u0130 Dr. \u00d6\u011fr. \u00dcyesi Sefa \u00c7EL\u0130K: Pazartesi, \u00c7ar\u015famba, Cuma 10:00-11:00\/14:00-15:00 Ar\u015f. G\u00f6r. Asl\u0131han YET\u0130M: Pazartesi 14:00-15:00 Sal\u0131 10:00-11:00 &#8211; \u00c7ar\u015famba 14:00-15:00 Ar\u015f. G\u00f6r. Dr. K\u00fcbra \u00c7EL\u0130K: Pazartesi 14:00-15:00 Sal\u0131 10:00-11:00 &#8211; \u00c7ar\u015famba 14:00-15:00 Ar\u015f. G\u00f6r. Dr. Musab I\u015eIK: Pazartesi 14:00-15:00 Sal\u0131 10:00-11:00 &#8211; \u00c7ar\u015famba 14:00-15:00 \u00a0 AKADEM\u0130K DANI\u015eMANLIK G\u00dcN VE SAATLER\u0130 \u00d6\u011fretim \u00dcyesi [&hellip;]<\/p>\n","protected":false},"author":508,"featured_media":0,"parent":0,"menu_order":0,"comment_status":"closed","ping_status":"closed","template":"","meta":{"footnotes":""},"class_list":["post-6409","page","type-page","status-publish","hentry"],"_links":{"self":[{"href":"https:\/\/atauni.edu.tr\/isletme-bolumu\/wp-json\/wp\/v2\/pages\/6409","targetHints":{"allow":["GET"]}}],"collection":[{"href":"https:\/\/atauni.edu.tr\/isletme-bolumu\/wp-json\/wp\/v2\/pages"}],"about":[{"href":"https:\/\/atauni.edu.tr\/isletme-bolumu\/wp-json\/wp\/v2\/types\/page"}],"author":[{"embeddable":true,"href":"https:\/\/atauni.edu.tr\/isletme-bolumu\/wp-json\/wp\/v2\/users\/508"}],"replies":[{"embeddable":true,"href":"https:\/\/atauni.edu.tr\/isletme-bolumu\/wp-json\/wp\/v2\/comments?post=6409"}],"version-history":[{"count":17,"href":"https:\/\/atauni.edu.tr\/isletme-bolumu\/wp-json\/wp\/v2\/pages\/6409\/revisions"}],"predecessor-version":[{"id":6998,"href":"https:\/\/atauni.edu.tr\/isletme-bolumu\/wp-json\/wp\/v2\/pages\/6409\/revisions\/6998"}],"wp:attachment":[{"href":"https:\/\/atauni.edu.tr\/isletme-bolumu\/wp-json\/wp\/v2\/media?parent=6409"}],"curies":[{"name":"wp","href":"https:\/\/api.w.org\/{rel}","templated":true}]}}