{"id":6681,"date":"2024-05-01T22:15:02","date_gmt":"2024-05-01T19:15:02","guid":{"rendered":"https:\/\/birimler.atauni.edu.tr\/isletme-bolumu\/?page_id=6681"},"modified":"2026-03-05T16:25:20","modified_gmt":"2026-03-05T13:25:20","slug":"programa-ozgu-olcutler","status":"publish","type":"page","link":"https:\/\/atauni.edu.tr\/isletme-bolumu\/programa-ozgu-olcutler\/","title":{"rendered":"PROGRAMA \u00d6ZG\u00dc \u00d6L\u00c7\u00dcTLER"},"content":{"rendered":"\t\t<div data-elementor-type=\"wp-page\" data-elementor-id=\"6681\" class=\"elementor elementor-6681\" data-elementor-post-type=\"page\">\n\t\t\t\t\t\t<section class=\"elementor-section elementor-top-section elementor-element elementor-element-38a35bd2 elementor-section-boxed elementor-section-height-default elementor-section-height-default\" data-id=\"38a35bd2\" data-element_type=\"section\">\n\t\t\t\t\t\t<div class=\"elementor-container elementor-column-gap-default\">\n\t\t\t\t\t<div class=\"elementor-column elementor-col-100 elementor-top-column elementor-element elementor-element-6d6ffe78\" data-id=\"6d6ffe78\" data-element_type=\"column\">\n\t\t\t<div class=\"elementor-widget-wrap elementor-element-populated\">\n\t\t\t\t\t\t<div class=\"elementor-element elementor-element-6b55903 elementor-widget elementor-widget-text-editor\" data-id=\"6b55903\" data-element_type=\"widget\" data-widget_type=\"text-editor.default\">\n\t\t\t\t<div class=\"elementor-widget-container\">\n\t\t\t\t\t\t\t\t\t\n<p><strong><em>Lisans Program\u0131na \u00d6zg\u00fc \u00d6l\u00e7\u00fctlere ili\u015fkin bilgilendirme<\/em><\/strong><\/p>\n\n<p>\u0130\u015fletme Program\u0131 STAR (Sosyal Be\u015feri ve Temel Bilimler Akreditasyon ve Rating Derne\u011fi) taraf\u0131ndan akredite edilmi\u015f bir programd\u0131r.<\/p>\n\n<p>E\u015fit A\u011f\u0131rl\u0131k Puan T\u00fcr\u00fcnden \u00f6\u011frenci kabul\u00fc yapan b\u00f6l\u00fcm, 4 y\u0131ll\u0131kt\u0131r. B\u00f6l\u00fcm\u00fcn e\u011fitim dili T\u00fcrk\u00e7edir.<\/p>\n\n<p>B\u00f6l\u00fcm\u00fcn Lisans Program\u0131n\u0131n yan\u0131 s\u0131ra Y\u00fcksek Lisans ve Doktora E\u011fitim Programlar\u0131 da bulunmaktad\u0131r.<\/p>\n\n<p>Deneyimli akademik kadrosu ile \u00f6n plana \u00e7\u0131kan b\u00f6l\u00fcm\u00fcn amac\u0131, \u00f6\u011frencilerini bir i\u015fletmenin sahip oldu\u011fu t\u00fcm fonksiyonlar a\u00e7\u0131s\u0131ndan alan\u0131nda uzman bireyler olarak yeti\u015ftirmektir. Bu anlamda bilgiye sahip, giri\u015fimci ve yenilik\u00e7i, topluma katk\u0131 sa\u011flayarak, kendisini s\u00fcrekli olarak geli\u015ftirmeye a\u00e7\u0131k bireyler olmalar\u0131n\u0131 sa\u011flamak bir di\u011fer ama\u00e7t\u0131r.<\/p>\n\n<p>\u0130\u015fletme b\u00f6l\u00fcm\u00fc ana bilim dallar\u0131 itibariyle \u00e7e\u015fitlili\u011fe sahip bir b\u00f6l\u00fcmd\u00fcr. \u00d6\u011frenciler e\u011fitim hayatlar\u0131 boyunca Muhasebe ve Finansman, \u00dcretim Y\u00f6netimi ve Pazarlama, Y\u00f6netim ve Organizasyon alanlar\u0131nda temel derslerini alman\u0131n yan\u0131 s\u0131ra, b\u00f6l\u00fcm ve fak\u00fclte genelinde se\u00e7meli dersler ile ki\u015fisel geli\u015fimlerini s\u00fcrd\u00fcrmektedirler. G\u00fcncel m\u00fcfredat do\u011frultusunda b\u00f6l\u00fcmde ilk y\u0131l temel derslerini alan \u00f6\u011frenciler, takip eden y\u0131llarda ise yine b\u00f6l\u00fcm temel derslerinin yan\u0131 s\u0131ra uzmanl\u0131k alan derslerini ve yetkinlik tamamlay\u0131c\u0131 derslerini (Se\u00e7meli ve \u00dcniversite Se\u00e7meli Dersler) alarak e\u011fitim hayatlar\u0131n\u0131 tamamlamaktad\u0131rlar.<\/p>\n\n<p>\u00c7ift anadal, yan dal ve uluslararas\u0131 de\u011fi\u015fim programlar\u0131 ile \u00f6\u011frencilere yeni olanaklar ve e\u011fitim f\u0131rsatlar\u0131 sunan b\u00f6l\u00fcmde, g\u00fcncel m\u00fcfredatta yer alan \u201cstaj\u201d dersi ile birlikte uzmanla\u015fma sa\u011flanabilmektedir.<\/p>\n\n<p>D\u00f6nem i\u00e7erisinde ger\u00e7ekle\u015ftirilen gerek b\u00f6l\u00fcm i\u00e7i gerek b\u00f6l\u00fcmler aras\u0131 konferans, \u00e7al\u0131\u015ftay, s\u00f6yle\u015fi vb. organizasyonlar ile akademik ve bilimsel yakla\u015f\u0131mlardan haberdar olan \u00f6\u011frencilerimiz, sekt\u00f6r temsilcileri ile bir araya gelerek sekt\u00f6r bazl\u0131 uygulama ve f\u0131rsatlardan da haberdar olabilmektedirler.<\/p>\n\n<p>\u00d6\u011frenciler lisans e\u011fitimlerinin tamamlanmas\u0131 ile \u00e7e\u015fitli ve farkl\u0131 alanlarda ve pozisyonlarda i\u015f hayat\u0131na at\u0131lmakta; b\u00f6l\u00fcm\u00fcn de\u011ferlerine sahip bireyler olmaktad\u0131rlar. \u00a0Bu noktada akademik kariyer in\u015fa edebilmekte, \u00f6zel ve kamu alan\u0131nda etkin g\u00f6revler y\u00fcr\u00fctebilmektedirler.<br \/><br \/><\/p>\n<p><span style=\"font-weight: 400\">\u0130\u015fletme B\u00f6l\u00fcm\u00fc B\u00f6l\u00fcm Kurulu\u2019nun 02.06.2025 tarih ve 2025\/4 say\u0131l\u0131 karar\u0131 (Ek10i: \u0130\u015fletme B\u00f6l\u00fcm\u00fc B\u00f6l\u00fcm Kurulu\u2019nun 02.06.2025 tarih ve 2025\/4 say\u0131l\u0131 karar\u0131) ile programa \u00f6zg\u00fc \u00f6l\u00e7\u00fctler, STAR akreditasyon \u00f6l\u00e7\u00fctleri, kalite g\u00fcvencesi s\u00fcre\u00e7leri ve payda\u015f geri bildirimleri do\u011frultusunda g\u00f6zden ge\u00e7irilmi\u015f ve a\u015fa\u011f\u0131daki gibi g\u00fcncellenmi\u015ftir.<\/span><\/p>\n<ol>\n<li><b><\/b> <b>\u0130\u015fletme Alan Bilgisi: <\/b><span style=\"font-weight: 400\">\u0130\u015fletmenin temel alanlar\u0131na (muhasebe, finans, pazarlama, y\u00f6netim, \u00fcretim ve say\u0131sal y\u00f6ntemler) ili\u015fkin kuramsal ve kavramsal bilgileri a\u00e7\u0131klar ve bu bilgileri i\u015fletme s\u00fcre\u00e7lerinin anla\u015f\u0131lmas\u0131nda kullan\u0131r.<\/span><\/li>\n<li><b><\/b><span style=\"font-weight: 400\"> \u00a0 \u00a0 <\/span><b>Disiplinleraras\u0131 Analiz ve Analitik\u2013Teknolojik Uygulama Yetkinli\u011fi: \u0130\u015fletmenin<\/b><span style=\"font-weight: 400\"> temel fonksiyonlar\u0131 aras\u0131ndaki ili\u015fkileri b\u00fct\u00fcnc\u00fcl bir bak\u0131\u015f a\u00e7\u0131s\u0131yla analiz eder, bu fonksiyonlar\u0131n \u00f6rg\u00fctsel performans \u00fczerindeki etkilerini de\u011ferlendirir; i\u015fletme problemlerinin \u00e7\u00f6z\u00fcm\u00fcnde bili\u015fim teknolojilerini, analitik y\u00f6ntemleri ve yabanc\u0131 dil bilgisini etkin bi\u00e7imde kullanarak veri analizi yapar ve elde edilen sonu\u00e7lar\u0131 yorumlar.<\/span><\/li>\n<li><b><\/b><span style=\"font-weight: 400\"> \u00a0 \u00a0 <\/span><b>Veri Analizi, Problem \u00c7\u00f6zme ve Karar Verme Yetkinli\u011fi:<\/b><span style=\"font-weight: 400\"> Finansal ve istatistiksel verileri analiz ederek yorumlar; i\u015fletme ortam\u0131nda kar\u015f\u0131la\u015f\u0131lan sorunlar\u0131 tan\u0131mlar ve analiz eder; elde etti\u011fi bulgular do\u011frultusunda uygun \u00e7\u00f6z\u00fcm \u00f6nerileri geli\u015ftirerek i\u015fletme kararlar\u0131n\u0131n al\u0131nmas\u0131 ve karar verme s\u00fcre\u00e7lerine etkin bi\u00e7imde katk\u0131 sa\u011flar. <\/span><b><\/b><\/li>\n<li><b><\/b><span style=\"font-weight: 400\"> \u00a0 \u00a0 <\/span><b>Uluslararas\u0131 \u0130\u015fletme ve K\u00fclt\u00fcrleraras\u0131 Y\u00f6netim Yetkinli\u011fi: <\/b><span style=\"font-weight: 400\">Uluslararas\u0131 i\u015fletme ortam\u0131n\u0131n ekonomik, k\u00fclt\u00fcrel ve y\u00f6netsel dinamiklerini analiz eder; farkl\u0131 k\u00fclt\u00fcrel yap\u0131lar\u0131n y\u00f6netim ve i\u015fletme s\u00fcre\u00e7leri \u00fczerindeki etkilerini de\u011ferlendirir; k\u00fcresel i\u015f s\u00fcre\u00e7lerini b\u00fct\u00fcnc\u00fcl bir bak\u0131\u015f a\u00e7\u0131s\u0131yla ele alarak \u00e7ok k\u00fclt\u00fcrl\u00fc ortamlarda etkin ileti\u015fim kurar ve y\u00f6netim s\u00fcre\u00e7lerine uyum sa\u011flar.<\/span><\/li>\n<li><b><\/b><span style=\"font-weight: 400\"> \u00a0 <\/span><b>Hukuki De\u011ferlendirme Yetkinli\u011fi: <\/b><span style=\"font-weight: 400\">\u0130\u015fletme faaliyetlerini T\u00fcrk Ticaret Kanunu, Bor\u00e7lar Kanunu, \u0130\u015f Kanunu ve vergi mevzuat\u0131 \u00e7er\u00e7evesinde analiz eder ve hukuki a\u00e7\u0131dan de\u011ferlendirir.<\/span><\/li>\n<li><b><\/b> <b>Dijital Okuryazarl\u0131k ve Sunum Yetkinli\u011fi: <\/b><span style=\"font-weight: 400\">Dijital ortamlardan veri toplar, analiz eder ve elde etti\u011fi bilgileri akademik ve mesleki standartlara uygun bi\u00e7imde raporlar ve sunar.<\/span><\/li>\n<li><b><\/b> <b>Giri\u015fimcilik ve Yenilik\u00e7ilik Yetkinli\u011fi: <\/b><span style=\"font-weight: 400\">Giri\u015fimcilik bak\u0131\u015f a\u00e7\u0131s\u0131yla yarat\u0131c\u0131 ve yenilik\u00e7i i\u015f fikirleri geli\u015ftirir, bu fikirlerin uygulanabilirli\u011fini de\u011ferlendirir.<\/span><\/li>\n<\/ol>\n\t\t\t\t\t\t\t\t<\/div>\n\t\t\t\t<\/div>\n\t\t\t\t\t<\/div>\n\t\t<\/div>\n\t\t\t\t\t<\/div>\n\t\t<\/section>\n\t\t\t\t<\/div>\n\t\t","protected":false},"excerpt":{"rendered":"<p>Lisans Program\u0131na \u00d6zg\u00fc \u00d6l\u00e7\u00fctlere ili\u015fkin bilgilendirme \u0130\u015fletme Program\u0131 STAR (Sosyal Be\u015feri ve Temel Bilimler Akreditasyon ve Rating Derne\u011fi) taraf\u0131ndan akredite edilmi\u015f bir programd\u0131r. E\u015fit A\u011f\u0131rl\u0131k Puan T\u00fcr\u00fcnden \u00f6\u011frenci kabul\u00fc yapan b\u00f6l\u00fcm, 4 y\u0131ll\u0131kt\u0131r. B\u00f6l\u00fcm\u00fcn e\u011fitim dili T\u00fcrk\u00e7edir. B\u00f6l\u00fcm\u00fcn Lisans Program\u0131n\u0131n yan\u0131 s\u0131ra Y\u00fcksek Lisans ve Doktora E\u011fitim Programlar\u0131 da bulunmaktad\u0131r. Deneyimli akademik kadrosu ile \u00f6n [&hellip;]<\/p>\n","protected":false},"author":508,"featured_media":0,"parent":0,"menu_order":0,"comment_status":"closed","ping_status":"closed","template":"","meta":{"footnotes":""},"class_list":["post-6681","page","type-page","status-publish","hentry"],"_links":{"self":[{"href":"https:\/\/atauni.edu.tr\/isletme-bolumu\/wp-json\/wp\/v2\/pages\/6681","targetHints":{"allow":["GET"]}}],"collection":[{"href":"https:\/\/atauni.edu.tr\/isletme-bolumu\/wp-json\/wp\/v2\/pages"}],"about":[{"href":"https:\/\/atauni.edu.tr\/isletme-bolumu\/wp-json\/wp\/v2\/types\/page"}],"author":[{"embeddable":true,"href":"https:\/\/atauni.edu.tr\/isletme-bolumu\/wp-json\/wp\/v2\/users\/508"}],"replies":[{"embeddable":true,"href":"https:\/\/atauni.edu.tr\/isletme-bolumu\/wp-json\/wp\/v2\/comments?post=6681"}],"version-history":[{"count":5,"href":"https:\/\/atauni.edu.tr\/isletme-bolumu\/wp-json\/wp\/v2\/pages\/6681\/revisions"}],"predecessor-version":[{"id":7258,"href":"https:\/\/atauni.edu.tr\/isletme-bolumu\/wp-json\/wp\/v2\/pages\/6681\/revisions\/7258"}],"wp:attachment":[{"href":"https:\/\/atauni.edu.tr\/isletme-bolumu\/wp-json\/wp\/v2\/media?parent=6681"}],"curies":[{"name":"wp","href":"https:\/\/api.w.org\/{rel}","templated":true}]}}