{"id":6904,"date":"2025-10-21T14:19:50","date_gmt":"2025-10-21T11:19:50","guid":{"rendered":"https:\/\/birimler.atauni.edu.tr\/isletme-bolumu\/?page_id=6904"},"modified":"2026-03-05T15:26:48","modified_gmt":"2026-03-05T12:26:48","slug":"akran-danismanliklari","status":"publish","type":"page","link":"https:\/\/atauni.edu.tr\/isletme-bolumu\/akran-danismanliklari\/","title":{"rendered":"Akran Dan\u0131\u015fmanl\u0131klar\u0131"},"content":{"rendered":"\t\t<div data-elementor-type=\"wp-page\" data-elementor-id=\"6904\" class=\"elementor elementor-6904\" data-elementor-post-type=\"page\">\n\t\t\t\t\t\t<section class=\"elementor-section elementor-top-section elementor-element elementor-element-9ceea89 elementor-section-boxed elementor-section-height-default elementor-section-height-default\" data-id=\"9ceea89\" data-element_type=\"section\">\n\t\t\t\t\t\t<div class=\"elementor-container elementor-column-gap-default\">\n\t\t\t\t\t<div class=\"elementor-column elementor-col-100 elementor-top-column elementor-element elementor-element-8ee1795\" data-id=\"8ee1795\" data-element_type=\"column\">\n\t\t\t<div class=\"elementor-widget-wrap elementor-element-populated\">\n\t\t\t\t\t\t<div class=\"elementor-element elementor-element-9cdac36 elementor-widget elementor-widget-heading\" data-id=\"9cdac36\" data-element_type=\"widget\" data-widget_type=\"heading.default\">\n\t\t\t\t<div class=\"elementor-widget-container\">\n\t\t\t\t\t<h2 class=\"elementor-heading-title elementor-size-default\">\u0130\u015eLETME B\u00d6L\u00dcM\u00dc AKRAN DANI\u015eMANLIKLARI L\u0130STES\u0130<\/h2>\t\t\t\t<\/div>\n\t\t\t\t<\/div>\n\t\t\t\t\t<\/div>\n\t\t<\/div>\n\t\t\t\t\t<\/div>\n\t\t<\/section>\n\t\t\t\t<section class=\"elementor-section elementor-top-section elementor-element elementor-element-a4ed10d elementor-section-boxed elementor-section-height-default elementor-section-height-default\" data-id=\"a4ed10d\" data-element_type=\"section\">\n\t\t\t\t\t\t<div class=\"elementor-container elementor-column-gap-default\">\n\t\t\t\t\t<div class=\"elementor-column elementor-col-100 elementor-top-column elementor-element elementor-element-f540ddd\" data-id=\"f540ddd\" data-element_type=\"column\">\n\t\t\t<div class=\"elementor-widget-wrap elementor-element-populated\">\n\t\t\t\t\t\t<div class=\"elementor-element elementor-element-6e120e8 elementor-widget elementor-widget-text-editor\" data-id=\"6e120e8\" data-element_type=\"widget\" data-widget_type=\"text-editor.default\">\n\t\t\t\t<div class=\"elementor-widget-container\">\n\t\t\t\t\t\t\t\t\t<p><span style=\"font-weight: 400\">Akran dan\u0131\u015fmanl\u0131\u011f\u0131 kapsam\u0131nda b\u00f6l\u00fcm\u00fcn 3. ve 4. s\u0131n\u0131flar\u0131nda \u00f6\u011frenim g\u00f6ren, akademik ba\u015far\u0131lar\u0131yla \u00f6ne \u00e7\u0131kan ve onur ya da y\u00fcksek onur derecesine sahip \u00f6\u011frenciler akran dan\u0131\u015fman\u0131 olarak g\u00f6revlendirilmi\u015ftir. Akran dan\u0131\u015fmanlar\u0131, \u00f6zellikle 1. ve 2. s\u0131n\u0131f \u00f6\u011frencilerinin \u00fcniversiteye ve b\u00f6l\u00fcme uyum s\u00fcrecini kolayla\u015ft\u0131rmak amac\u0131yla; okulun i\u015fleyi\u015fi, ders kay\u0131t s\u00fcre\u00e7leri, ders i\u00e7erikleri, s\u0131nav ve de\u011ferlendirme y\u00f6ntemleri ile di\u011fer akademik ve idari konularda di\u011fer \u00f6\u011frencilere rehberlik sa\u011flamaktad\u0131r. Programa kat\u0131lan \u00f6\u011frencilerin e\u011fitimleriyle ilgili konularda ihtiya\u00e7 duydu\u011fu bilgileri edinmesine ve e\u011fitim s\u00fcrecinde ya\u015fad\u0131klar\u0131 sorunlara \u00e7\u00f6z\u00fcm bulmas\u0131na yard\u0131mc\u0131 olan akran dan\u0131\u015fmanl\u0131\u011f\u0131 alt s\u0131n\u0131flardaki \u00f6\u011frencilerle \u00fcst s\u0131n\u0131flardaki ba\u015far\u0131l\u0131 \u00f6\u011frencileri bir araya getirerek hem \u00f6\u011frencilerin fak\u00fclte i\u00e7inde sosyalle\u015fme s\u00fcrecine katk\u0131da bulunmakta hem de akademik ba\u015far\u0131n\u0131n artmas\u0131na zemin haz\u0131rlamaktad\u0131r. <\/span><\/p>\t\t\t\t\t\t\t\t<\/div>\n\t\t\t\t<\/div>\n\t\t\t\t\t<\/div>\n\t\t<\/div>\n\t\t\t\t\t<\/div>\n\t\t<\/section>\n\t\t\t\t<section class=\"elementor-section elementor-top-section elementor-element elementor-element-c0223f5 elementor-section-boxed elementor-section-height-default elementor-section-height-default\" data-id=\"c0223f5\" data-element_type=\"section\">\n\t\t\t\t\t\t<div class=\"elementor-container elementor-column-gap-default\">\n\t\t\t\t\t<div class=\"elementor-column elementor-col-100 elementor-top-column elementor-element elementor-element-399841f\" data-id=\"399841f\" data-element_type=\"column\">\n\t\t\t<div class=\"elementor-widget-wrap elementor-element-populated\">\n\t\t\t\t\t\t<div class=\"elementor-element elementor-element-e8104e0 elementor-widget elementor-widget-pdf_viewer\" data-id=\"e8104e0\" data-element_type=\"widget\" data-widget_type=\"pdf_viewer.default\">\n\t\t\t\t<div class=\"elementor-widget-container\">\n\t\t\t\t\t<iframe src=\"https:\/\/docs.google.com\/viewer?url=http:\/\/birimler.atauni.edu.tr\/isletme-bolumu\/wp-content\/uploads\/sites\/127\/2025\/10\/akran-danismanlik.pdf&amp;embedded=true\" style=\"display: block; margin-left: auto; margin-right: auto; width: 640px; height: 1020px;\" frameborder=\"1\" marginheight=\"0px\" marginwidth=\"0px\" allowfullscreen><\/iframe>\t\t\t\t<\/div>\n\t\t\t\t<\/div>\n\t\t\t\t<div class=\"elementor-element elementor-element-2ba0017 elementor-widget elementor-widget-pdf_viewer\" data-id=\"2ba0017\" data-element_type=\"widget\" data-widget_type=\"pdf_viewer.default\">\n\t\t\t\t<div class=\"elementor-widget-container\">\n\t\t\t\t\t<iframe src=\"https:\/\/docs.google.com\/viewer?url=http:\/\/birimler.atauni.edu.tr\/isletme-bolumu\/wp-content\/uploads\/sites\/127\/2025\/10\/akran-danismanlik.pdf&amp;embedded=true\" style=\"display: block; margin-left: auto; margin-right: auto; width: 640px; height: 1020px;\" frameborder=\"1\" marginheight=\"0px\" marginwidth=\"0px\" allowfullscreen><\/iframe>\t\t\t\t<\/div>\n\t\t\t\t<\/div>\n\t\t\t\t\t<\/div>\n\t\t<\/div>\n\t\t\t\t\t<\/div>\n\t\t<\/section>\n\t\t\t\t<section class=\"elementor-section elementor-top-section elementor-element elementor-element-a0dc71c elementor-section-boxed elementor-section-height-default elementor-section-height-default\" data-id=\"a0dc71c\" data-element_type=\"section\">\n\t\t\t\t\t\t<div class=\"elementor-container elementor-column-gap-default\">\n\t\t\t\t\t<div class=\"elementor-column elementor-col-100 elementor-top-column elementor-element elementor-element-3640f7b\" data-id=\"3640f7b\" data-element_type=\"column\">\n\t\t\t<div class=\"elementor-widget-wrap\">\n\t\t\t\t\t\t\t<\/div>\n\t\t<\/div>\n\t\t\t\t\t<\/div>\n\t\t<\/section>\n\t\t\t\t<\/div>\n\t\t","protected":false},"excerpt":{"rendered":"<p>\u0130\u015eLETME B\u00d6L\u00dcM\u00dc AKRAN DANI\u015eMANLIKLARI L\u0130STES\u0130 Akran dan\u0131\u015fmanl\u0131\u011f\u0131 kapsam\u0131nda b\u00f6l\u00fcm\u00fcn 3. ve 4. s\u0131n\u0131flar\u0131nda \u00f6\u011frenim g\u00f6ren, akademik ba\u015far\u0131lar\u0131yla \u00f6ne \u00e7\u0131kan ve onur ya da y\u00fcksek onur derecesine sahip \u00f6\u011frenciler akran dan\u0131\u015fman\u0131 olarak g\u00f6revlendirilmi\u015ftir. Akran dan\u0131\u015fmanlar\u0131, \u00f6zellikle 1. ve 2. s\u0131n\u0131f \u00f6\u011frencilerinin \u00fcniversiteye ve b\u00f6l\u00fcme uyum s\u00fcrecini kolayla\u015ft\u0131rmak amac\u0131yla; okulun i\u015fleyi\u015fi, ders kay\u0131t s\u00fcre\u00e7leri, ders i\u00e7erikleri, s\u0131nav [&hellip;]<\/p>\n","protected":false},"author":508,"featured_media":0,"parent":0,"menu_order":0,"comment_status":"closed","ping_status":"closed","template":"","meta":{"footnotes":""},"class_list":["post-6904","page","type-page","status-publish","hentry"],"_links":{"self":[{"href":"https:\/\/atauni.edu.tr\/isletme-bolumu\/wp-json\/wp\/v2\/pages\/6904","targetHints":{"allow":["GET"]}}],"collection":[{"href":"https:\/\/atauni.edu.tr\/isletme-bolumu\/wp-json\/wp\/v2\/pages"}],"about":[{"href":"https:\/\/atauni.edu.tr\/isletme-bolumu\/wp-json\/wp\/v2\/types\/page"}],"author":[{"embeddable":true,"href":"https:\/\/atauni.edu.tr\/isletme-bolumu\/wp-json\/wp\/v2\/users\/508"}],"replies":[{"embeddable":true,"href":"https:\/\/atauni.edu.tr\/isletme-bolumu\/wp-json\/wp\/v2\/comments?post=6904"}],"version-history":[{"count":13,"href":"https:\/\/atauni.edu.tr\/isletme-bolumu\/wp-json\/wp\/v2\/pages\/6904\/revisions"}],"predecessor-version":[{"id":7230,"href":"https:\/\/atauni.edu.tr\/isletme-bolumu\/wp-json\/wp\/v2\/pages\/6904\/revisions\/7230"}],"wp:attachment":[{"href":"https:\/\/atauni.edu.tr\/isletme-bolumu\/wp-json\/wp\/v2\/media?parent=6904"}],"curies":[{"name":"wp","href":"https:\/\/api.w.org\/{rel}","templated":true}]}}