{"id":8098,"date":"2024-06-03T00:24:40","date_gmt":"2024-06-02T21:24:40","guid":{"rendered":"https:\/\/birimler.atauni.edu.tr\/ispir-hamza-polat-meslek-yuksekokulu\/?page_id=8098"},"modified":"2025-12-31T11:06:54","modified_gmt":"2025-12-31T08:06:54","slug":"staj","status":"publish","type":"page","link":"https:\/\/atauni.edu.tr\/ispir-hamza-polat-meslek-yuksekokulu\/staj\/","title":{"rendered":"Staj"},"content":{"rendered":"\t\t<div data-elementor-type=\"wp-page\" data-elementor-id=\"8098\" class=\"elementor elementor-8098\" data-elementor-post-type=\"page\">\n\t\t\t\t\t\t<section class=\"elementor-section elementor-top-section elementor-element elementor-element-be6a99f elementor-section-boxed elementor-section-height-default elementor-section-height-default\" data-id=\"be6a99f\" data-element_type=\"section\">\n\t\t\t\t\t\t<div class=\"elementor-container elementor-column-gap-default\">\n\t\t\t\t\t<div class=\"elementor-column elementor-col-100 elementor-top-column elementor-element elementor-element-466f801\" data-id=\"466f801\" data-element_type=\"column\">\n\t\t\t<div class=\"elementor-widget-wrap elementor-element-populated\">\n\t\t\t\t\t\t<div class=\"elementor-element elementor-element-aec8a45 elementor-widget elementor-widget-text-editor\" data-id=\"aec8a45\" data-element_type=\"widget\" data-widget_type=\"text-editor.default\">\n\t\t\t\t<div class=\"elementor-widget-container\">\n\t\t\t\t\t\t\t\t\t<p>Zorunlu stajlar\u0131n\u0131 yapacak \u00f6\u011frencilerimiz, staj i\u015flemleriyle ilgili t\u00fcm bilgilere <a href=\"http:\/\/birimler.atauni.edu.tr\/ispir-hamza-polat-meslek-yuksekokulu\/wp-content\/uploads\/sites\/441\/2025\/12\/2025-2026-Staj-Islemleri.pdf\">buradan<\/a> ula\u015fabilirler.<\/p><p>Atat\u00fcrk \u00dcniversitesi Staj Uygulama Esaslar\u0131na <a href=\"http:\/\/birimler.atauni.edu.tr\/ispir-hamza-polat-meslek-yuksekokulu\/wp-content\/uploads\/sites\/441\/2025\/02\/Staj-Uygulama-Esaslari-1.pdf\">buradan<\/a> ula\u015f\u0131labilir.<\/p><p>Staj s\u00f6zle\u015fme formuna <a href=\"http:\/\/birimler.atauni.edu.tr\/ispir-hamza-polat-meslek-yuksekokulu\/wp-content\/uploads\/sites\/441\/2025\/05\/Staj-Sozlesme-Formu-Imzali.pdf\">buradan<\/a> ula\u015f\u0131labilir.<\/p>\t\t\t\t\t\t\t\t<\/div>\n\t\t\t\t<\/div>\n\t\t\t\t\t<\/div>\n\t\t<\/div>\n\t\t\t\t\t<\/div>\n\t\t<\/section>\n\t\t\t\t<\/div>\n\t\t","protected":false},"excerpt":{"rendered":"<p>Zorunlu stajlar\u0131n\u0131 yapacak \u00f6\u011frencilerimiz, staj i\u015flemleriyle ilgili t\u00fcm bilgilere buradan ula\u015fabilirler. Atat\u00fcrk \u00dcniversitesi Staj Uygulama Esaslar\u0131na buradan ula\u015f\u0131labilir. Staj s\u00f6zle\u015fme formuna buradan ula\u015f\u0131labilir.<\/p>\n","protected":false},"author":416,"featured_media":0,"parent":0,"menu_order":0,"comment_status":"closed","ping_status":"closed","template":"","meta":{"footnotes":""},"class_list":["post-8098","page","type-page","status-publish","hentry"],"_links":{"self":[{"href":"https:\/\/atauni.edu.tr\/ispir-hamza-polat-meslek-yuksekokulu\/wp-json\/wp\/v2\/pages\/8098","targetHints":{"allow":["GET"]}}],"collection":[{"href":"https:\/\/atauni.edu.tr\/ispir-hamza-polat-meslek-yuksekokulu\/wp-json\/wp\/v2\/pages"}],"about":[{"href":"https:\/\/atauni.edu.tr\/ispir-hamza-polat-meslek-yuksekokulu\/wp-json\/wp\/v2\/types\/page"}],"author":[{"embeddable":true,"href":"https:\/\/atauni.edu.tr\/ispir-hamza-polat-meslek-yuksekokulu\/wp-json\/wp\/v2\/users\/416"}],"replies":[{"embeddable":true,"href":"https:\/\/atauni.edu.tr\/ispir-hamza-polat-meslek-yuksekokulu\/wp-json\/wp\/v2\/comments?post=8098"}],"version-history":[{"count":13,"href":"https:\/\/atauni.edu.tr\/ispir-hamza-polat-meslek-yuksekokulu\/wp-json\/wp\/v2\/pages\/8098\/revisions"}],"predecessor-version":[{"id":8576,"href":"https:\/\/atauni.edu.tr\/ispir-hamza-polat-meslek-yuksekokulu\/wp-json\/wp\/v2\/pages\/8098\/revisions\/8576"}],"wp:attachment":[{"href":"https:\/\/atauni.edu.tr\/ispir-hamza-polat-meslek-yuksekokulu\/wp-json\/wp\/v2\/media?parent=8098"}],"curies":[{"name":"wp","href":"https:\/\/api.w.org\/{rel}","templated":true}]}}