{"id":5662,"date":"2021-07-13T10:01:45","date_gmt":"2021-07-13T07:01:45","guid":{"rendered":"https:\/\/portaltest.atauni.edu.tr\/bilgisayar-muhendisligi\/?page_id=5662"},"modified":"2025-05-22T14:40:54","modified_gmt":"2025-05-22T11:40:54","slug":"yonetim","status":"publish","type":"page","link":"https:\/\/atauni.edu.tr\/kadin-sorunlari-uygulama-ve-arastirma-merkezi-1\/yonetim\/","title":{"rendered":"Y\u00f6netim"},"content":{"rendered":"\t\t<div data-elementor-type=\"wp-page\" data-elementor-id=\"5662\" class=\"elementor elementor-5662\" data-elementor-post-type=\"page\">\n\t\t\t\t\t\t<section class=\"elementor-section elementor-top-section elementor-element elementor-element-7c06a0d elementor-section-boxed elementor-section-height-default elementor-section-height-default\" data-id=\"7c06a0d\" data-element_type=\"section\">\n\t\t\t\t\t\t<div class=\"elementor-container elementor-column-gap-default\">\n\t\t\t\t\t<div class=\"elementor-column elementor-col-100 elementor-top-column elementor-element elementor-element-d6a5457\" data-id=\"d6a5457\" data-element_type=\"column\">\n\t\t\t<div class=\"elementor-widget-wrap elementor-element-populated\">\n\t\t\t\t\t\t<div class=\"elementor-element elementor-element-e12c649 elementor-widget elementor-widget-heading\" data-id=\"e12c649\" data-element_type=\"widget\" data-widget_type=\"heading.default\">\n\t\t\t\t<div class=\"elementor-widget-container\">\n\t\t\t\t\t<h2 class=\"elementor-heading-title elementor-size-default\">Tarih\u00e7e,  Misyon ve Vizyon<br><\/h2>\t\t\t\t<\/div>\n\t\t\t\t<\/div>\n\t\t\t\t<div class=\"elementor-element elementor-element-2501042 elementor-widget-divider--view-line elementor-widget elementor-widget-divider\" data-id=\"2501042\" data-element_type=\"widget\" data-widget_type=\"divider.default\">\n\t\t\t\t<div class=\"elementor-widget-container\">\n\t\t\t\t\t\t\t<div class=\"elementor-divider\">\n\t\t\t<span class=\"elementor-divider-separator\">\n\t\t\t\t\t\t<\/span>\n\t\t<\/div>\n\t\t\t\t\t\t<\/div>\n\t\t\t\t<\/div>\n\t\t\t\t\t<\/div>\n\t\t<\/div>\n\t\t\t\t\t<\/div>\n\t\t<\/section>\n\t\t\t\t<section class=\"elementor-section elementor-top-section elementor-element elementor-element-c78b8ed elementor-section-boxed elementor-section-height-default elementor-section-height-default\" data-id=\"c78b8ed\" data-element_type=\"section\">\n\t\t\t\t\t\t<div class=\"elementor-container elementor-column-gap-default\">\n\t\t\t\t\t<div class=\"elementor-column elementor-col-100 elementor-top-column elementor-element elementor-element-934d7cf\" data-id=\"934d7cf\" data-element_type=\"column\">\n\t\t\t<div class=\"elementor-widget-wrap elementor-element-populated\">\n\t\t\t\t\t\t<div class=\"elementor-element elementor-element-14c91c8 elementor-widget elementor-widget-text-editor\" data-id=\"14c91c8\" data-element_type=\"widget\" data-widget_type=\"text-editor.default\">\n\t\t\t\t<div class=\"elementor-widget-container\">\n\t\t\t\t\t\t\t\t\t<p>Atat\u00fcrk \u00dcniversitesi Kad\u0131n Sorunlar\u0131 Uygulama ve Ara\u015ft\u0131rma Merkezi (ATAKSAM) 8 Temmuz 2012\/28347 tarihli resmi gazetede yay\u0131nlanan karar ile kurulmu\u015ftur.<\/p><p>Misyonumuz toplumsal ya\u015fam\u0131n t\u00fcm alanlar\u0131nda kad\u0131nlar\u0131n konumlar\u0131n\u0131n g\u00fc\u00e7lendirilmesi ve kad\u0131nlara kar\u015f\u0131 her t\u00fcrl\u00fc ayr\u0131mc\u0131l\u0131\u011f\u0131n \u00f6nlenmesi amac\u0131yla, kad\u0131n\u0131n\u0131n stat\u00fcs\u00fc ve sorunlar\u0131 ile ilgili bilimsel projeler ve ara\u015ft\u0131rmalar yapmak, kad\u0131nlarla ilgili \u00e7al\u0131\u015fmalar yapan kurulu\u015flar ve \u00fcniversitenin di\u011fer ilgili birimleri ile birlikte sorunlar\u0131n giderilmesine ve mevcut durumun iyile\u015ftirilmesine y\u00f6nelik ortak faaliyetlerde bulunmakt\u0131r.<\/p><p>Vizyonumuz kad\u0131n sorunlar\u0131n\u0131n \u00e7\u00f6z\u00fcm\u00fcne ve kad\u0131n\u0131n g\u00fc\u00e7lenmesine ulusal ve uluslararas\u0131 d\u00fczeyde katk\u0131 sa\u011flamakt\u0131r.<\/p>\t\t\t\t\t\t\t\t<\/div>\n\t\t\t\t<\/div>\n\t\t\t\t\t<\/div>\n\t\t<\/div>\n\t\t\t\t\t<\/div>\n\t\t<\/section>\n\t\t\t\t<section class=\"elementor-section elementor-top-section elementor-element elementor-element-22b96024 elementor-section-boxed elementor-section-height-default elementor-section-height-default\" data-id=\"22b96024\" data-element_type=\"section\">\n\t\t\t\t\t\t<div class=\"elementor-container elementor-column-gap-default\">\n\t\t\t\t\t<div class=\"elementor-column elementor-col-100 elementor-top-column elementor-element elementor-element-5a1f7769\" data-id=\"5a1f7769\" data-element_type=\"column\">\n\t\t\t<div class=\"elementor-widget-wrap elementor-element-populated\">\n\t\t\t\t\t\t<div class=\"elementor-element elementor-element-3b3e2d4a elementor-widget elementor-widget-heading\" data-id=\"3b3e2d4a\" data-element_type=\"widget\" data-widget_type=\"heading.default\">\n\t\t\t\t<div class=\"elementor-widget-container\">\n\t\t\t\t\t<h2 class=\"elementor-heading-title elementor-size-default\">Y\u00f6netim<\/h2>\t\t\t\t<\/div>\n\t\t\t\t<\/div>\n\t\t\t\t<div class=\"elementor-element elementor-element-35223868 elementor-widget-divider--view-line elementor-widget elementor-widget-divider\" data-id=\"35223868\" data-element_type=\"widget\" data-widget_type=\"divider.default\">\n\t\t\t\t<div class=\"elementor-widget-container\">\n\t\t\t\t\t\t\t<div class=\"elementor-divider\">\n\t\t\t<span class=\"elementor-divider-separator\">\n\t\t\t\t\t\t<\/span>\n\t\t<\/div>\n\t\t\t\t\t\t<\/div>\n\t\t\t\t<\/div>\n\t\t\t\t\t<\/div>\n\t\t<\/div>\n\t\t\t\t\t<\/div>\n\t\t<\/section>\n\t\t\t\t<section class=\"elementor-section elementor-top-section elementor-element elementor-element-fd99295 elementor-section-boxed elementor-section-height-default elementor-section-height-default\" data-id=\"fd99295\" data-element_type=\"section\">\n\t\t\t\t\t\t<div class=\"elementor-container elementor-column-gap-default\">\n\t\t\t\t\t<div class=\"elementor-column elementor-col-100 elementor-top-column elementor-element elementor-element-3da5c24\" data-id=\"3da5c24\" data-element_type=\"column\">\n\t\t\t<div class=\"elementor-widget-wrap elementor-element-populated\">\n\t\t\t\t\t\t<div class=\"elementor-element elementor-element-4c952f1 elementor-widget elementor-widget-shortcode\" data-id=\"4c952f1\" data-element_type=\"widget\" data-widget_type=\"shortcode.default\">\n\t\t\t\t<div class=\"elementor-widget-container\">\n\t\t\t\t\t            <div class=\"accordion\" id=\"personel-kart\">\n                <div class=\"card p-liste\">\n                    <div class=\"card-header \" id=\"p-0\">\n                        <h2 class=\"mb-0\">\n                            <button class=\"btn btn-link collapsed\" type=\"button\" data-toggle=\"collapse\"\n                                    data-target=\"#k-0\"\n                                    aria-expanded=\"false\" aria-controls=\"collapseOne\">\n                                <span class=\"unvan\">Ara\u015ft\u0131rma Merkezi M\u00fcd\u00fcr\u00fc<\/span>\n                                Do\u00e7. Dr. Hatice K\u00fcbra Erco\u015fkun \u015eenol                            <\/button>\n                        <\/h2>\n                    <\/div>\n                    <div id=\"k-0\" class=\"collapse\" aria-labelledby=\"p-0\"\n                         data-parent=\"#personel-kart\" style=\"\">\n                        <div class=\"card-body\">\n                            <div class=\"row\">\n                                <div class=\"col-3 kart-resim\">\n                                    <img decoding=\"async\" src=\"\/\/eski.atauni.edu.tr\/resizer.php?w=189&amp;h=228&amp;zc=1&amp;src=\/uploads\/profilResimleriSha1\/1e7d6beb677b954ae73555fbefe51e9e.png\"\n                                         class=\"img-fluid\">\n                                <\/div>\n                                <div class=\"col-7\">\n                                    <h3 class=\"kart-baslik kart-baslik-yonetim\">Ara\u015ft\u0131rma Merkezi M\u00fcd\u00fcr\u00fc<\/h3>\n                                    <div class=\"row\">\n                                        <div class=\"ad-soyad\">Do\u00e7. Dr. Hatice K\u00fcbra Erco\u015fkun \u015eenol<\/div>\n                                        <div class=\"birim\">Medeni Hukuk Anabilim Dal\u0131<\/div>\n                                        <div class=\"bilgiler\">\n                                            <strong>E-Posta<\/strong>kubra.ercoskun@atauni.edu.tr                                        <\/div>\n                                                                                <div class=\"bilgiler\"><strong>Profil<\/strong> <a target=\"_blank\"\n                                         href=\"http:\/\/avesis.atauni.edu.tr\/kubra.ercoskun\">https:\/\/avesis.atauni.edu.tr\/kubra.ercoskun<\/a>\n                                        <\/div>\n                                        <div class=\"bilgiler\">\n                                            <strong>Telefon<\/strong>\n                                            +90 442 231                                           (5452)&nbsp;\n                                        <\/div>\n                                        <div class=\"bilgiler\"><strong>Posta Adresi<\/strong> \n                                        <span class=\"posta\">\n                                                                                                Atat\u00fcrk \u00dcniversitesi Hem\u015firelik Fak\u00fcltesi Erzurum                                                                                                                                                                                                                                                                                                                    <\/span>\n                                        <\/div>\n                                    <\/div>\n                                <\/div>\n                                <div class=\"col-10 kart-egitim\">\n                                    <h3>E\u011fitim<\/h3>\n                                    <ul>\n\n                                                                                        <li>Doktora, Istanbul \u00dcniversitesi, \u00d6zel Hukuk (Dr), 2015 <\/li>\n\n\n                                                                                                <li>Lisans, Akdeniz \u00dcniversitesi, Hukuk Pr., 2009 <\/li>\n\n\n                                                                                                <li>Y\u00fcksek Lisans, Atat\u00fcrk \u00dcniversitesi, \u00d6zel Hukuk (Yl) (Tezli), 2011 <\/li>\n\n\n                                                \n                                    <\/ul>\n                                <\/div>\n                                 <!--<div class=\"col-2 qr\">\n                                    <img decoding=\"async\" src=\"https:\/\/chart.googleapis.com\/chart?chs=100x100&amp;cht=qr&amp;chl=BEGIN:VCARD%0AVERSION:3.0%0ATITLE:%0AN:Hatice K\u00fcbra%20Erco\u015fkun \u015eenol%0ATEL;type=WORK:%2B904422315452%0AEMAIL:kubra.ercoskun@atauni.edu.tr%0AEND:VCARD\"\n                                         class=\"img-fluid qr\">\n                                <\/div>-->\n                            <\/div>\n                        <\/div>\n                    <\/div>\n                <\/div>\n            <\/div>\n\n\n                    <div class=\"accordion\" id=\"personel-kart\">\n            <div class=\"card p-liste\">\n                <div class=\"card-header \" id=\"p-1\">\n                    <h2 class=\"mb-0\">\n                        <button class=\"btn btn-link collapsed\" type=\"button\" data-toggle=\"collapse\"\n                                data-target=\"#k-1\"\n                                aria-expanded=\"false\" aria-controls=\"collapseOne\">\n                            <span class=\"unvan\">Ara\u015ft\u0131rma Merkezi M\u00fcd\u00fcr Yard\u0131mc\u0131s\u0131<\/span>\n                            Do\u00e7. Dr. Fatma Kurudirek                        <\/button>\n                    <\/h2>\n                <\/div>\n\n                <div id=\"k-1\" class=\"collapse\" aria-labelledby=\"p-1\"\n                     data-parent=\"#personel-kart\" style=\"\">\n                    <div class=\"card-body\">\n                        <div class=\"row\">\n                            <div class=\"col-3 kart-resim\">\n                                <img decoding=\"async\" src=\"\/\/eski.atauni.edu.tr\/resizer.php?w=189&amp;h=228&amp;zc=1&amp;src=\/uploads\/profilResimleriSha1\/2fd4028a18dadd1dd815a2a00210147c.png\"\n                                     class=\"img-fluid\">\n                            <\/div>\n                            <div class=\"col-7\">\n                                <h3 class=\"kart-baslik kart-baslik-yonetim\">Ara\u015ft\u0131rma Merkezi M\u00fcd\u00fcr Yard\u0131mc\u0131s\u0131<\/h3>\n                                <div class=\"row\">\n                                    <div class=\"ad-soyad\">Do\u00e7. Dr. Fatma Kurudirek<\/div>\n                                    <div class=\"birim\">\u00c7ocuk Sa\u011fl\u0131\u011f\u0131 ve Hastal\u0131klar\u0131 Hem\u015fireli\u011fi<\/div>\n                                    <div class=\"bilgiler\"><strong>E-Posta<\/strong>fsaban@atauni.edu.tr                                    <\/div>\n                                                                        <div class=\"bilgiler\"><strong>Profil<\/strong> <a target=\"_blank\"\n                                     href=\"http:\/\/avesis.atauni.edu.tr\/fsaban\">https:\/\/avesis.atauni.edu.tr\/fsaban<\/a>\n                                    <\/div>\n                                    <div class=\"bilgiler\">\n                                        <strong>Telefon<\/strong>\n                                        +90 442 231                                        (5767)&nbsp;\n                                    <\/div>\n                                    <div class=\"bilgiler\"><strong>Posta Adresi<\/strong> \n                                   <span class=\"posta\">\n                                 \n                                                                                           Atat\u00fcrk \u00dcniversitesi Hem\u015firelik Fak\u00fcltesi Erzurum                                                                                                                                                                                                                                                                                                                       \n                                           \n                                        <\/span>\n                                    <\/div>\n                                <\/div>\n                            <\/div>\n                            <div class=\"col-10 kart-egitim\">\n\n                            \n                                <h3>E\u011fitim<\/h3>\n                                <ul>\n\n                                                                                <li>Lisans, Atat\u00fcrk \u00dcniversitesi, Hem\u015firelik B\u00f6l\u00fcm\u00fc, 2007 <\/li>\n\n\n                                                                                        <li>Doktora, Atat\u00fcrk \u00dcniversitesi, Hem\u015firelik B\u00f6l\u00fcm\u00fc, 2016 <\/li>\n\n\n                                                                                        <li>Y\u00fcksek Lisans, Atat\u00fcrk \u00dcniversitesi, Hem\u015firelik B\u00f6l\u00fcm\u00fc, 2010 <\/li>\n\n\n                                            \n                                <\/ul>\n\n                               \n\n                            <\/div>\n                             <!--<div class=\"col-2 qr\">\n                                <img decoding=\"async\" src=\"https:\/\/chart.googleapis.com\/chart?chs=100x100&amp;cht=qr&amp;chl=BEGIN:VCARD%0AVERSION:3.0%0ATITLE:%0AN:Fatma%20Kurudirek%0ATEL;type=WORK:%2B904422315767%0AEMAIL:fsaban@atauni.edu.tr%0AEND:VCARD\"\n                                     class=\"img-fluid qr\">\n                            <\/div>-->\n                        <\/div>\n                    <\/div>\n                <\/div>\n            <\/div>\n        <\/div>\n\n\n                <div class=\"accordion\" id=\"personel-kart\">\n            <div class=\"card p-liste\">\n                <div class=\"card-header \" id=\"p-2\">\n                    <h2 class=\"mb-0\">\n                        <button class=\"btn btn-link collapsed\" type=\"button\" data-toggle=\"collapse\"\n                                data-target=\"#k-2\"\n                                aria-expanded=\"false\" aria-controls=\"collapseOne\">\n                            <span class=\"unvan\">Ara\u015ft\u0131rma Merkezi M\u00fcd\u00fcr Yard\u0131mc\u0131s\u0131<\/span>\n                            Dr. \u00d6\u011fr. \u00dcyesi Hatice T\u00fcrkay                        <\/button>\n                    <\/h2>\n                <\/div>\n\n                <div id=\"k-2\" class=\"collapse\" aria-labelledby=\"p-2\"\n                     data-parent=\"#personel-kart\" style=\"\">\n                    <div class=\"card-body\">\n                        <div class=\"row\">\n                            <div class=\"col-3 kart-resim\">\n                                <img decoding=\"async\" src=\"\/\/eski.atauni.edu.tr\/resizer.php?w=189&amp;h=228&amp;zc=1&amp;src=\/uploads\/profilResimleriSha1\/43cc267d39763d9b4839ba5392a538fb.png\"\n                                     class=\"img-fluid\">\n                            <\/div>\n                            <div class=\"col-7\">\n                                <h3 class=\"kart-baslik kart-baslik-yonetim\">Ara\u015ft\u0131rma Merkezi M\u00fcd\u00fcr Yard\u0131mc\u0131s\u0131<\/h3>\n                                <div class=\"row\">\n                                    <div class=\"ad-soyad\">Dr. \u00d6\u011fr. \u00dcyesi Hatice T\u00fcrkay<\/div>\n                                    <div class=\"birim\">Milletleraras\u0131 Hukuk Anabilim Dal\u0131<\/div>\n                                    <div class=\"bilgiler\"><strong>E-Posta<\/strong>hatice.geyik@atauni.edu.tr                                    <\/div>\n                                                                        <div class=\"bilgiler\"><strong>Profil<\/strong> <a target=\"_blank\"\n                                     href=\"http:\/\/avesis.atauni.edu.tr\/hatice.geyik\">https:\/\/avesis.atauni.edu.tr\/hatice.geyik<\/a>\n                                    <\/div>\n                                    <div class=\"bilgiler\">\n                                        <strong>Telefon<\/strong>\n                                        +90 442 231                                        (5431)&nbsp;\n                                    <\/div>\n                                    <div class=\"bilgiler\"><strong>Posta Adresi<\/strong> \n                                   <span class=\"posta\">\n                                 \n                                                                                           Atat\u00fcrk \u00dcniversitesi Hem\u015firelik Fak\u00fcltesi Erzurum                                                                                                                                                                                                                                                                                                                       \n                                           \n                                        <\/span>\n                                    <\/div>\n                                <\/div>\n                            <\/div>\n                            <div class=\"col-10 kart-egitim\">\n\n                            \n                                <h3>E\u011fitim<\/h3>\n                                <ul>\n\n                                                                                <li>Doktora, Sel\u00e7uk \u00dcniversitesi, Kamu Hukuku B\u00f6l\u00fcm\u00fc,  <\/li>\n\n\n                                                                                        <li>Y\u00fcksek Lisans, Atat\u00fcrk \u00dcniversitesi, Kamu Hukuku B\u00f6l\u00fcm\u00fc, 2016 <\/li>\n\n\n                                                                                        <li>Lisans, Atat\u00fcrk \u00dcniversitesi, , 2013 <\/li>\n\n\n                                            \n                                <\/ul>\n\n                               \n\n                            <\/div>\n                             <!--<div class=\"col-2 qr\">\n                                <img decoding=\"async\" src=\"https:\/\/chart.googleapis.com\/chart?chs=100x100&amp;cht=qr&amp;chl=BEGIN:VCARD%0AVERSION:3.0%0ATITLE:%0AN:Hatice%20T\u00fcrkay%0ATEL;type=WORK:%2B904422315431%0AEMAIL:hatice.geyik@atauni.edu.tr%0AEND:VCARD\"\n                                     class=\"img-fluid qr\">\n                            <\/div>-->\n                        <\/div>\n                    <\/div>\n                <\/div>\n            <\/div>\n        <\/div>\n\n\n        \t\t<div class=\"elementor-shortcode\"><\/div>\n\t\t\t\t\t\t<\/div>\n\t\t\t\t<\/div>\n\t\t\t\t\t<\/div>\n\t\t<\/div>\n\t\t\t\t\t<\/div>\n\t\t<\/section>\n\t\t\t\t<section class=\"elementor-section elementor-top-section elementor-element elementor-element-d6ff8ef elementor-section-boxed elementor-section-height-default elementor-section-height-default\" data-id=\"d6ff8ef\" data-element_type=\"section\">\n\t\t\t\t\t\t<div class=\"elementor-container elementor-column-gap-default\">\n\t\t\t\t\t<div class=\"elementor-column elementor-col-100 elementor-top-column elementor-element elementor-element-453fd9a\" data-id=\"453fd9a\" data-element_type=\"column\">\n\t\t\t<div class=\"elementor-widget-wrap elementor-element-populated\">\n\t\t\t\t\t\t<div class=\"elementor-element elementor-element-58df959 elementor-widget elementor-widget-heading\" data-id=\"58df959\" data-element_type=\"widget\" data-widget_type=\"heading.default\">\n\t\t\t\t<div class=\"elementor-widget-container\">\n\t\t\t\t\t<h2 class=\"elementor-heading-title elementor-size-default\">Y\u00f6netim Kurulu<\/h2>\t\t\t\t<\/div>\n\t\t\t\t<\/div>\n\t\t\t\t<div class=\"elementor-element elementor-element-85ffa53 elementor-widget-divider--view-line elementor-widget elementor-widget-divider\" data-id=\"85ffa53\" data-element_type=\"widget\" data-widget_type=\"divider.default\">\n\t\t\t\t<div class=\"elementor-widget-container\">\n\t\t\t\t\t\t\t<div class=\"elementor-divider\">\n\t\t\t<span class=\"elementor-divider-separator\">\n\t\t\t\t\t\t<\/span>\n\t\t<\/div>\n\t\t\t\t\t\t<\/div>\n\t\t\t\t<\/div>\n\t\t\t\t\t<\/div>\n\t\t<\/div>\n\t\t\t\t\t<\/div>\n\t\t<\/section>\n\t\t\t\t<section class=\"elementor-section elementor-top-section elementor-element elementor-element-832356a elementor-section-boxed elementor-section-height-default elementor-section-height-default\" data-id=\"832356a\" data-element_type=\"section\">\n\t\t\t\t\t\t<div class=\"elementor-container elementor-column-gap-default\">\n\t\t\t\t\t<div class=\"elementor-column elementor-col-100 elementor-top-column elementor-element elementor-element-5bb4745\" data-id=\"5bb4745\" data-element_type=\"column\">\n\t\t\t<div class=\"elementor-widget-wrap elementor-element-populated\">\n\t\t\t\t\t\t<div class=\"elementor-element elementor-element-96ff2a9 elementor-widget elementor-widget-text-editor\" data-id=\"96ff2a9\" data-element_type=\"widget\" data-widget_type=\"text-editor.default\">\n\t\t\t\t<div class=\"elementor-widget-container\">\n\t\t\t\t\t\t\t\t\t<p>\u00a0<\/p><table width=\"400\"><tbody><tr><td width=\"56\">No<\/td><td width=\"246\"><strong>Ad\u0131-Soyad\u0131<\/strong><\/td><td width=\"151\"><strong>G\u00f6revi<\/strong><\/td><td width=\"151\">\u00a0<\/td><\/tr><tr><td width=\"56\">1<\/td><td width=\"246\">Do\u00e7. Dr. Hatice K\u00fcbra ERCO\u015eKUN \u015eENOL<\/td><td width=\"151\">M\u00fcd\u00fcr<\/td><td width=\"151\">\u00a0<\/td><\/tr><tr><td width=\"56\">2<\/td><td width=\"246\">Do\u00e7. Dr. Fatma KURUD\u0130REK<\/td><td width=\"151\">M\u00fcd\u00fcr Yard\u0131mc\u0131s\u0131<\/td><td width=\"151\">\u00a0<\/td><\/tr><tr><td width=\"56\">3<\/td><td width=\"246\">Dr. \u00d6\u011fr. \u00dcyesi Hatice T\u00dcRKAY<\/td><td width=\"151\">M\u00fcd\u00fcr Yard\u0131mc\u0131s\u0131<\/td><td width=\"151\">\u00a0<\/td><\/tr><tr><td width=\"56\">4<\/td><td width=\"246\">Prof. Dr. Nuray KARACA<\/td><td width=\"151\">Y\u00f6netim Kurulu \u00dcyesi<\/td><td width=\"151\">\u00a0<\/td><\/tr><tr><td width=\"56\">5<\/td><td width=\"246\">Prof. Dr. Reva BALCI AKPINAR<\/td><td width=\"151\">Y\u00f6netim Kurulu \u00dcyesi<\/td><td width=\"151\">\u00a0<\/td><\/tr><tr><td width=\"56\">6<\/td><td width=\"246\">Prof. Dr. Serap EJDER APAY<\/td><td width=\"151\">Y\u00f6netim Kurulu \u00dcyesi<\/td><td width=\"151\">\u00a0<\/td><\/tr><tr><td width=\"56\">7<\/td><td width=\"246\">Prof. Dr. Ayla KANBUR<\/td><td width=\"151\">Y\u00f6netim Kurulu \u00dcyesi<\/td><td width=\"151\">\u00a0<\/td><\/tr><tr><td width=\"56\">8<\/td><td width=\"246\">Do\u00e7. Dr. Elif K\u00dc\u00c7\u00dcK DURUR<\/td><td width=\"151\">Y\u00f6netim Kurulu \u00dcyesi<\/td><td width=\"151\">\u00a0<\/td><\/tr><\/tbody><\/table>\t\t\t\t\t\t\t\t<\/div>\n\t\t\t\t<\/div>\n\t\t\t\t\t<\/div>\n\t\t<\/div>\n\t\t\t\t\t<\/div>\n\t\t<\/section>\n\t\t\t\t<\/div>\n\t\t","protected":false},"excerpt":{"rendered":"<p>Tarih\u00e7e, Misyon ve Vizyon Atat\u00fcrk \u00dcniversitesi Kad\u0131n Sorunlar\u0131 Uygulama ve Ara\u015ft\u0131rma Merkezi (ATAKSAM) 8 Temmuz 2012\/28347 tarihli resmi gazetede yay\u0131nlanan karar ile kurulmu\u015ftur. Misyonumuz toplumsal ya\u015fam\u0131n t\u00fcm alanlar\u0131nda kad\u0131nlar\u0131n konumlar\u0131n\u0131n g\u00fc\u00e7lendirilmesi ve kad\u0131nlara kar\u015f\u0131 her t\u00fcrl\u00fc ayr\u0131mc\u0131l\u0131\u011f\u0131n \u00f6nlenmesi amac\u0131yla, kad\u0131n\u0131n\u0131n stat\u00fcs\u00fc ve sorunlar\u0131 ile ilgili bilimsel projeler ve ara\u015ft\u0131rmalar yapmak, kad\u0131nlarla ilgili \u00e7al\u0131\u015fmalar yapan kurulu\u015flar [&hellip;]<\/p>\n","protected":false},"author":1,"featured_media":0,"parent":0,"menu_order":0,"comment_status":"closed","ping_status":"closed","template":"elementor_header_footer","meta":{"footnotes":""},"class_list":["post-5662","page","type-page","status-publish","hentry"],"_links":{"self":[{"href":"https:\/\/atauni.edu.tr\/kadin-sorunlari-uygulama-ve-arastirma-merkezi-1\/wp-json\/wp\/v2\/pages\/5662","targetHints":{"allow":["GET"]}}],"collection":[{"href":"https:\/\/atauni.edu.tr\/kadin-sorunlari-uygulama-ve-arastirma-merkezi-1\/wp-json\/wp\/v2\/pages"}],"about":[{"href":"https:\/\/atauni.edu.tr\/kadin-sorunlari-uygulama-ve-arastirma-merkezi-1\/wp-json\/wp\/v2\/types\/page"}],"author":[{"embeddable":true,"href":"https:\/\/atauni.edu.tr\/kadin-sorunlari-uygulama-ve-arastirma-merkezi-1\/wp-json\/wp\/v2\/users\/1"}],"replies":[{"embeddable":true,"href":"https:\/\/atauni.edu.tr\/kadin-sorunlari-uygulama-ve-arastirma-merkezi-1\/wp-json\/wp\/v2\/comments?post=5662"}],"version-history":[{"count":98,"href":"https:\/\/atauni.edu.tr\/kadin-sorunlari-uygulama-ve-arastirma-merkezi-1\/wp-json\/wp\/v2\/pages\/5662\/revisions"}],"predecessor-version":[{"id":6903,"href":"https:\/\/atauni.edu.tr\/kadin-sorunlari-uygulama-ve-arastirma-merkezi-1\/wp-json\/wp\/v2\/pages\/5662\/revisions\/6903"}],"wp:attachment":[{"href":"https:\/\/atauni.edu.tr\/kadin-sorunlari-uygulama-ve-arastirma-merkezi-1\/wp-json\/wp\/v2\/media?parent=5662"}],"curies":[{"name":"wp","href":"https:\/\/api.w.org\/{rel}","templated":true}]}}