{"id":6194,"date":"2022-11-18T15:32:27","date_gmt":"2022-11-18T12:32:27","guid":{"rendered":"https:\/\/birimler.atauni.edu.tr\/kamu-yonetimi-bolumu\/?page_id=6194"},"modified":"2025-05-24T21:59:42","modified_gmt":"2025-05-24T18:59:42","slug":"siyaset-ve-sosyal-bilimler","status":"publish","type":"page","link":"https:\/\/atauni.edu.tr\/kamu-yonetimi-bolumu\/siyaset-ve-sosyal-bilimler\/","title":{"rendered":"Siyaset ve Sosyal Bilimler"},"content":{"rendered":"\t\t<div data-elementor-type=\"wp-page\" data-elementor-id=\"6194\" class=\"elementor elementor-6194\" data-elementor-post-type=\"page\">\n\t\t\t\t\t\t<section class=\"elementor-section elementor-top-section elementor-element elementor-element-483a50e elementor-section-boxed elementor-section-height-default elementor-section-height-default\" data-id=\"483a50e\" data-element_type=\"section\">\n\t\t\t\t\t\t<div class=\"elementor-container elementor-column-gap-default\">\n\t\t\t\t\t<div class=\"elementor-column elementor-col-100 elementor-top-column elementor-element elementor-element-cc8031c\" data-id=\"cc8031c\" data-element_type=\"column\">\n\t\t\t<div class=\"elementor-widget-wrap elementor-element-populated\">\n\t\t\t\t\t\t<div class=\"elementor-element elementor-element-0f0ac7c elementor-widget elementor-widget-text-editor\" data-id=\"0f0ac7c\" data-element_type=\"widget\" data-widget_type=\"text-editor.default\">\n\t\t\t\t<div class=\"elementor-widget-container\">\n\t\t\t\t\t\t\t\t\t<p>Ana Bilim Dal\u0131 Ba\u015fkan\u0131<\/p><p><a href=\"https:\/\/avesis.atauni.edu.tr\/burcu.kartal\">Do\u00e7. Dr. Cemile Burcu KARTAL<\/a><\/p>\t\t\t\t\t\t\t\t<\/div>\n\t\t\t\t<\/div>\n\t\t\t\t\t<\/div>\n\t\t<\/div>\n\t\t\t\t\t<\/div>\n\t\t<\/section>\n\t\t\t\t<section class=\"elementor-section elementor-top-section elementor-element elementor-element-8941fd4 elementor-section-boxed elementor-section-height-default elementor-section-height-default\" data-id=\"8941fd4\" data-element_type=\"section\">\n\t\t\t\t\t\t<div class=\"elementor-container elementor-column-gap-default\">\n\t\t\t\t\t<div class=\"elementor-column elementor-col-100 elementor-top-column elementor-element elementor-element-b9db487\" data-id=\"b9db487\" data-element_type=\"column\">\n\t\t\t<div class=\"elementor-widget-wrap elementor-element-populated\">\n\t\t\t\t\t\t<div class=\"elementor-element elementor-element-bea261a elementor-widget elementor-widget-text-editor\" data-id=\"bea261a\" data-element_type=\"widget\" data-widget_type=\"text-editor.default\">\n\t\t\t\t<div class=\"elementor-widget-container\">\n\t\t\t\t\t\t\t\t\t<p>Akademik Personel<\/p><p><a href=\"https:\/\/avesis.atauni.edu.tr\/sukrunisanci\">Prof.Dr. \u015e\u00fckr\u00fc N\u0130\u015eANCI<\/a><\/p><p><a href=\"https:\/\/avesis.atauni.edu.tr\/hasanaktas\">Do\u00e7.Dr. Hasan Emir AKTA\u015e<\/a><\/p><p><a href=\"https:\/\/avesis.atauni.edu.tr\/ezgi.oren\">Do\u00e7.Dr.Ezgi \u00d6REN<\/a><\/p><p><a href=\"https:\/\/avesis.atauni.edu.tr\/hasan.uslu\">Do\u00e7.Dr. Hasan Faruk USLU<\/a><\/p><p><a style=\"font-family: var( --e-global-typography-text-font-family ), Sans-serif;font-weight: var( --e-global-typography-text-font-weight );letter-spacing: 0px;background-color: #ffffff\" href=\"https:\/\/avesis.atauni.edu.tr\/lokman.sahin\">Ar\u015f. G\u00f6r. Dr. Lokman \u015eAH\u0130N<\/a><\/p><p><a href=\"https:\/\/avesis.atauni.edu.tr\/betul.gokhan\">Ar\u015f. G\u00f6r. Fatma Bet\u00fcl G\u00d6KHAN<\/a><\/p><p><a href=\"https:\/\/avesis.atauni.edu.tr\/tugba.salman\">Ar\u015f. G\u00f6r. Tu\u011fba SALMAN<\/a><\/p>\t\t\t\t\t\t\t\t<\/div>\n\t\t\t\t<\/div>\n\t\t\t\t\t<\/div>\n\t\t<\/div>\n\t\t\t\t\t<\/div>\n\t\t<\/section>\n\t\t\t\t<\/div>\n\t\t","protected":false},"excerpt":{"rendered":"<p>Ana Bilim Dal\u0131 Ba\u015fkan\u0131 Do\u00e7. Dr. Cemile Burcu KARTAL Akademik Personel Prof.Dr. \u015e\u00fckr\u00fc N\u0130\u015eANCI Do\u00e7.Dr. Hasan Emir AKTA\u015e Do\u00e7.Dr.Ezgi \u00d6REN Do\u00e7.Dr. Hasan Faruk USLU Ar\u015f. G\u00f6r. Dr. Lokman \u015eAH\u0130N Ar\u015f. G\u00f6r. Fatma Bet\u00fcl G\u00d6KHAN Ar\u015f. G\u00f6r. Tu\u011fba SALMAN<\/p>\n","protected":false},"author":510,"featured_media":0,"parent":0,"menu_order":0,"comment_status":"closed","ping_status":"closed","template":"","meta":{"footnotes":""},"class_list":["post-6194","page","type-page","status-publish","hentry"],"_links":{"self":[{"href":"https:\/\/atauni.edu.tr\/kamu-yonetimi-bolumu\/wp-json\/wp\/v2\/pages\/6194","targetHints":{"allow":["GET"]}}],"collection":[{"href":"https:\/\/atauni.edu.tr\/kamu-yonetimi-bolumu\/wp-json\/wp\/v2\/pages"}],"about":[{"href":"https:\/\/atauni.edu.tr\/kamu-yonetimi-bolumu\/wp-json\/wp\/v2\/types\/page"}],"author":[{"embeddable":true,"href":"https:\/\/atauni.edu.tr\/kamu-yonetimi-bolumu\/wp-json\/wp\/v2\/users\/510"}],"replies":[{"embeddable":true,"href":"https:\/\/atauni.edu.tr\/kamu-yonetimi-bolumu\/wp-json\/wp\/v2\/comments?post=6194"}],"version-history":[{"count":25,"href":"https:\/\/atauni.edu.tr\/kamu-yonetimi-bolumu\/wp-json\/wp\/v2\/pages\/6194\/revisions"}],"predecessor-version":[{"id":7206,"href":"https:\/\/atauni.edu.tr\/kamu-yonetimi-bolumu\/wp-json\/wp\/v2\/pages\/6194\/revisions\/7206"}],"wp:attachment":[{"href":"https:\/\/atauni.edu.tr\/kamu-yonetimi-bolumu\/wp-json\/wp\/v2\/media?parent=6194"}],"curies":[{"name":"wp","href":"https:\/\/api.w.org\/{rel}","templated":true}]}}