{"id":6704,"date":"2023-07-26T15:01:11","date_gmt":"2023-07-26T12:01:11","guid":{"rendered":"https:\/\/birimler.atauni.edu.tr\/kamu-yonetimi-bolumu\/?page_id=6704"},"modified":"2025-05-24T22:33:31","modified_gmt":"2025-05-24T19:33:31","slug":"bolum-tanitimi-2","status":"publish","type":"page","link":"https:\/\/atauni.edu.tr\/kamu-yonetimi-bolumu\/bolum-tanitimi-2\/","title":{"rendered":"B\u00f6l\u00fcm Tan\u0131t\u0131m\u0131"},"content":{"rendered":"\t\t<div data-elementor-type=\"wp-page\" data-elementor-id=\"6704\" class=\"elementor elementor-6704\" data-elementor-post-type=\"page\">\n\t\t\t\t\t\t<section class=\"elementor-section elementor-top-section elementor-element elementor-element-5355ff7 elementor-section-boxed elementor-section-height-default elementor-section-height-default\" data-id=\"5355ff7\" data-element_type=\"section\">\n\t\t\t\t\t\t<div class=\"elementor-container elementor-column-gap-default\">\n\t\t\t\t\t<div class=\"elementor-column elementor-col-100 elementor-top-column elementor-element elementor-element-e9e84cd\" data-id=\"e9e84cd\" data-element_type=\"column\">\n\t\t\t<div class=\"elementor-widget-wrap elementor-element-populated\">\n\t\t\t\t\t\t<div class=\"elementor-element elementor-element-8c12afc elementor-widget elementor-widget-text-editor\" data-id=\"8c12afc\" data-element_type=\"widget\" data-widget_type=\"text-editor.default\">\n\t\t\t\t<div class=\"elementor-widget-container\">\n\t\t\t\t\t\t\t\t\t<p style=\"text-align: justify\">Kamu Y\u00f6netimi B\u00f6l\u00fcm\u00fc 16.02.1997 Tarihli Y.\u00d6.K Karar\u0131yla kurulmu\u015f, 25.03.2009 Tarihinde ise \u0130kinci \u00d6\u011fretim program\u0131 a\u00e7\u0131lm\u0131\u015f, 2009-2010 E\u011fitim \u00f6\u011fretim y\u0131l\u0131 itibariyle Y\u00fcksek Lisans Programlar\u0131na ba\u015flanm\u0131\u015ft\u0131r. Lisans 1.S\u0131n\u0131fa her y\u0131l ortalama 60 ( N.\u00d6 ) \u00f6\u011frenci al\u0131nmaktad\u0131r ve halihaz\u0131rda toplam \u00f6\u011frenci say\u0131s\u0131 413 civar\u0131ndad\u0131r. Her y\u0131l yakla\u015f\u0131k 3-4 yabanc\u0131 uyruklu \u00f6\u011frenci (N.\u00d6) Kamu Y\u00f6netimi b\u00f6l\u00fcm\u00fcnde lisans e\u011fitimine ba\u015flamakta, 4 y\u0131ll\u0131k e\u011fitim s\u00fcresi g\u00f6z \u00f6n\u00fcne al\u0131nd\u0131\u011f\u0131nda toplamda 10 civar\u0131nda yabanc\u0131 uyruklu \u00f6\u011frenci Kamu Y\u00f6netimi b\u00f6l\u00fcm\u00fcnde e\u011fitim g\u00f6rmektedir.\u00a0 Y\u00fcksek Lisans seviyesine 10 \u00f6\u011frenci doktora seviyesine ise her y\u0131l ortalama 5 \u00f6\u011frenci al\u0131nmaktad\u0131r. Kamu Y\u00f6netimi B\u00f6l\u00fcm\u00fc\u2019n\u00fcn e\u011fitim i\u00e7in h\u00e2lihaz\u0131rdaki fiziki imk\u00e2nlar\u0131 ve e\u011fitim materyali altyap\u0131s\u0131 b\u00f6l\u00fcm ama\u00e7lar\u0131n\u0131 fazlas\u0131yla ger\u00e7ekle\u015ftirmeye yetecek seviyededir.<\/p><p style=\"text-align: justify\">Kamu y\u00f6netimi b\u00f6l\u00fcm\u00fcnde, \u201cSiyaset ve Sosyal Bilimler\u201d, \u201cY\u00f6netim Bilimleri\u201d, \u201cHukuk Bilimleri\u201d, \u201cKentle\u015fme ve \u00c7evre Sorunlar\u0131\u201d olmak \u00fczere 4 Anabilim Dal\u0131 bulunmaktad\u0131r.\u00a0 \u00a0<\/p>\t\t\t\t\t\t\t\t<\/div>\n\t\t\t\t<\/div>\n\t\t\t\t\t<\/div>\n\t\t<\/div>\n\t\t\t\t\t<\/div>\n\t\t<\/section>\n\t\t\t\t<section class=\"elementor-section elementor-top-section elementor-element elementor-element-f3cb02a elementor-section-boxed elementor-section-height-default elementor-section-height-default\" data-id=\"f3cb02a\" data-element_type=\"section\">\n\t\t\t\t\t\t<div class=\"elementor-container elementor-column-gap-default\">\n\t\t\t\t\t<div class=\"elementor-column elementor-col-100 elementor-top-column elementor-element elementor-element-f668ea2\" data-id=\"f668ea2\" data-element_type=\"column\">\n\t\t\t<div class=\"elementor-widget-wrap elementor-element-populated\">\n\t\t\t\t\t\t\t<\/div>\n\t\t<\/div>\n\t\t\t\t\t<\/div>\n\t\t<\/section>\n\t\t\t\t<section class=\"elementor-section elementor-top-section elementor-element elementor-element-d6ef9c0 elementor-section-boxed elementor-section-height-default elementor-section-height-default\" data-id=\"d6ef9c0\" data-element_type=\"section\">\n\t\t\t\t\t\t<div class=\"elementor-container elementor-column-gap-default\">\n\t\t\t\t\t<div class=\"elementor-column elementor-col-100 elementor-top-column elementor-element elementor-element-0bc10d5\" data-id=\"0bc10d5\" data-element_type=\"column\">\n\t\t\t<div class=\"elementor-widget-wrap elementor-element-populated\">\n\t\t\t\t\t\t\t<\/div>\n\t\t<\/div>\n\t\t\t\t\t<\/div>\n\t\t<\/section>\n\t\t\t\t<\/div>\n\t\t","protected":false},"excerpt":{"rendered":"<p>Kamu Y\u00f6netimi B\u00f6l\u00fcm\u00fc 16.02.1997 Tarihli Y.\u00d6.K Karar\u0131yla kurulmu\u015f, 25.03.2009 Tarihinde ise \u0130kinci \u00d6\u011fretim program\u0131 a\u00e7\u0131lm\u0131\u015f, 2009-2010 E\u011fitim \u00f6\u011fretim y\u0131l\u0131 itibariyle Y\u00fcksek Lisans Programlar\u0131na ba\u015flanm\u0131\u015ft\u0131r. Lisans 1.S\u0131n\u0131fa her y\u0131l ortalama 60 ( N.\u00d6 ) \u00f6\u011frenci al\u0131nmaktad\u0131r ve halihaz\u0131rda toplam \u00f6\u011frenci say\u0131s\u0131 413 civar\u0131ndad\u0131r. Her y\u0131l yakla\u015f\u0131k 3-4 yabanc\u0131 uyruklu \u00f6\u011frenci (N.\u00d6) Kamu Y\u00f6netimi b\u00f6l\u00fcm\u00fcnde lisans e\u011fitimine [&hellip;]<\/p>\n","protected":false},"author":510,"featured_media":0,"parent":0,"menu_order":0,"comment_status":"closed","ping_status":"closed","template":"","meta":{"footnotes":""},"class_list":["post-6704","page","type-page","status-publish","hentry"],"_links":{"self":[{"href":"https:\/\/atauni.edu.tr\/kamu-yonetimi-bolumu\/wp-json\/wp\/v2\/pages\/6704","targetHints":{"allow":["GET"]}}],"collection":[{"href":"https:\/\/atauni.edu.tr\/kamu-yonetimi-bolumu\/wp-json\/wp\/v2\/pages"}],"about":[{"href":"https:\/\/atauni.edu.tr\/kamu-yonetimi-bolumu\/wp-json\/wp\/v2\/types\/page"}],"author":[{"embeddable":true,"href":"https:\/\/atauni.edu.tr\/kamu-yonetimi-bolumu\/wp-json\/wp\/v2\/users\/510"}],"replies":[{"embeddable":true,"href":"https:\/\/atauni.edu.tr\/kamu-yonetimi-bolumu\/wp-json\/wp\/v2\/comments?post=6704"}],"version-history":[{"count":22,"href":"https:\/\/atauni.edu.tr\/kamu-yonetimi-bolumu\/wp-json\/wp\/v2\/pages\/6704\/revisions"}],"predecessor-version":[{"id":7218,"href":"https:\/\/atauni.edu.tr\/kamu-yonetimi-bolumu\/wp-json\/wp\/v2\/pages\/6704\/revisions\/7218"}],"wp:attachment":[{"href":"https:\/\/atauni.edu.tr\/kamu-yonetimi-bolumu\/wp-json\/wp\/v2\/media?parent=6704"}],"curies":[{"name":"wp","href":"https:\/\/api.w.org\/{rel}","templated":true}]}}