{"id":6797,"date":"2023-07-26T15:52:32","date_gmt":"2023-07-26T12:52:32","guid":{"rendered":"https:\/\/birimler.atauni.edu.tr\/kamu-yonetimi-bolumu\/?page_id=6797"},"modified":"2024-02-25T20:46:45","modified_gmt":"2024-02-25T17:46:45","slug":"cift-anadal-yan-dal","status":"publish","type":"page","link":"https:\/\/atauni.edu.tr\/kamu-yonetimi-bolumu\/cift-anadal-yan-dal\/","title":{"rendered":"\u00c7ift Anadal- Yan Dal"},"content":{"rendered":"\t\t<div data-elementor-type=\"wp-page\" data-elementor-id=\"6797\" class=\"elementor elementor-6797\" data-elementor-post-type=\"page\">\n\t\t\t\t\t\t<section class=\"elementor-section elementor-top-section elementor-element elementor-element-0b70eda elementor-section-boxed elementor-section-height-default elementor-section-height-default\" data-id=\"0b70eda\" data-element_type=\"section\">\n\t\t\t\t\t\t<div class=\"elementor-container elementor-column-gap-default\">\n\t\t\t\t\t<div class=\"elementor-column elementor-col-100 elementor-top-column elementor-element elementor-element-e3650b4\" data-id=\"e3650b4\" data-element_type=\"column\">\n\t\t\t<div class=\"elementor-widget-wrap elementor-element-populated\">\n\t\t\t\t\t\t<div class=\"elementor-element elementor-element-9b0ab73 elementor-widget elementor-widget-text-editor\" data-id=\"9b0ab73\" data-element_type=\"widget\" data-widget_type=\"text-editor.default\">\n\t\t\t\t<div class=\"elementor-widget-container\">\n\t\t\t\t\t\t\t\t\t<p>\u0130ktisadi ve \u0130dari bilimler Fak\u00fcltesi b\u00fcnyesinde \u00c7ift Anadal ve Yan Dal Program\u0131 imkan\u0131 bulunmaktad\u0131r. Kamu Y\u00f6netimi B\u00f6l\u00fcm\u00fc \u00f6\u011frencileri a\u015fa\u011f\u0131da listedeki b\u00f6l\u00fcmlerle \u00c7ift Anadal ve Yan Dal yapabilmektedir.<\/p>\n<table class=\"MsoTableGrid\" style=\"border: initial none initial\" border=\"1\" cellspacing=\"0\" cellpadding=\"0\">\n<tbody>\n<tr>\n<td style=\"width: 226.55pt;border-width: 1pt;border-color: windowtext;padding: 0cm 5.4pt\" valign=\"top\" width=\"302\">\n<p class=\"MsoNormal\" style=\"margin-bottom: .0001pt;line-height: normal\"><b><span style=\"font-size: 12.0pt;font-family: 'Times New Roman',serif\">\u00c7ift Anadal B\u00f6l\u00fcmleri<\/span><\/b><\/p>\n<\/td>\n<td style=\"width: 226.55pt;border-top-width: 1pt;border-right-width: 1pt;border-bottom-width: 1pt;border-top-color: windowtext;border-right-color: windowtext;border-bottom-color: windowtext;border-left: none;padding: 0cm 5.4pt\" valign=\"top\" width=\"302\">\n<p class=\"MsoNormal\" style=\"margin-bottom: .0001pt;line-height: normal\"><b><span style=\"font-size: 12.0pt;font-family: 'Times New Roman',serif\">Yan Dal B\u00f6l\u00fcmleri<\/span><\/b><\/p>\n<\/td>\n<\/tr>\n<tr style=\"height: 97.0pt\">\n<td style=\"width: 226.55pt;border-right-width: 1pt;border-bottom-width: 1pt;border-left-width: 1pt;border-right-color: windowtext;border-bottom-color: windowtext;border-left-color: windowtext;border-top: none;padding: 0cm 5.4pt;height: 97pt\" valign=\"top\" width=\"302\">\n<p class=\"MsoNormal\" style=\"margin-bottom: .0001pt;line-height: normal\"><b><span style=\"font-size: 12.0pt;font-family: 'Times New Roman',serif\">\u00c7al\u0131\u015fma Ekonomisi ve End\u00fcstri \u0130li\u015fkiler <\/span><\/b><\/p>\n<p class=\"MsoNormal\" style=\"margin-bottom: .0001pt;line-height: normal\"><b><span style=\"font-size: 12.0pt;font-family: 'Times New Roman',serif\">\u0130ktisat <\/span><\/b><\/p>\n<p class=\"MsoNormal\" style=\"margin-bottom: .0001pt;line-height: normal\"><b><span style=\"font-size: 12.0pt;font-family: 'Times New Roman',serif\">\u0130\u015fletme <\/span><\/b><\/p>\n<p class=\"MsoNormal\" style=\"margin-bottom: .0001pt;line-height: normal\"><b><span style=\"font-size: 12.0pt;font-family: 'Times New Roman',serif\">Uluslararas\u0131 \u0130li\u015fkiler <\/span><\/b><\/p>\n<p class=\"MsoNormal\" style=\"margin-bottom: .0001pt;line-height: normal\"><b><span style=\"font-size: 12.0pt;font-family: 'Times New Roman',serif\">Ekonometri<\/span><\/b><\/p>\n<p class=\"MsoNormal\" style=\"margin-bottom: .0001pt;line-height: normal\"><b><span style=\"font-size: 12.0pt;font-family: 'Times New Roman',serif\">Uluslararas\u0131 Ticaret ve Lojistik<\/span><\/b><\/p>\n<p class=\"MsoNormal\" style=\"margin-bottom: .0001pt;line-height: normal\"><b><span style=\"font-size: 12.0pt;font-family: 'Times New Roman',serif\">Y\u00f6netim Bili\u015fim Sistemleri<\/span><\/b><\/p><p class=\"MsoNormal\" style=\"margin-bottom: .0001pt;line-height: normal\"><b><span style=\"font-size: 12.0pt;font-family: 'Times New Roman',serif\">Gazetecilik<\/span><\/b><\/p>\n<p class=\"MsoNormal\" style=\"margin-bottom: .0001pt;line-height: normal\"><b><span style=\"font-size: 12.0pt;font-family: 'Times New Roman',serif\">Halkla \u0130li\u015fkiler ve Tan\u0131t\u0131m <\/span><\/b><\/p>\n<p class=\"MsoNormal\" style=\"margin-bottom: .0001pt;line-height: normal\"><b><span style=\"font-size: 12.0pt;font-family: 'Times New Roman',serif\">Radyo Televizyon ve Sinema<\/span><\/b><\/p>\n<\/td>\n<td style=\"width: 226.55pt;border-top: none;border-left: none;border-bottom-width: 1pt;border-bottom-color: windowtext;border-right-width: 1pt;border-right-color: windowtext;padding: 0cm 5.4pt;height: 97pt\" valign=\"top\" width=\"302\">\n<p class=\"MsoNormal\" style=\"margin-bottom: .0001pt;line-height: normal\"><b><span style=\"font-size: 12.0pt;font-family: 'Times New Roman',serif\">\u00c7al\u0131\u015fma Ekonomisi ve End\u00fcstri \u0130li\u015fkiler <\/span><\/b><\/p>\n<p class=\"MsoNormal\" style=\"margin-bottom: .0001pt;line-height: normal\"><b><span style=\"font-size: 12.0pt;font-family: 'Times New Roman',serif\">\u0130ktisat &nbsp;<\/span><\/b><\/p>\n<p class=\"MsoNormal\" style=\"margin-bottom: .0001pt;line-height: normal\"><b><span style=\"font-size: 12.0pt;font-family: 'Times New Roman',serif\">\u0130\u015fletme <\/span><\/b><\/p>\n<p class=\"MsoNormal\" style=\"margin-bottom: .0001pt;line-height: normal\"><b><span style=\"font-size: 12.0pt;font-family: 'Times New Roman',serif\">Uluslararas\u0131 \u0130li\u015fkiler <\/span><\/b><\/p>\n<p class=\"MsoNormal\" style=\"margin-bottom: .0001pt;line-height: normal\"><b><span style=\"font-size: 12.0pt;font-family: 'Times New Roman',serif\">Ekonometri<\/span><\/b><\/p>\n<p class=\"MsoNormal\" style=\"margin-bottom: .0001pt;line-height: normal\"><b><span style=\"font-size: 12.0pt;font-family: 'Times New Roman',serif\">Uluslararas\u0131 Ticaret ve Lojistik<\/span><\/b><\/p>\n<p class=\"MsoNormal\" style=\"margin-bottom: .0001pt;line-height: normal\"><b><span style=\"font-size: 12.0pt;font-family: 'Times New Roman',serif\">Y\u00f6netim Bili\u015fim Sistemleri<\/span><\/b><\/p><p class=\"MsoNormal\" style=\"margin-bottom: .0001pt;line-height: normal\"><b><span style=\"font-size: 12.0pt;font-family: 'Times New Roman',serif\">Gazetecilik<\/span><\/b><\/p>\n<p class=\"MsoNormal\" style=\"margin-bottom: .0001pt;line-height: normal\"><b><span style=\"font-size: 12.0pt;font-family: 'Times New Roman',serif\">Halkla \u0130li\u015fkiler ve Tan\u0131t\u0131m <\/span><\/b><\/p>\n<p class=\"MsoNormal\" style=\"margin-bottom: .0001pt;line-height: normal\"><b><span style=\"font-size: 12.0pt;font-family: 'Times New Roman',serif\">Radyo Televizyon ve Sinema<\/span><\/b><\/p>\n<\/td>\n<\/tr>\n<\/tbody>\n<\/table>\n<p><a href=\"https:\/\/birimler.atauni.edu.tr\/iktisadi-ve-idari-bilimler-fakultesi\/?s=%C3%A7ift\"><strong>\u00c7ift Anadal ve Yan Dal hakk\u0131nda detayl\u0131 bilgi \u00f6\u011frenmek i\u00e7in t\u0131klay\u0131n\u0131z&#8230;<\/strong><\/a><\/p>\t\t\t\t\t\t\t\t<\/div>\n\t\t\t\t<\/div>\n\t\t\t\t\t<\/div>\n\t\t<\/div>\n\t\t\t\t\t<\/div>\n\t\t<\/section>\n\t\t\t\t<\/div>\n\t\t","protected":false},"excerpt":{"rendered":"<p>\u0130ktisadi ve \u0130dari bilimler Fak\u00fcltesi b\u00fcnyesinde \u00c7ift Anadal ve Yan Dal Program\u0131 imkan\u0131 bulunmaktad\u0131r. Kamu Y\u00f6netimi B\u00f6l\u00fcm\u00fc \u00f6\u011frencileri a\u015fa\u011f\u0131da listedeki b\u00f6l\u00fcmlerle \u00c7ift Anadal ve Yan Dal yapabilmektedir. \u00c7ift Anadal B\u00f6l\u00fcmleri Yan Dal B\u00f6l\u00fcmleri \u00c7al\u0131\u015fma Ekonomisi ve End\u00fcstri \u0130li\u015fkiler \u0130ktisat \u0130\u015fletme Uluslararas\u0131 \u0130li\u015fkiler Ekonometri Uluslararas\u0131 Ticaret ve Lojistik Y\u00f6netim Bili\u015fim Sistemleri Gazetecilik Halkla \u0130li\u015fkiler ve Tan\u0131t\u0131m [&hellip;]<\/p>\n","protected":false},"author":510,"featured_media":0,"parent":0,"menu_order":0,"comment_status":"closed","ping_status":"closed","template":"","meta":{"footnotes":""},"class_list":["post-6797","page","type-page","status-publish","hentry"],"_links":{"self":[{"href":"https:\/\/atauni.edu.tr\/kamu-yonetimi-bolumu\/wp-json\/wp\/v2\/pages\/6797","targetHints":{"allow":["GET"]}}],"collection":[{"href":"https:\/\/atauni.edu.tr\/kamu-yonetimi-bolumu\/wp-json\/wp\/v2\/pages"}],"about":[{"href":"https:\/\/atauni.edu.tr\/kamu-yonetimi-bolumu\/wp-json\/wp\/v2\/types\/page"}],"author":[{"embeddable":true,"href":"https:\/\/atauni.edu.tr\/kamu-yonetimi-bolumu\/wp-json\/wp\/v2\/users\/510"}],"replies":[{"embeddable":true,"href":"https:\/\/atauni.edu.tr\/kamu-yonetimi-bolumu\/wp-json\/wp\/v2\/comments?post=6797"}],"version-history":[{"count":10,"href":"https:\/\/atauni.edu.tr\/kamu-yonetimi-bolumu\/wp-json\/wp\/v2\/pages\/6797\/revisions"}],"predecessor-version":[{"id":7077,"href":"https:\/\/atauni.edu.tr\/kamu-yonetimi-bolumu\/wp-json\/wp\/v2\/pages\/6797\/revisions\/7077"}],"wp:attachment":[{"href":"https:\/\/atauni.edu.tr\/kamu-yonetimi-bolumu\/wp-json\/wp\/v2\/media?parent=6797"}],"curies":[{"name":"wp","href":"https:\/\/api.w.org\/{rel}","templated":true}]}}