{"id":6770,"date":"2023-09-01T09:19:36","date_gmt":"2023-09-01T06:19:36","guid":{"rendered":"https:\/\/birimler.atauni.edu.tr\/kariyer\/?page_id=6770"},"modified":"2023-09-27T10:03:56","modified_gmt":"2023-09-27T07:03:56","slug":"calistaylar","status":"publish","type":"page","link":"https:\/\/atauni.edu.tr\/kariyer\/calistaylar\/","title":{"rendered":"\u00c7al\u0131\u015ftaylar"},"content":{"rendered":"\t\t<div data-elementor-type=\"wp-page\" data-elementor-id=\"6770\" class=\"elementor elementor-6770\" data-elementor-post-type=\"page\">\n\t\t\t\t\t\t<section class=\"elementor-section elementor-top-section elementor-element elementor-element-fe6c6bc elementor-section-boxed elementor-section-height-default elementor-section-height-default\" data-id=\"fe6c6bc\" data-element_type=\"section\">\n\t\t\t\t\t\t<div class=\"elementor-container elementor-column-gap-default\">\n\t\t\t\t\t<div class=\"elementor-column elementor-col-100 elementor-top-column elementor-element elementor-element-6e88c62\" data-id=\"6e88c62\" data-element_type=\"column\">\n\t\t\t<div class=\"elementor-widget-wrap elementor-element-populated\">\n\t\t\t\t\t\t<div class=\"elementor-element elementor-element-25f78d4 elementor-widget elementor-widget-text-editor\" data-id=\"25f78d4\" data-element_type=\"widget\" data-widget_type=\"text-editor.default\">\n\t\t\t\t<div class=\"elementor-widget-container\">\n\t\t\t\t\t\t\t\t\t<ul><li>17-18 May\u0131s 2021 tarihlerinde &#8220;Yeni Nesil \u00dcniversite Vizyonu \u00c7er\u00e7evesinde \u00d6\u011frenci Kul\u00fcplerimiz \u00c7al\u0131\u015ftay\u0131&#8221; \u00f6\u011frenci kul\u00fcplerimizin dan\u0131\u015fmanlar\u0131n\u0131n kat\u0131l\u0131mlar\u0131yla ger\u00e7ekle\u015ftirilmi\u015ftir.<\/li><li>1-2 \u015eubat 2021 tarihlerinde &#8220;Pandemi D\u00f6neminde De\u011fi\u015fen E\u011fitim Ortam\u0131nda Kariyer Merkezlerinin Rolleri \u00c7al\u0131\u015ftay\u0131&#8221; Do\u011fu Anadolu B\u00f6lgesi \u00dcniversiteleri E\u011fitim Fak\u00fclteleri ve Kariyer Merkezleri Y\u00f6neticilerinin Kat\u0131l\u0131mlar\u0131yla ger\u00e7ekle\u015ftirilmi\u015ftir.\u00a0<\/li><\/ul>\t\t\t\t\t\t\t\t<\/div>\n\t\t\t\t<\/div>\n\t\t\t\t\t<\/div>\n\t\t<\/div>\n\t\t\t\t\t<\/div>\n\t\t<\/section>\n\t\t\t\t<section class=\"elementor-section elementor-top-section elementor-element elementor-element-0fbe1df elementor-section-boxed elementor-section-height-default elementor-section-height-default\" data-id=\"0fbe1df\" data-element_type=\"section\">\n\t\t\t\t\t\t<div class=\"elementor-container elementor-column-gap-default\">\n\t\t\t\t\t<div class=\"elementor-column elementor-col-100 elementor-top-column elementor-element elementor-element-850ebea\" data-id=\"850ebea\" data-element_type=\"column\">\n\t\t\t<div class=\"elementor-widget-wrap elementor-element-populated\">\n\t\t\t\t\t\t<div class=\"elementor-element elementor-element-5531532 elementor-widget elementor-widget-pdfjs_viewer\" data-id=\"5531532\" data-element_type=\"widget\" data-widget_type=\"pdfjs_viewer.default\">\n\t\t\t\t<div class=\"elementor-widget-container\">\n\t\t\t\t\t<iframe src=\"https:\/\/atauni.edu.tr\/kariyer\/wp-content\/plugins\/pdf-viewer-for-elementor\/assets\/pdfjs\/web\/viewer.html?file=https:\/\/birimler.atauni.edu.tr\/kariyer\/wp-content\/uploads\/sites\/775\/2023\/09\/17-18-mayis-calistay-sonuc-bildirgesi.pdf&amp;embedded=true\" style=\"display: block; margin-left: auto; margin-right: auto; width: 1200px; height: 1195px;\" frameborder=\"1\" marginheight=\"0px\" marginwidth=\"0px\" allowfullscreen><\/iframe>\t\t\t\t<\/div>\n\t\t\t\t<\/div>\n\t\t\t\t\t<\/div>\n\t\t<\/div>\n\t\t\t\t\t<\/div>\n\t\t<\/section>\n\t\t\t\t<section class=\"elementor-section elementor-top-section elementor-element elementor-element-46b79ee elementor-section-boxed elementor-section-height-default elementor-section-height-default\" data-id=\"46b79ee\" data-element_type=\"section\">\n\t\t\t\t\t\t<div class=\"elementor-container elementor-column-gap-default\">\n\t\t\t\t\t<div class=\"elementor-column elementor-col-100 elementor-top-column elementor-element elementor-element-fe1e025\" data-id=\"fe1e025\" data-element_type=\"column\">\n\t\t\t<div class=\"elementor-widget-wrap elementor-element-populated\">\n\t\t\t\t\t\t<div class=\"elementor-element elementor-element-b02d6fb elementor-widget elementor-widget-pdfjs_viewer\" data-id=\"b02d6fb\" data-element_type=\"widget\" data-widget_type=\"pdfjs_viewer.default\">\n\t\t\t\t<div class=\"elementor-widget-container\">\n\t\t\t\t\t<iframe src=\"https:\/\/atauni.edu.tr\/kariyer\/wp-content\/plugins\/pdf-viewer-for-elementor\/assets\/pdfjs\/web\/viewer.html?file=https:\/\/birimler.atauni.edu.tr\/kariyer\/wp-content\/uploads\/sites\/775\/2023\/09\/calistay-sonuc-bildirgesi.pdf&amp;embedded=true\" style=\"display: block; margin-left: auto; margin-right: auto; width: 1200px; height: 1200px;\" frameborder=\"1\" marginheight=\"0px\" marginwidth=\"0px\" allowfullscreen><\/iframe>\t\t\t\t<\/div>\n\t\t\t\t<\/div>\n\t\t\t\t\t<\/div>\n\t\t<\/div>\n\t\t\t\t\t<\/div>\n\t\t<\/section>\n\t\t\t\t<\/div>\n\t\t","protected":false},"excerpt":{"rendered":"<p>17-18 May\u0131s 2021 tarihlerinde &#8220;Yeni Nesil \u00dcniversite Vizyonu \u00c7er\u00e7evesinde \u00d6\u011frenci Kul\u00fcplerimiz \u00c7al\u0131\u015ftay\u0131&#8221; \u00f6\u011frenci kul\u00fcplerimizin dan\u0131\u015fmanlar\u0131n\u0131n kat\u0131l\u0131mlar\u0131yla ger\u00e7ekle\u015ftirilmi\u015ftir. 1-2 \u015eubat 2021 tarihlerinde &#8220;Pandemi D\u00f6neminde De\u011fi\u015fen E\u011fitim Ortam\u0131nda Kariyer Merkezlerinin Rolleri \u00c7al\u0131\u015ftay\u0131&#8221; Do\u011fu Anadolu B\u00f6lgesi \u00dcniversiteleri E\u011fitim Fak\u00fclteleri ve Kariyer Merkezleri Y\u00f6neticilerinin Kat\u0131l\u0131mlar\u0131yla ger\u00e7ekle\u015ftirilmi\u015ftir.\u00a0<\/p>\n","protected":false},"author":557,"featured_media":0,"parent":0,"menu_order":0,"comment_status":"closed","ping_status":"closed","template":"","meta":{"footnotes":""},"class_list":["post-6770","page","type-page","status-publish","hentry"],"_links":{"self":[{"href":"https:\/\/atauni.edu.tr\/kariyer\/wp-json\/wp\/v2\/pages\/6770","targetHints":{"allow":["GET"]}}],"collection":[{"href":"https:\/\/atauni.edu.tr\/kariyer\/wp-json\/wp\/v2\/pages"}],"about":[{"href":"https:\/\/atauni.edu.tr\/kariyer\/wp-json\/wp\/v2\/types\/page"}],"author":[{"embeddable":true,"href":"https:\/\/atauni.edu.tr\/kariyer\/wp-json\/wp\/v2\/users\/557"}],"replies":[{"embeddable":true,"href":"https:\/\/atauni.edu.tr\/kariyer\/wp-json\/wp\/v2\/comments?post=6770"}],"version-history":[{"count":31,"href":"https:\/\/atauni.edu.tr\/kariyer\/wp-json\/wp\/v2\/pages\/6770\/revisions"}],"predecessor-version":[{"id":7385,"href":"https:\/\/atauni.edu.tr\/kariyer\/wp-json\/wp\/v2\/pages\/6770\/revisions\/7385"}],"wp:attachment":[{"href":"https:\/\/atauni.edu.tr\/kariyer\/wp-json\/wp\/v2\/media?parent=6770"}],"curies":[{"name":"wp","href":"https:\/\/api.w.org\/{rel}","templated":true}]}}