{"id":8886,"date":"2025-05-24T14:00:04","date_gmt":"2025-05-24T11:00:04","guid":{"rendered":"https:\/\/birimler.atauni.edu.tr\/kariyer\/?page_id=8886"},"modified":"2025-05-24T14:04:59","modified_gmt":"2025-05-24T11:04:59","slug":"merkez-temsilcisi","status":"publish","type":"page","link":"https:\/\/atauni.edu.tr\/kariyer\/merkez-temsilcisi\/","title":{"rendered":"Merkez Temsilcisi"},"content":{"rendered":"\t\t<div data-elementor-type=\"wp-page\" data-elementor-id=\"8886\" class=\"elementor elementor-8886\" data-elementor-post-type=\"page\">\n\t\t\t\t\t\t<section class=\"elementor-section elementor-top-section elementor-element elementor-element-7a7b0b6 elementor-section-boxed elementor-section-height-default elementor-section-height-default\" data-id=\"7a7b0b6\" data-element_type=\"section\">\n\t\t\t\t\t\t<div class=\"elementor-container elementor-column-gap-default\">\n\t\t\t\t\t<div class=\"elementor-column elementor-col-100 elementor-top-column elementor-element elementor-element-bd87cb0\" data-id=\"bd87cb0\" data-element_type=\"column\">\n\t\t\t<div class=\"elementor-widget-wrap elementor-element-populated\">\n\t\t\t\t\t\t<div class=\"elementor-element elementor-element-b038d90 elementor-widget elementor-widget-html\" data-id=\"b038d90\" data-element_type=\"widget\" data-widget_type=\"html.default\">\n\t\t\t\t<div class=\"elementor-widget-container\">\n\t\t\t\t\t\n    Taray\u0131c\u0131n\u0131z PDF g\u00f6r\u00fcnt\u00fclemeyi desteklemiyor. \n    PDF dosyas\u0131n\u0131 <a href=\"https:\/\/birimler.atauni.edu.tr\/kariyer\/wp-content\/uploads\/sites\/775\/2025\/05\/Kariyer_Temsilciler_Yeni_Stil.pdf\">buraya t\u0131klayarak indirebilirsiniz<\/a>.\n\n\t\t\t\t<\/div>\n\t\t\t\t<\/div>\n\t\t\t\t\t<\/div>\n\t\t<\/div>\n\t\t\t\t\t<\/div>\n\t\t<\/section>\n\t\t\t\t<\/div>\n\t\t","protected":false},"excerpt":{"rendered":"<p>Taray\u0131c\u0131n\u0131z PDF g\u00f6r\u00fcnt\u00fclemeyi desteklemiyor. PDF dosyas\u0131n\u0131 buraya t\u0131klayarak indirebilirsiniz.<\/p>\n","protected":false},"author":631,"featured_media":0,"parent":0,"menu_order":0,"comment_status":"closed","ping_status":"closed","template":"","meta":{"footnotes":""},"class_list":["post-8886","page","type-page","status-publish","hentry"],"_links":{"self":[{"href":"https:\/\/atauni.edu.tr\/kariyer\/wp-json\/wp\/v2\/pages\/8886","targetHints":{"allow":["GET"]}}],"collection":[{"href":"https:\/\/atauni.edu.tr\/kariyer\/wp-json\/wp\/v2\/pages"}],"about":[{"href":"https:\/\/atauni.edu.tr\/kariyer\/wp-json\/wp\/v2\/types\/page"}],"author":[{"embeddable":true,"href":"https:\/\/atauni.edu.tr\/kariyer\/wp-json\/wp\/v2\/users\/631"}],"replies":[{"embeddable":true,"href":"https:\/\/atauni.edu.tr\/kariyer\/wp-json\/wp\/v2\/comments?post=8886"}],"version-history":[{"count":7,"href":"https:\/\/atauni.edu.tr\/kariyer\/wp-json\/wp\/v2\/pages\/8886\/revisions"}],"predecessor-version":[{"id":8895,"href":"https:\/\/atauni.edu.tr\/kariyer\/wp-json\/wp\/v2\/pages\/8886\/revisions\/8895"}],"wp:attachment":[{"href":"https:\/\/atauni.edu.tr\/kariyer\/wp-json\/wp\/v2\/media?parent=8886"}],"curies":[{"name":"wp","href":"https:\/\/api.w.org\/{rel}","templated":true}]}}