{"id":5800,"date":"2021-07-13T13:12:45","date_gmt":"2021-07-13T10:12:45","guid":{"rendered":"https:\/\/portaltest.atauni.edu.tr\/bilgisayar-muhendisligi\/?page_id=5800"},"modified":"2021-12-07T17:58:20","modified_gmt":"2021-12-07T14:58:20","slug":"bitirme-projeleri","status":"publish","type":"page","link":"https:\/\/atauni.edu.tr\/kimya-muhendisligi\/bitirme-projeleri\/","title":{"rendered":"Bitirme Projeleri"},"content":{"rendered":"\t\t<div data-elementor-type=\"wp-page\" data-elementor-id=\"5800\" class=\"elementor elementor-5800\" data-elementor-post-type=\"page\">\n\t\t\t\t\t\t<section class=\"elementor-section elementor-top-section elementor-element elementor-element-730d320 elementor-section-boxed elementor-section-height-default elementor-section-height-default\" data-id=\"730d320\" data-element_type=\"section\">\n\t\t\t\t\t\t<div class=\"elementor-container elementor-column-gap-default\">\n\t\t\t\t\t<div class=\"elementor-column elementor-col-100 elementor-top-column elementor-element elementor-element-753d0860\" data-id=\"753d0860\" data-element_type=\"column\">\n\t\t\t<div class=\"elementor-widget-wrap\">\n\t\t\t\t\t\t\t<\/div>\n\t\t<\/div>\n\t\t\t\t\t<\/div>\n\t\t<\/section>\n\t\t\t\t<section class=\"elementor-section elementor-top-section elementor-element elementor-element-9be811a elementor-section-boxed elementor-section-height-default elementor-section-height-default\" data-id=\"9be811a\" data-element_type=\"section\">\n\t\t\t\t\t\t<div class=\"elementor-container elementor-column-gap-default\">\n\t\t\t\t\t<div class=\"elementor-column elementor-col-100 elementor-top-column elementor-element elementor-element-1ed847b7\" data-id=\"1ed847b7\" data-element_type=\"column\">\n\t\t\t<div class=\"elementor-widget-wrap elementor-element-populated\">\n\t\t\t\t\t\t<div class=\"elementor-element elementor-element-4ce0d07f elementor-widget elementor-widget-heading\" data-id=\"4ce0d07f\" data-element_type=\"widget\" data-widget_type=\"heading.default\">\n\t\t\t\t<div class=\"elementor-widget-container\">\n\t\t\t\t\t<h2 class=\"elementor-heading-title elementor-size-default\">Bitirme Projeleri<\/h2>\t\t\t\t<\/div>\n\t\t\t\t<\/div>\n\t\t\t\t<div class=\"elementor-element elementor-element-63260862 elementor-widget-divider--view-line elementor-widget elementor-widget-divider\" data-id=\"63260862\" data-element_type=\"widget\" data-widget_type=\"divider.default\">\n\t\t\t\t<div class=\"elementor-widget-container\">\n\t\t\t\t\t\t\t<div class=\"elementor-divider\">\n\t\t\t<span class=\"elementor-divider-separator\">\n\t\t\t\t\t\t<\/span>\n\t\t<\/div>\n\t\t\t\t\t\t<\/div>\n\t\t\t\t<\/div>\n\t\t\t\t\t<\/div>\n\t\t<\/div>\n\t\t\t\t\t<\/div>\n\t\t<\/section>\n\t\t\t\t<section class=\"elementor-section elementor-top-section elementor-element elementor-element-6c18d0b elementor-section-boxed elementor-section-height-default elementor-section-height-default\" data-id=\"6c18d0b\" data-element_type=\"section\">\n\t\t\t\t\t\t<div class=\"elementor-container elementor-column-gap-default\">\n\t\t\t\t\t<div class=\"elementor-column elementor-col-100 elementor-top-column elementor-element elementor-element-5a88ff5\" data-id=\"5a88ff5\" data-element_type=\"column\">\n\t\t\t<div class=\"elementor-widget-wrap elementor-element-populated\">\n\t\t\t\t\t\t<div class=\"elementor-element elementor-element-69d7a2b elementor-widget elementor-widget-accordion\" data-id=\"69d7a2b\" data-element_type=\"widget\" data-widget_type=\"accordion.default\">\n\t\t\t\t<div class=\"elementor-widget-container\">\n\t\t\t\t\t\t\t<div class=\"elementor-accordion\">\n\t\t\t\t\t\t\t<div class=\"elementor-accordion-item\">\n\t\t\t\t\t<div id=\"elementor-tab-title-1101\" class=\"elementor-tab-title\" data-tab=\"1\" role=\"button\" aria-controls=\"elementor-tab-content-1101\" aria-expanded=\"false\">\n\t\t\t\t\t\t\t\t\t\t\t\t\t<span class=\"elementor-accordion-icon elementor-accordion-icon-left\" aria-hidden=\"true\">\n\t\t\t\t\t\t\t\t\t\t\t\t\t\t\t<span class=\"elementor-accordion-icon-closed\"><i class=\"fas fa-plus\"><\/i><\/span>\n\t\t\t\t\t\t\t\t<span class=\"elementor-accordion-icon-opened\"><i class=\"fas fa-minus\"><\/i><\/span>\n\t\t\t\t\t\t\t\t\t\t\t\t\t\t<\/span>\n\t\t\t\t\t\t\t\t\t\t\t\t<a class=\"elementor-accordion-title\" tabindex=\"0\">2020-2021<\/a>\n\t\t\t\t\t<\/div>\n\t\t\t\t\t<div id=\"elementor-tab-content-1101\" class=\"elementor-tab-content elementor-clearfix\" data-tab=\"1\" role=\"region\" aria-labelledby=\"elementor-tab-title-1101\"><h4>Bitirme Projesi Konular\u0131<\/h4>\n<ul>\n<li>Titanyum Ala\u015f\u0131mlar\u0131n, Biyomalzeme Olarak Kullan\u0131m\u0131<\/li>\n<li>Amalgam ve Dental Amalgam, Zeytinya\u011f\u0131 \u00dcretim Prosesi ve Fabrika At\u0131\u011f\u0131ndan Antioksidan Enzim \u00dcretimi<\/li>\n<li>\u0130n\u00fclin ve Eldesi<\/li>\n<li>Kimyasal Buhar Biriktirme ile S\u00fcperhidrofobik Antibakteriyel ve Kaplamalar<\/li>\n<li>\u0130n\u015faat Sekt\u00f6r\u00fcnde Kimya<\/li>\n<li>Is\u0131 Transferi \u0130yile\u015ftirme Teknikleri ve Nanoak\u0131\u015fkan ile Is\u0131 Borular\u0131 Performans\u0131n\u0131n \u0130ncelenmesi<\/li>\n<li>End\u00fcstriyel G\u0131da At\u0131klar\u0131ndan Enerji \u00dcretimi-Pirina At\u0131\u011f\u0131<\/li>\n<li>Organik At\u0131klardan Solucan G\u00fcbresi Eldesi, Koag\u00fclasyon ve Flok\u00fclasyon Tekni\u011fi ile At\u0131k Su Ar\u0131tma<\/li>\n<li>Deterjanlar<\/li>\n<li>H\u00fcmik Madde Eldesi<\/li>\n<li>Yanmaya Kar\u015f\u0131 Diren\u00e7li Maddelerin \u00dcretimi<\/li>\n<li>Halojen \u00dcretimi<\/li>\n<li>Su Ar\u0131tma<\/li>\n<li>Mikrodalga Kimyas\u0131 ve Mikrodalga ile Yap\u0131lan Ekstraksiyon \u0130\u015flemleri<\/li>\n<li>\u0130n\u015faat Sekt\u00f6r\u00fcnde Kimya<\/li>\n<li>Is\u0131 Transferi \u0130yile\u015ftirme Y\u00f6ntemleri<\/li>\n<li>End\u00fcstriyel G\u0131da At\u0131klar\u0131ndan Enerji \u00dcretimi<\/li>\n<li>Organik&nbsp; At\u0131klardan&nbsp; Solucan&nbsp; G\u00fcbresi&nbsp; Eldesi<\/li>\n<li>Koag\u00fclasyon ve Flok\u00fclasyon Tekni\u011fi ile At\u0131k Su Ar\u0131tma<\/li>\n<li>Trafo Ya\u011flar\u0131<\/li>\n<li>K\u00f6m\u00fcr\u00fcn Pirolizi<\/li>\n<\/ul><\/div>\n\t\t\t\t<\/div>\n\t\t\t\t\t\t\t<div class=\"elementor-accordion-item\">\n\t\t\t\t\t<div id=\"elementor-tab-title-1102\" class=\"elementor-tab-title\" data-tab=\"2\" role=\"button\" aria-controls=\"elementor-tab-content-1102\" aria-expanded=\"false\">\n\t\t\t\t\t\t\t\t\t\t\t\t\t<span class=\"elementor-accordion-icon elementor-accordion-icon-left\" aria-hidden=\"true\">\n\t\t\t\t\t\t\t\t\t\t\t\t\t\t\t<span class=\"elementor-accordion-icon-closed\"><i class=\"fas fa-plus\"><\/i><\/span>\n\t\t\t\t\t\t\t\t<span class=\"elementor-accordion-icon-opened\"><i class=\"fas fa-minus\"><\/i><\/span>\n\t\t\t\t\t\t\t\t\t\t\t\t\t\t<\/span>\n\t\t\t\t\t\t\t\t\t\t\t\t<a class=\"elementor-accordion-title\" tabindex=\"0\">2019-2020<\/a>\n\t\t\t\t\t<\/div>\n\t\t\t\t\t<div id=\"elementor-tab-content-1102\" class=\"elementor-tab-content elementor-clearfix\" data-tab=\"2\" role=\"region\" aria-labelledby=\"elementor-tab-title-1102\"><div><h4>Bitirme Projesi Konular\u0131<\/h4><ul><li>Yanmaya Kar\u015f\u0131 Diren\u00e7li Maddelerin \u00dcretimi<\/li><li>Halojen \u00dcretimi<\/li><li>Su Ar\u0131tma<\/li><li>Mikrodalga Kimyas\u0131 ve Mikrodalga ile Yap\u0131lan Ekstraksiyon \u0130\u015flemleri<\/li><li>\u0130n\u015faat Sekt\u00f6r\u00fcnde Kimya<\/li><li>Is\u0131 Transferi \u0130yile\u015ftirme Y\u00f6ntemleri<\/li><li>End\u00fcstriyel G\u0131da At\u0131klar\u0131ndan Enerji \u00dcretimi<\/li><li>Organik At\u0131klardan Solucan G\u00fcbresi Eldesi<\/li><li>Koag\u00fclasyon Ve Flok\u00fclasyon Tekni\u011fi \u0130le At\u0131k Su Ar\u0131tma<\/li><li>Trafo Ya\u011flar\u0131<\/li><li>K\u00f6m\u00fcr\u00fcn Pirolizi<\/li><li>Fosil Yak\u0131t ve Organik At\u0131klardan Enerji \u00dcretimi<\/li><li>Hidrojen Yak\u0131t\u0131 \u00dcretim Y\u00f6ntemleri<\/li><li>Is\u0131 De\u011fi\u015ftiricilerde Kirlenme<\/li><li>\u0130la\u00e7 Sekt\u00f6r\u00fcn\u00fcn T\u00fcrkiye ve D\u00fcnya \u00dczerindeki Yeri<\/li><li>Hidrojen Enerjisi \u00dcretimi ve Uygulamalar\u0131<\/li><li>P\u00fcsk\u00fcrtmeli Kurutucu \u0130le Antosiyanin Tozu Eldesi<\/li><li>Gaz Maskelerinin Yap\u0131m\u0131<\/li><li>Asfalt ve Asfalt \u00d6zelliklerinin \u0130yile\u015ftirilmesinde Katk\u0131 Malzemelerinin Etkisi<\/li><\/ul><\/div><\/div>\n\t\t\t\t<\/div>\n\t\t\t\t\t\t\t\t<\/div>\n\t\t\t\t\t\t<\/div>\n\t\t\t\t<\/div>\n\t\t\t\t<div class=\"elementor-element elementor-element-d94593a elementor-widget-divider--view-line elementor-widget elementor-widget-divider\" data-id=\"d94593a\" data-element_type=\"widget\" data-widget_type=\"divider.default\">\n\t\t\t\t<div class=\"elementor-widget-container\">\n\t\t\t\t\t\t\t<div class=\"elementor-divider\">\n\t\t\t<span class=\"elementor-divider-separator\">\n\t\t\t\t\t\t<\/span>\n\t\t<\/div>\n\t\t\t\t\t\t<\/div>\n\t\t\t\t<\/div>\n\t\t\t\t<div class=\"elementor-element elementor-element-6cbd33c elementor-widget-divider--view-line elementor-widget elementor-widget-divider\" data-id=\"6cbd33c\" data-element_type=\"widget\" data-widget_type=\"divider.default\">\n\t\t\t\t<div class=\"elementor-widget-container\">\n\t\t\t\t\t\t\t<div class=\"elementor-divider\">\n\t\t\t<span class=\"elementor-divider-separator\">\n\t\t\t\t\t\t<\/span>\n\t\t<\/div>\n\t\t\t\t\t\t<\/div>\n\t\t\t\t<\/div>\n\t\t\t\t\t<\/div>\n\t\t<\/div>\n\t\t\t\t\t<\/div>\n\t\t<\/section>\n\t\t\t\t<\/div>\n\t\t","protected":false},"excerpt":{"rendered":"<p>Bitirme Projeleri 2020-2021 Bitirme Projesi Konular\u0131 Titanyum Ala\u015f\u0131mlar\u0131n, Biyomalzeme Olarak Kullan\u0131m\u0131 Amalgam ve Dental Amalgam, Zeytinya\u011f\u0131 \u00dcretim Prosesi ve Fabrika At\u0131\u011f\u0131ndan Antioksidan Enzim \u00dcretimi \u0130n\u00fclin ve Eldesi Kimyasal Buhar Biriktirme ile S\u00fcperhidrofobik Antibakteriyel ve Kaplamalar \u0130n\u015faat Sekt\u00f6r\u00fcnde Kimya Is\u0131 Transferi \u0130yile\u015ftirme Teknikleri ve Nanoak\u0131\u015fkan ile Is\u0131 Borular\u0131 Performans\u0131n\u0131n \u0130ncelenmesi End\u00fcstriyel G\u0131da At\u0131klar\u0131ndan Enerji \u00dcretimi-Pirina At\u0131\u011f\u0131 [&hellip;]<\/p>\n","protected":false},"author":1,"featured_media":0,"parent":0,"menu_order":0,"comment_status":"closed","ping_status":"closed","template":"elementor_header_footer","meta":{"footnotes":""},"class_list":["post-5800","page","type-page","status-publish","hentry"],"_links":{"self":[{"href":"https:\/\/atauni.edu.tr\/kimya-muhendisligi\/wp-json\/wp\/v2\/pages\/5800","targetHints":{"allow":["GET"]}}],"collection":[{"href":"https:\/\/atauni.edu.tr\/kimya-muhendisligi\/wp-json\/wp\/v2\/pages"}],"about":[{"href":"https:\/\/atauni.edu.tr\/kimya-muhendisligi\/wp-json\/wp\/v2\/types\/page"}],"author":[{"embeddable":true,"href":"https:\/\/atauni.edu.tr\/kimya-muhendisligi\/wp-json\/wp\/v2\/users\/1"}],"replies":[{"embeddable":true,"href":"https:\/\/atauni.edu.tr\/kimya-muhendisligi\/wp-json\/wp\/v2\/comments?post=5800"}],"version-history":[{"count":23,"href":"https:\/\/atauni.edu.tr\/kimya-muhendisligi\/wp-json\/wp\/v2\/pages\/5800\/revisions"}],"predecessor-version":[{"id":6307,"href":"https:\/\/atauni.edu.tr\/kimya-muhendisligi\/wp-json\/wp\/v2\/pages\/5800\/revisions\/6307"}],"wp:attachment":[{"href":"https:\/\/atauni.edu.tr\/kimya-muhendisligi\/wp-json\/wp\/v2\/media?parent=5800"}],"curies":[{"name":"wp","href":"https:\/\/api.w.org\/{rel}","templated":true}]}}