{"id":6669,"date":"2023-07-05T12:35:33","date_gmt":"2023-07-05T09:35:33","guid":{"rendered":"https:\/\/birimler.atauni.edu.tr\/kimya-muhendisligi\/?page_id=6669"},"modified":"2024-01-02T12:07:26","modified_gmt":"2024-01-02T09:07:26","slug":"egitim-amaclari","status":"publish","type":"page","link":"https:\/\/atauni.edu.tr\/kimya-muhendisligi\/egitim-amaclari\/","title":{"rendered":"E\u011fitim Ama\u00e7lar\u0131"},"content":{"rendered":"\t\t<div data-elementor-type=\"wp-page\" data-elementor-id=\"6669\" class=\"elementor elementor-6669\" data-elementor-post-type=\"page\">\n\t\t\t\t\t\t<section class=\"elementor-section elementor-top-section elementor-element elementor-element-82a294f elementor-section-boxed elementor-section-height-default elementor-section-height-default\" data-id=\"82a294f\" data-element_type=\"section\">\n\t\t\t\t\t\t<div class=\"elementor-container elementor-column-gap-no\">\n\t\t\t\t\t<div class=\"elementor-column elementor-col-100 elementor-top-column elementor-element elementor-element-11413d6\" data-id=\"11413d6\" data-element_type=\"column\">\n\t\t\t<div class=\"elementor-widget-wrap elementor-element-populated\">\n\t\t\t\t\t\t<div class=\"elementor-element elementor-element-cc217bf elementor-widget-divider--view-line elementor-widget elementor-widget-divider\" data-id=\"cc217bf\" data-element_type=\"widget\" data-widget_type=\"divider.default\">\n\t\t\t\t<div class=\"elementor-widget-container\">\n\t\t\t\t\t\t\t<div class=\"elementor-divider\">\n\t\t\t<span class=\"elementor-divider-separator\">\n\t\t\t\t\t\t<\/span>\n\t\t<\/div>\n\t\t\t\t\t\t<\/div>\n\t\t\t\t<\/div>\n\t\t\t\t\t<\/div>\n\t\t<\/div>\n\t\t\t\t\t<\/div>\n\t\t<\/section>\n\t\t\t\t<section class=\"elementor-section elementor-top-section elementor-element elementor-element-fb5b700 elementor-section-boxed elementor-section-height-default elementor-section-height-default\" data-id=\"fb5b700\" data-element_type=\"section\">\n\t\t\t\t\t\t<div class=\"elementor-container elementor-column-gap-default\">\n\t\t\t\t\t<div class=\"elementor-column elementor-col-100 elementor-top-column elementor-element elementor-element-727b557\" data-id=\"727b557\" data-element_type=\"column\">\n\t\t\t<div class=\"elementor-widget-wrap elementor-element-populated\">\n\t\t\t\t\t\t<div class=\"elementor-element elementor-element-ba701ed elementor-widget elementor-widget-text-editor\" data-id=\"ba701ed\" data-element_type=\"widget\" data-widget_type=\"text-editor.default\">\n\t\t\t\t<div class=\"elementor-widget-container\">\n\t\t\t\t\t\t\t\t\t<ol><li>Kimya M\u00fchendisli\u011fi alan\u0131nda faaliyet y\u00fcr\u00fctmekte olan \u00f6zel veya kamuya ait kurulu\u015flarda tasar\u0131m, \u00fcretim, Ar-Ge, kalite kontrol\u00fc ve pazarlama gibi k\u0131s\u0131mlarda \u00e7al\u0131\u015fabilecek m\u00fchendisler olurlar.\u00a0<\/li><li>Kimya M\u00fchendisli\u011fi ile ilgili disiplinlerde veya disiplinler aras\u0131 alanlarda akademik \u00e7al\u0131\u015fmalar yapabilecek m\u00fchendisler olurlar.\u00a0<\/li><\/ol>\t\t\t\t\t\t\t\t<\/div>\n\t\t\t\t<\/div>\n\t\t\t\t\t<\/div>\n\t\t<\/div>\n\t\t\t\t\t<\/div>\n\t\t<\/section>\n\t\t\t\t<\/div>\n\t\t","protected":false},"excerpt":{"rendered":"<p>Kimya M\u00fchendisli\u011fi alan\u0131nda faaliyet y\u00fcr\u00fctmekte olan \u00f6zel veya kamuya ait kurulu\u015flarda tasar\u0131m, \u00fcretim, Ar-Ge, kalite kontrol\u00fc ve pazarlama gibi k\u0131s\u0131mlarda \u00e7al\u0131\u015fabilecek m\u00fchendisler olurlar.\u00a0 Kimya M\u00fchendisli\u011fi ile ilgili disiplinlerde veya disiplinler aras\u0131 alanlarda akademik \u00e7al\u0131\u015fmalar yapabilecek m\u00fchendisler olurlar.\u00a0<\/p>\n","protected":false},"author":281,"featured_media":0,"parent":0,"menu_order":0,"comment_status":"closed","ping_status":"closed","template":"","meta":{"footnotes":""},"class_list":["post-6669","page","type-page","status-publish","hentry"],"_links":{"self":[{"href":"https:\/\/atauni.edu.tr\/kimya-muhendisligi\/wp-json\/wp\/v2\/pages\/6669","targetHints":{"allow":["GET"]}}],"collection":[{"href":"https:\/\/atauni.edu.tr\/kimya-muhendisligi\/wp-json\/wp\/v2\/pages"}],"about":[{"href":"https:\/\/atauni.edu.tr\/kimya-muhendisligi\/wp-json\/wp\/v2\/types\/page"}],"author":[{"embeddable":true,"href":"https:\/\/atauni.edu.tr\/kimya-muhendisligi\/wp-json\/wp\/v2\/users\/281"}],"replies":[{"embeddable":true,"href":"https:\/\/atauni.edu.tr\/kimya-muhendisligi\/wp-json\/wp\/v2\/comments?post=6669"}],"version-history":[{"count":10,"href":"https:\/\/atauni.edu.tr\/kimya-muhendisligi\/wp-json\/wp\/v2\/pages\/6669\/revisions"}],"predecessor-version":[{"id":6722,"href":"https:\/\/atauni.edu.tr\/kimya-muhendisligi\/wp-json\/wp\/v2\/pages\/6669\/revisions\/6722"}],"wp:attachment":[{"href":"https:\/\/atauni.edu.tr\/kimya-muhendisligi\/wp-json\/wp\/v2\/media?parent=6669"}],"curies":[{"name":"wp","href":"https:\/\/api.w.org\/{rel}","templated":true}]}}