{"id":6358,"date":"2022-06-08T15:52:44","date_gmt":"2022-06-08T12:52:44","guid":{"rendered":"https:\/\/birimler.atauni.edu.tr\/kimya\/?page_id=6358"},"modified":"2022-06-08T16:00:13","modified_gmt":"2022-06-08T13:00:13","slug":"kimya-bolumu-ogretim-amaclari","status":"publish","type":"page","link":"https:\/\/atauni.edu.tr\/kimya\/kimya-bolumu-ogretim-amaclari\/","title":{"rendered":"Kimya B\u00f6l\u00fcm\u00fc \u00d6\u011fretim Ama\u00e7lar\u0131"},"content":{"rendered":"\t\t<div data-elementor-type=\"wp-page\" data-elementor-id=\"6358\" class=\"elementor elementor-6358\" data-elementor-post-type=\"page\">\n\t\t\t\t\t\t<section class=\"elementor-section elementor-top-section elementor-element elementor-element-55739ec elementor-section-boxed elementor-section-height-default elementor-section-height-default\" data-id=\"55739ec\" data-element_type=\"section\">\n\t\t\t\t\t\t<div class=\"elementor-container elementor-column-gap-default\">\n\t\t\t\t\t<div class=\"elementor-column elementor-col-100 elementor-top-column elementor-element elementor-element-5507e11\" data-id=\"5507e11\" data-element_type=\"column\">\n\t\t\t<div class=\"elementor-widget-wrap elementor-element-populated\">\n\t\t\t\t\t\t<div class=\"elementor-element elementor-element-d2e569a elementor-widget elementor-widget-text-editor\" data-id=\"d2e569a\" data-element_type=\"widget\" data-widget_type=\"text-editor.default\">\n\t\t\t\t<div class=\"elementor-widget-container\">\n\t\t\t\t\t\t\t\t\t<p><strong>O\u0308A1 <\/strong>\u2013 O\u0308g\u0306renciye, Kimya alan\u0131ndaki kavramlar\u0131, fikirleri ve verileri, kuramsal ve uygulamal\u0131 olarak deg\u0306erlendirme, karmas\u0327\u0131k problem ve konulara uygulayabilme, klasik veya aletli yo\u0308ntemlerle analiz etme, kan\u0131ta ve aras\u0327t\u0131rmalara dayal\u0131 o\u0308neriler gelis\u0327tirme yeteneg\u0306i kazand\u0131rmak,<\/p><p><strong>O\u0308A2 <\/strong>\u2013 O\u0308g\u0306renciye, uzman ya da uzman olmayan dinleyici gruplar\u0131n\u0131, kimya ile ilgili konularda bilgilendirme, onlara du\u0308s\u0327u\u0308ncelerini, problemleri ve c\u0327o\u0308zu\u0308m yo\u0308ntemlerini ac\u0327\u0131k bir bic\u0327imde yaz\u0131l\u0131 ve so\u0308zlu\u0308 aktarabilme becerisi kazand\u0131rmak,<\/p><p><strong>O\u0308A3<\/strong> \u2013 O\u0308g\u0306renciye, o\u0308g\u0306rendiklerini eles\u0327tirel du\u0308s\u0327u\u0308nce \u0131s\u0327\u0131g\u0306\u0131nda kritik edebilme, ileri du\u0308zey c\u0327al\u0131s\u0327malar\u0131 bag\u0306\u0131ms\u0131z ve tak\u0131m olarak yu\u0308ru\u0308tebilme becerisi kazand\u0131rmak,<\/p><p><strong>O\u0308A4<\/strong> \u2013 O\u0308g\u0306renciye, Kimya sekto\u0308ru\u0308nde kars\u0327\u0131las\u0327\u0131lmas\u0131 muhtemel o\u0308ngo\u0308ru\u0308lemeyen durumlarda sorumluluk al\u0131p c\u0327o\u0308zu\u0308mlere katk\u0131da bulunabilecek bilgi, deneyim ve o\u0308zgu\u0308veni kazand\u0131rmak,<\/p><p><strong>O\u0308A5<\/strong> \u2013 O\u0308g\u0306renciye, kendi mesleki gelis\u0327imine yo\u0308nelik etkinlikleri planlay\u0131p yo\u0308netebileceg\u0306i deneyimler ile bu bilgileri farkl\u0131 alanlara uygulayabilme becerisi kazand\u0131rmak,<\/p><p><strong>O\u0308A6<\/strong> \u2013 O\u0308g\u0306renciye, alan\u0131ndaki bilgileri takip edebilecek ve meslektas\u0327lar\u0131 ile iletis\u0327im kurabilecek du\u0308zeyde yabanc\u0131 dil bilgisi kazand\u0131rmak,<\/p><p><strong>O\u0308A7 <\/strong>\u2013\u00a0O\u0308g\u0306renciye, alan\u0131n\u0131n gerektirdig\u0306i du\u0308zeyde sunum yapabilecek, verilerini du\u0308zenleyebilecek du\u0308zeyde ilgili bilgisayar programlar\u0131n\u0131 kullanabilme becerisi kazand\u0131rmak,<\/p><p><strong>O\u0308A8 <\/strong>\u2013\u00a0O\u0308g\u0306renciye, Kimya alan\u0131 ile ilgili verilerin toplanmas\u0131, yorumlanmas\u0131, duyurulmas\u0131 as\u0327amalar\u0131nda toplumsal ve mesleki etik deg\u0306erleri go\u0308zetebilecek bilinc\u0327 ve davran\u0131s\u0327 yeteneg\u0306i kazand\u0131rmak,<\/p><p><strong>O\u0308A9<\/strong> \u2013 O\u0308g\u0306renciye, is\u0327 gu\u0308venlig\u0306i, is\u0327c\u0327i sag\u0306l\u0131g\u0306\u0131, sosyal gu\u0308venlik haklar\u0131, toplam kalite yo\u0308netimi ve c\u0327evre koruma gibi alan\u0131 destekleyici konular ile alan d\u0131s\u0327\u0131 konularda (yo\u0308netim organizasyon ve giris\u0327imcilik gibi) eg\u0306itim vermek ve fark\u0131ndal\u0131k olus\u0327turmak,<\/p><p><strong>O\u0308A10<\/strong> \u2013 O\u0308g\u0306renciye, elde edilen verileri istatistiki\u0302 olarak deg\u0306erlendirip yorumlayabilecek bilgi ve deneyim kazand\u0131rmak.\u00a0<\/p>\t\t\t\t\t\t\t\t<\/div>\n\t\t\t\t<\/div>\n\t\t\t\t\t<\/div>\n\t\t<\/div>\n\t\t\t\t\t<\/div>\n\t\t<\/section>\n\t\t\t\t<\/div>\n\t\t","protected":false},"excerpt":{"rendered":"<p>O\u0308A1 \u2013 O\u0308g\u0306renciye, Kimya alan\u0131ndaki kavramlar\u0131, fikirleri ve verileri, kuramsal ve uygulamal\u0131 olarak deg\u0306erlendirme, karmas\u0327\u0131k problem ve konulara uygulayabilme, klasik veya aletli yo\u0308ntemlerle analiz etme, kan\u0131ta ve aras\u0327t\u0131rmalara dayal\u0131 o\u0308neriler gelis\u0327tirme yeteneg\u0306i kazand\u0131rmak, O\u0308A2 \u2013 O\u0308g\u0306renciye, uzman ya da uzman olmayan dinleyici gruplar\u0131n\u0131, kimya ile ilgili konularda bilgilendirme, onlara du\u0308s\u0327u\u0308ncelerini, problemleri ve c\u0327o\u0308zu\u0308m yo\u0308ntemlerini ac\u0327\u0131k [&hellip;]<\/p>\n","protected":false},"author":116,"featured_media":0,"parent":0,"menu_order":0,"comment_status":"closed","ping_status":"closed","template":"","meta":{"footnotes":""},"class_list":["post-6358","page","type-page","status-publish","hentry"],"_links":{"self":[{"href":"https:\/\/atauni.edu.tr\/kimya\/wp-json\/wp\/v2\/pages\/6358","targetHints":{"allow":["GET"]}}],"collection":[{"href":"https:\/\/atauni.edu.tr\/kimya\/wp-json\/wp\/v2\/pages"}],"about":[{"href":"https:\/\/atauni.edu.tr\/kimya\/wp-json\/wp\/v2\/types\/page"}],"author":[{"embeddable":true,"href":"https:\/\/atauni.edu.tr\/kimya\/wp-json\/wp\/v2\/users\/116"}],"replies":[{"embeddable":true,"href":"https:\/\/atauni.edu.tr\/kimya\/wp-json\/wp\/v2\/comments?post=6358"}],"version-history":[{"count":13,"href":"https:\/\/atauni.edu.tr\/kimya\/wp-json\/wp\/v2\/pages\/6358\/revisions"}],"predecessor-version":[{"id":6375,"href":"https:\/\/atauni.edu.tr\/kimya\/wp-json\/wp\/v2\/pages\/6358\/revisions\/6375"}],"wp:attachment":[{"href":"https:\/\/atauni.edu.tr\/kimya\/wp-json\/wp\/v2\/media?parent=6358"}],"curies":[{"name":"wp","href":"https:\/\/api.w.org\/{rel}","templated":true}]}}