{"id":68,"date":"2020-07-10T03:09:24","date_gmt":"2020-07-10T00:09:24","guid":{"rendered":"http:\/\/demo.ovathemes.com\/egovt\/?page_id=68"},"modified":"2026-04-02T17:14:05","modified_gmt":"2026-04-02T14:14:05","slug":"anasayfa","status":"publish","type":"page","link":"https:\/\/atauni.edu.tr\/kimya\/","title":{"rendered":"Anasayfa"},"content":{"rendered":"\t\t<div data-elementor-type=\"wp-page\" data-elementor-id=\"68\" class=\"elementor elementor-68\" data-elementor-post-type=\"page\">\n\t\t\t\t\t\t<section class=\"elementor-section elementor-top-section elementor-element elementor-element-50817203 elementor-section-boxed elementor-section-height-default elementor-section-height-default\" data-id=\"50817203\" data-element_type=\"section\">\n\t\t\t\t\t\t<div class=\"elementor-container elementor-column-gap-default\">\n\t\t\t\t\t<div class=\"elementor-column elementor-col-100 elementor-top-column elementor-element elementor-element-b9c9e48\" data-id=\"b9c9e48\" data-element_type=\"column\">\n\t\t\t<div class=\"elementor-widget-wrap elementor-element-populated\">\n\t\t\t\t\t\t<div class=\"elementor-element elementor-element-8359b44 elementor-widget__width-initial elementor--h-position-center elementor--v-position-middle elementor-arrows-position-inside elementor-pagination-position-inside elementor-widget elementor-widget-slides\" data-id=\"8359b44\" data-element_type=\"widget\" data-settings=\"{&quot;navigation&quot;:&quot;both&quot;,&quot;autoplay&quot;:&quot;yes&quot;,&quot;pause_on_hover&quot;:&quot;yes&quot;,&quot;pause_on_interaction&quot;:&quot;yes&quot;,&quot;autoplay_speed&quot;:5000,&quot;infinite&quot;:&quot;yes&quot;,&quot;transition&quot;:&quot;slide&quot;,&quot;transition_speed&quot;:500}\" data-widget_type=\"slides.default\">\n\t\t\t\t<div class=\"elementor-widget-container\">\n\t\t\t\t\t\t\t\t\t<div class=\"elementor-swiper\">\n\t\t\t\t\t<div class=\"elementor-slides-wrapper elementor-main-swiper swiper\" role=\"region\" aria-roledescription=\"carousel\" aria-label=\"Slides\" dir=\"ltr\" data-animation=\"fadeInUp\">\n\t\t\t\t<div class=\"swiper-wrapper elementor-slides\">\n\t\t\t\t\t\t\t\t\t\t<div class=\"elementor-repeater-item-e0263f9 swiper-slide\" role=\"group\" aria-roledescription=\"slide\"><div class=\"swiper-slide-bg\" role=\"img\" aria-label=\"WhatsApp Image 2026-04-02 at 16.44.45.jpeg son\"><\/div><div class=\"swiper-slide-inner\" ><div class=\"swiper-slide-contents\"><div class=\"elementor-slide-heading\">37. Ulusal Kimya Kongresi (UKK2026)<\/div><a href=\"https:\/\/atauni.edu.tr\/kimya\/2026\/04\/02\/37-ulusal-kimya-kongresi-ukk2026-2\/\" class=\"elementor-button elementor-slide-button elementor-size-sm\">Detay<\/a><\/div><\/div><\/div><div class=\"elementor-repeater-item-7743247 swiper-slide\" role=\"group\" aria-roledescription=\"slide\"><div class=\"swiper-slide-bg\" role=\"img\" aria-label=\"Garaj 2\"><\/div><a class=\"swiper-slide-inner\" href=\"https:\/\/birimler.atauni.edu.tr\/kimya\/2023\/10\/05\/kimya-bolumu-universite-oryantasyon-programinda-yeni-ogrencilerini-karsiladi\/\"><div class=\"swiper-slide-contents\"><div class=\"elementor-slide-heading\">Kimya B\u00f6l\u00fcm\u00fc \u00dcniversite Oryantasyon Program\u0131nda Yeni \u00d6\u011frencilerini Kar\u015f\u0131lad\u0131<\/div><div  class=\"elementor-button elementor-slide-button elementor-size-sm\">Click Here<\/div><\/div><\/a><\/div><div class=\"elementor-repeater-item-6cdf8de swiper-slide\" role=\"group\" aria-roledescription=\"slide\"><div class=\"swiper-slide-bg\" role=\"img\" aria-label=\"IMG_0961\"><\/div><a class=\"swiper-slide-inner\" href=\"https:\/\/birimler.atauni.edu.tr\/kimya\/2022\/12\/16\/prof-dr-metin-balci-bolumumuzde-seminer-verdi\/\"><div class=\"swiper-slide-contents\"><div class=\"elementor-slide-heading\">Prof. Dr. Metin Balc\u0131 B\u00f6l\u00fcm\u00fcm\u00fczde Seminer Verdi<\/div><div  class=\"elementor-button elementor-slide-button elementor-size-sm\">Detay<\/div><\/div><\/a><\/div><div class=\"elementor-repeater-item-7caab52 swiper-slide\" role=\"group\" aria-roledescription=\"slide\"><div class=\"swiper-slide-bg\" role=\"img\" aria-label=\"IMG_1228\"><\/div><a class=\"swiper-slide-inner\" href=\"https:\/\/birimler.atauni.edu.tr\/kimya\/2022\/12\/23\/diyabet-pandemisi-baslikli-seminer-prof-dr-ilyas-capoglu-tarafindan-verilmistir\/\"><div class=\"swiper-slide-contents\"><div class=\"elementor-slide-heading\">Diyabet Pandemisi Ba\u015fl\u0131kl\u0131 Seminer Prof. Dr. \u0130lyas \u00c7apo\u011flu Taraf\u0131ndan Verilmi\u015ftir<\/div><div  class=\"elementor-button elementor-slide-button elementor-size-sm\">Detay<\/div><\/div><\/a><\/div><div class=\"elementor-repeater-item-81c3799 swiper-slide\" role=\"group\" aria-roledescription=\"slide\"><div class=\"swiper-slide-bg\" role=\"img\" aria-label=\"3R1A9517\"><\/div><a class=\"swiper-slide-inner\" href=\"https:\/\/birimler.atauni.edu.tr\/kimya\/2024\/07\/17\/xxii-kromatografi-kongresi-kimya-bolumu-ev-sahipliginde-gerceklestirildi\/\"><div class=\"swiper-slide-contents\"><div class=\"elementor-slide-heading\">XXII. Kromatografi Kongresi Kimya B\u00f6l\u00fcm\u00fc Ev Sahipli\u011finde Ger\u00e7ekle\u015ftirildi<\/div><div  class=\"elementor-button elementor-slide-button elementor-size-sm\">Detay<\/div><\/div><\/a><\/div><div class=\"elementor-repeater-item-a6ab982 swiper-slide\" role=\"group\" aria-roledescription=\"slide\"><div class=\"swiper-slide-bg\" role=\"img\" aria-label=\"WhatsApp Image 2025-10-10 at 16.41.25\"><\/div><a class=\"swiper-slide-inner\" href=\"https:\/\/birimler.atauni.edu.tr\/kimya\/2024\/10\/16\/2024-2025-egitim-ogretim-yili-kimya-bolumu-oryantasyon-programi\/\"><div class=\"swiper-slide-contents\"><div class=\"elementor-slide-heading\">2025-2026 E\u011fitim \u00d6\u011fretim Y\u0131l\u0131 Kimya B\u00f6l\u00fcm\u00fc Oryantasyon Program\u0131 <\/div><div class=\"elementor-slide-description\">2025-2026 E\u011fitim \u00d6\u011fretim Y\u0131l\u0131 Kimya B\u00f6l\u00fcm\u00fc Oryantasyon Program\u0131 ve \u00d6nl\u00fck Giydirme T\u00f6reni 10.10.2025 tarihinde Fen Fak\u00fcltesi Orhan Yavuz Amfisinde ger\u00e7ekle\u015ftirildi. <\/div><div  class=\"elementor-button elementor-slide-button elementor-size-sm\">Detay<\/div><\/div><\/a><\/div><div class=\"elementor-repeater-item-8e57096 swiper-slide\" role=\"group\" aria-roledescription=\"slide\"><div class=\"swiper-slide-bg\" role=\"img\" aria-label=\"WhatsApp G\u00f6rsel 2025-07-03 saat 15.27.44_d9232ed1\"><\/div><a class=\"swiper-slide-inner\" href=\"https:\/\/birimler.atauni.edu.tr\/kimya\/2025\/07\/04\/kosova-pristina-universitesinden-prof-skender-demaku-erasmusstaff-mobility-for-training-programi-kapsaminda-bolumumuzu-ziyaret-etmistir\/\"><div class=\"swiper-slide-contents\"><div class=\"elementor-slide-heading\">Kosova Pristina \u00dcniversitesinden Prof. Skender Demaku \"Erasmus+Staff Mobility for Training\" Program\u0131  kapsam\u0131nda b\u00f6l\u00fcm\u00fcm\u00fcz\u00fc ziyaret etmi\u015ftir.<\/div><div  class=\"elementor-button elementor-slide-button elementor-size-sm\">Detay<\/div><\/div><\/a><\/div><div class=\"elementor-repeater-item-6cc7692 swiper-slide\" role=\"group\" aria-roledescription=\"slide\"><div class=\"swiper-slide-bg\" role=\"img\" aria-label=\"Kimya\"><\/div><a class=\"swiper-slide-inner\" href=\"https:\/\/birimler.atauni.edu.tr\/kimya\/2025\/07\/29\/kimya-bolumumuz-uluslararasi-basarilara-imza-atiyor\/\"><div class=\"swiper-slide-contents\"><div class=\"elementor-slide-heading\">Kimya B\u00f6l\u00fcm\u00fcm\u00fcz Uluslararas\u0131 Ba\u015far\u0131lara \u0130mza At\u0131yor<\/div><div  class=\"elementor-button elementor-slide-button elementor-size-sm\">Detay<\/div><\/div><\/a><\/div><div class=\"elementor-repeater-item-6b1565c swiper-slide\" role=\"group\" aria-roledescription=\"slide\"><div class=\"swiper-slide-bg\" role=\"img\" aria-label=\"PastedGraphic-2\"><\/div><a class=\"swiper-slide-inner\" href=\"https:\/\/birimler.atauni.edu.tr\/kimya\/2025\/07\/30\/kimya-bolumumuzun-ev-sahipligi-yaptigi-milli-takimlar-uluslararasi-kimya-olimpiyatlarinda-parladi\/\"><div class=\"swiper-slide-contents\"><div class=\"elementor-slide-heading\">Kimya B\u00f6l\u00fcm\u00fcm\u00fcz\u00fcn Ev Sahipli\u011fi Yapt\u0131\u011f\u0131 Milli Tak\u0131mlar Uluslararas\u0131 Kimya Olimpiyatlar\u0131nda Parlad\u0131<\/div><div  class=\"elementor-button elementor-slide-button elementor-size-sm\">Detay<\/div><\/div><\/a><\/div>\t\t\t\t<\/div>\n\t\t\t\t\t\t\t\t\t\t\t\t\t\t\t<div class=\"elementor-swiper-button elementor-swiper-button-prev\" role=\"button\" tabindex=\"0\" aria-label=\"Previous slide\">\n\t\t\t\t\t\t\t<i aria-hidden=\"true\" class=\"eicon-chevron-left\"><\/i>\t\t\t\t\t\t<\/div>\n\t\t\t\t\t\t<div class=\"elementor-swiper-button elementor-swiper-button-next\" role=\"button\" tabindex=\"0\" aria-label=\"Next slide\">\n\t\t\t\t\t\t\t<i aria-hidden=\"true\" class=\"eicon-chevron-right\"><\/i>\t\t\t\t\t\t<\/div>\n\t\t\t\t\t\t\t\t\t\t\t\t\t\t\t\t<div class=\"swiper-pagination\"><\/div>\n\t\t\t\t\t\t\t\t\t\t\t\t<\/div>\n\t\t\t\t<\/div>\n\t\t\t\t\t\t\t\t<\/div>\n\t\t\t\t<\/div>\n\t\t\t\t\t<\/div>\n\t\t<\/div>\n\t\t\t\t\t<\/div>\n\t\t<\/section>\n\t\t\t\t<section class=\"elementor-section elementor-top-section elementor-element elementor-element-fcd43cc elementor-section-boxed elementor-section-height-default elementor-section-height-default\" data-id=\"fcd43cc\" data-element_type=\"section\">\n\t\t\t\t\t\t<div class=\"elementor-container elementor-column-gap-default\">\n\t\t\t\t\t<div class=\"elementor-column elementor-col-100 elementor-top-column elementor-element elementor-element-ef2b585\" data-id=\"ef2b585\" data-element_type=\"column\">\n\t\t\t<div class=\"elementor-widget-wrap elementor-element-populated\">\n\t\t\t\t\t\t<div class=\"elementor-element elementor-element-c8390d9 elementor-widget elementor-widget-image\" data-id=\"c8390d9\" data-element_type=\"widget\" data-widget_type=\"image.default\">\n\t\t\t\t<div class=\"elementor-widget-container\">\n\t\t\t\t\t\t\t\t\t\t\t\t\t\t\t<img fetchpriority=\"high\" decoding=\"async\" width=\"727\" height=\"1024\" src=\"https:\/\/atauni.edu.tr\/kimya\/wp-content\/uploads\/sites\/130\/2025\/07\/fakulte-mezuniyet-afis-1090x1536-1-727x1024.jpeg\" class=\"attachment-large size-large wp-image-6905\" alt=\"\" srcset=\"https:\/\/atauni.edu.tr\/kimya\/wp-content\/uploads\/sites\/130\/2025\/07\/fakulte-mezuniyet-afis-1090x1536-1-727x1024.jpeg 727w, https:\/\/atauni.edu.tr\/kimya\/wp-content\/uploads\/sites\/130\/2025\/07\/fakulte-mezuniyet-afis-1090x1536-1-213x300.jpeg 213w, https:\/\/atauni.edu.tr\/kimya\/wp-content\/uploads\/sites\/130\/2025\/07\/fakulte-mezuniyet-afis-1090x1536-1-768x1082.jpeg 768w, https:\/\/atauni.edu.tr\/kimya\/wp-content\/uploads\/sites\/130\/2025\/07\/fakulte-mezuniyet-afis-1090x1536-1-426x600.jpeg 426w, https:\/\/atauni.edu.tr\/kimya\/wp-content\/uploads\/sites\/130\/2025\/07\/fakulte-mezuniyet-afis-1090x1536-1-397x560.jpeg 397w, https:\/\/atauni.edu.tr\/kimya\/wp-content\/uploads\/sites\/130\/2025\/07\/fakulte-mezuniyet-afis-1090x1536-1.jpeg 1090w\" sizes=\"(max-width: 727px) 100vw, 727px\" \/>\t\t\t\t\t\t\t\t\t\t\t\t\t\t\t<\/div>\n\t\t\t\t<\/div>\n\t\t\t\t\t<\/div>\n\t\t<\/div>\n\t\t\t\t\t<\/div>\n\t\t<\/section>\n\t\t\t\t<section class=\"elementor-section elementor-top-section elementor-element elementor-element-8bb2a21 elementor-section-boxed elementor-section-height-default elementor-section-height-default\" data-id=\"8bb2a21\" data-element_type=\"section\">\n\t\t\t\t\t\t<div class=\"elementor-container elementor-column-gap-default\">\n\t\t\t\t\t<div class=\"elementor-column elementor-col-100 elementor-top-column elementor-element elementor-element-c81b417\" data-id=\"c81b417\" data-element_type=\"column\">\n\t\t\t<div class=\"elementor-widget-wrap elementor-element-populated\">\n\t\t\t\t\t\t<div class=\"elementor-element elementor-element-8ef233d elementor-widget elementor-widget-heading\" data-id=\"8ef233d\" data-element_type=\"widget\" data-widget_type=\"heading.default\">\n\t\t\t\t<div class=\"elementor-widget-container\">\n\t\t\t\t\t<h2 class=\"elementor-heading-title elementor-size-default\">DUYURULAR<\/h2>\t\t\t\t<\/div>\n\t\t\t\t<\/div>\n\t\t\t\t\t<\/div>\n\t\t<\/div>\n\t\t\t\t\t<\/div>\n\t\t<\/section>\n\t\t\t\t<section class=\"elementor-section elementor-top-section elementor-element elementor-element-a89b2b0 elementor-section-boxed elementor-section-height-default elementor-section-height-default\" data-id=\"a89b2b0\" data-element_type=\"section\">\n\t\t\t\t\t\t<div class=\"elementor-container elementor-column-gap-default\">\n\t\t\t\t\t<div class=\"elementor-column elementor-col-33 elementor-top-column elementor-element elementor-element-d63d025\" data-id=\"d63d025\" data-element_type=\"column\">\n\t\t\t<div class=\"elementor-widget-wrap elementor-element-populated\">\n\t\t\t\t\t\t<div class=\"elementor-element elementor-element-b96a13d elementor-view-framed elementor-shape-circle elementor-widget elementor-widget-icon\" data-id=\"b96a13d\" data-element_type=\"widget\" data-widget_type=\"icon.default\">\n\t\t\t\t<div class=\"elementor-widget-container\">\n\t\t\t\t\t\t\t<div class=\"elementor-icon-wrapper\">\n\t\t\t<div class=\"elementor-icon\">\n\t\t\t<i aria-hidden=\"true\" class=\"fas fa-bullhorn\"><\/i>\t\t\t<\/div>\n\t\t<\/div>\n\t\t\t\t\t\t<\/div>\n\t\t\t\t<\/div>\n\t\t\t\t\t<\/div>\n\t\t<\/div>\n\t\t\t\t<div class=\"elementor-column elementor-col-66 elementor-top-column elementor-element elementor-element-7c1cc86\" data-id=\"7c1cc86\" data-element_type=\"column\">\n\t\t\t<div class=\"elementor-widget-wrap elementor-element-populated\">\n\t\t\t\t\t\t<div class=\"elementor-element elementor-element-a5300c5 elementor-widget__width-initial elementor-widget elementor-widget-text-editor\" data-id=\"a5300c5\" data-element_type=\"widget\" data-widget_type=\"text-editor.default\">\n\t\t\t\t<div class=\"elementor-widget-container\">\n\t\t\t\t\t\t\t\t\t<p><strong>K\u0130MYA B\u00d6L\u00dcM\u00dc 2025-2026 E\u011e\u0130T\u0130M\u00a0 \u00d6\u011eRET\u0130M YILI BAHAR YARIYILI V\u0130ZE PROGRAMI<\/strong><\/p><p><a href=\"http:\/\/atauni.edu.tr\/kimya\/wp-content\/uploads\/sites\/130\/2026\/03\/Kimya-Bolumu-2025-2026-Bahar-Donemi-Vize-Programi.pdf\">Kimya B\u00f6l\u00fcm\u00fc 2025-2026 Bahar D\u00f6nemi Vize Program\u0131<\/a><\/p>\t\t\t\t\t\t\t\t<\/div>\n\t\t\t\t<\/div>\n\t\t\t\t\t<\/div>\n\t\t<\/div>\n\t\t\t\t\t<\/div>\n\t\t<\/section>\n\t\t\t\t<section class=\"elementor-section elementor-top-section elementor-element elementor-element-7ebd84f elementor-section-boxed elementor-section-height-default elementor-section-height-default\" data-id=\"7ebd84f\" data-element_type=\"section\">\n\t\t\t\t\t\t<div class=\"elementor-container elementor-column-gap-default\">\n\t\t\t\t\t<div class=\"elementor-column elementor-col-33 elementor-top-column elementor-element elementor-element-7d9ed30\" data-id=\"7d9ed30\" data-element_type=\"column\">\n\t\t\t<div class=\"elementor-widget-wrap elementor-element-populated\">\n\t\t\t\t\t\t<div class=\"elementor-element elementor-element-85b3a43 elementor-view-framed elementor-shape-circle elementor-widget elementor-widget-icon\" data-id=\"85b3a43\" data-element_type=\"widget\" data-widget_type=\"icon.default\">\n\t\t\t\t<div class=\"elementor-widget-container\">\n\t\t\t\t\t\t\t<div class=\"elementor-icon-wrapper\">\n\t\t\t<div class=\"elementor-icon\">\n\t\t\t<i aria-hidden=\"true\" class=\"fas fa-bullhorn\"><\/i>\t\t\t<\/div>\n\t\t<\/div>\n\t\t\t\t\t\t<\/div>\n\t\t\t\t<\/div>\n\t\t\t\t\t<\/div>\n\t\t<\/div>\n\t\t\t\t<div class=\"elementor-column elementor-col-66 elementor-top-column elementor-element elementor-element-df4088d\" data-id=\"df4088d\" data-element_type=\"column\">\n\t\t\t<div class=\"elementor-widget-wrap elementor-element-populated\">\n\t\t\t\t\t\t<div class=\"elementor-element elementor-element-167dce0 elementor-widget__width-initial elementor-widget elementor-widget-text-editor\" data-id=\"167dce0\" data-element_type=\"widget\" data-widget_type=\"text-editor.default\">\n\t\t\t\t<div class=\"elementor-widget-container\">\n\t\t\t\t\t\t\t\t\t<p><strong>K\u0130MYA B\u00d6L\u00dcM\u00dc 2025-2026 E\u011e\u0130T\u0130M-\u00d6\u011eRET\u0130M YILI BAHAR YARIYILI HAFTALIK LABORATUVAR\u00a0 PROGRAMI<\/strong><\/p><p><a href=\"http:\/\/birimler.atauni.edu.tr\/kimya\/wp-content\/uploads\/sites\/130\/2026\/02\/Kimya-bolumu-2025-2026-Bahar-Donemi-Lab-Programi_31-Ocak-2026-1-1.pdf\">Kimya b\u00f6l\u00fcm\u00fc 2025-2026 Bahar D\u00f6nemi Lab Program\u0131_31 Ocak 2026 (1)<\/a><\/p>\t\t\t\t\t\t\t\t<\/div>\n\t\t\t\t<\/div>\n\t\t\t\t\t<\/div>\n\t\t<\/div>\n\t\t\t\t\t<\/div>\n\t\t<\/section>\n\t\t\t\t<section class=\"elementor-section elementor-top-section elementor-element elementor-element-69e0ec0 elementor-section-boxed elementor-section-height-default elementor-section-height-default\" data-id=\"69e0ec0\" data-element_type=\"section\">\n\t\t\t\t\t\t<div class=\"elementor-container elementor-column-gap-default\">\n\t\t\t\t\t<div class=\"elementor-column elementor-col-33 elementor-top-column elementor-element elementor-element-7827126\" data-id=\"7827126\" data-element_type=\"column\">\n\t\t\t<div class=\"elementor-widget-wrap elementor-element-populated\">\n\t\t\t\t\t\t<div class=\"elementor-element elementor-element-699f62b elementor-view-framed elementor-widget__width-initial elementor-shape-circle elementor-widget elementor-widget-icon\" data-id=\"699f62b\" data-element_type=\"widget\" data-widget_type=\"icon.default\">\n\t\t\t\t<div class=\"elementor-widget-container\">\n\t\t\t\t\t\t\t<div class=\"elementor-icon-wrapper\">\n\t\t\t<div class=\"elementor-icon\">\n\t\t\t<i aria-hidden=\"true\" class=\"fas fa-bullhorn\"><\/i>\t\t\t<\/div>\n\t\t<\/div>\n\t\t\t\t\t\t<\/div>\n\t\t\t\t<\/div>\n\t\t\t\t\t<\/div>\n\t\t<\/div>\n\t\t\t\t<div class=\"elementor-column elementor-col-66 elementor-top-column elementor-element elementor-element-2b0d780\" data-id=\"2b0d780\" data-element_type=\"column\">\n\t\t\t<div class=\"elementor-widget-wrap elementor-element-populated\">\n\t\t\t\t\t\t<div class=\"elementor-element elementor-element-ef54bce elementor-widget elementor-widget-text-editor\" data-id=\"ef54bce\" data-element_type=\"widget\" data-widget_type=\"text-editor.default\">\n\t\t\t\t<div class=\"elementor-widget-container\">\n\t\t\t\t\t\t\t\t\t<p><strong>K\u0130MYA B\u00d6L\u00dcM\u00dc 2025-2026 E\u011e\u0130T\u0130M-\u00d6\u011eRET\u0130M YILI BAHAR YARIYILI HAFTALIK DERS PROGRAMI<\/strong><\/p><p><a href=\"http:\/\/birimler.atauni.edu.tr\/kimya\/wp-content\/uploads\/sites\/130\/2026\/02\/Kimya-Bolumu-2025-2026-Bahar-Donemi-Ders-Programi_31-Ocak-2026-1.pdf\">Kimya B\u00f6l\u00fcm\u00fc 2025-2026 Bahar D\u00f6nemi Ders Program\u0131_31 Ocak 2026<\/a><\/p>\t\t\t\t\t\t\t\t<\/div>\n\t\t\t\t<\/div>\n\t\t\t\t\t<\/div>\n\t\t<\/div>\n\t\t\t\t\t<\/div>\n\t\t<\/section>\n\t\t\t\t<section class=\"elementor-section elementor-top-section elementor-element elementor-element-672bb65 elementor-section-boxed elementor-section-height-default elementor-section-height-default\" data-id=\"672bb65\" data-element_type=\"section\">\n\t\t\t\t\t\t<div class=\"elementor-container elementor-column-gap-default\">\n\t\t\t\t\t<div class=\"elementor-column elementor-col-100 elementor-top-column elementor-element elementor-element-b52bcab\" data-id=\"b52bcab\" data-element_type=\"column\">\n\t\t\t<div class=\"elementor-widget-wrap elementor-element-populated\">\n\t\t\t\t\t\t<section class=\"elementor-section elementor-inner-section elementor-element elementor-element-3e182bd elementor-section-boxed elementor-section-height-default elementor-section-height-default\" data-id=\"3e182bd\" data-element_type=\"section\">\n\t\t\t\t\t\t<div class=\"elementor-container elementor-column-gap-default\">\n\t\t\t\t\t<div class=\"elementor-column elementor-col-50 elementor-inner-column elementor-element elementor-element-d7ae577\" data-id=\"d7ae577\" data-element_type=\"column\">\n\t\t\t<div class=\"elementor-widget-wrap\">\n\t\t\t\t\t\t\t<\/div>\n\t\t<\/div>\n\t\t\t\t<div class=\"elementor-column elementor-col-50 elementor-inner-column elementor-element elementor-element-48fd027\" data-id=\"48fd027\" data-element_type=\"column\">\n\t\t\t<div class=\"elementor-widget-wrap\">\n\t\t\t\t\t\t\t<\/div>\n\t\t<\/div>\n\t\t\t\t\t<\/div>\n\t\t<\/section>\n\t\t\t\t\t<\/div>\n\t\t<\/div>\n\t\t\t\t\t<\/div>\n\t\t<\/section>\n\t\t\t\t<\/div>\n\t\t","protected":false},"excerpt":{"rendered":"<p>37. Ulusal Kimya Kongresi (UKK2026)DetayKimya B\u00f6l\u00fcm\u00fc \u00dcniversite Oryantasyon Program\u0131nda Yeni \u00d6\u011frencilerini Kar\u015f\u0131lad\u0131Click HereProf. Dr. Metin Balc\u0131 B\u00f6l\u00fcm\u00fcm\u00fczde Seminer VerdiDetayDiyabet Pandemisi Ba\u015fl\u0131kl\u0131 Seminer Prof. Dr. \u0130lyas \u00c7apo\u011flu Taraf\u0131ndan Verilmi\u015ftirDetayXXII. Kromatografi Kongresi Kimya B\u00f6l\u00fcm\u00fc Ev Sahipli\u011finde Ger\u00e7ekle\u015ftirildiDetay2025-2026 E\u011fitim \u00d6\u011fretim Y\u0131l\u0131 Kimya B\u00f6l\u00fcm\u00fc Oryantasyon Program\u0131 2025-2026 E\u011fitim \u00d6\u011fretim Y\u0131l\u0131 Kimya B\u00f6l\u00fcm\u00fc Oryantasyon Program\u0131 ve \u00d6nl\u00fck Giydirme T\u00f6reni 10.10.2025 [&hellip;]<\/p>\n","protected":false},"author":116,"featured_media":0,"parent":0,"menu_order":0,"comment_status":"closed","ping_status":"closed","template":"","meta":{"footnotes":""},"class_list":["post-68","page","type-page","status-publish","hentry"],"_links":{"self":[{"href":"https:\/\/atauni.edu.tr\/kimya\/wp-json\/wp\/v2\/pages\/68","targetHints":{"allow":["GET"]}}],"collection":[{"href":"https:\/\/atauni.edu.tr\/kimya\/wp-json\/wp\/v2\/pages"}],"about":[{"href":"https:\/\/atauni.edu.tr\/kimya\/wp-json\/wp\/v2\/types\/page"}],"author":[{"embeddable":true,"href":"https:\/\/atauni.edu.tr\/kimya\/wp-json\/wp\/v2\/users\/116"}],"replies":[{"embeddable":true,"href":"https:\/\/atauni.edu.tr\/kimya\/wp-json\/wp\/v2\/comments?post=68"}],"version-history":[{"count":524,"href":"https:\/\/atauni.edu.tr\/kimya\/wp-json\/wp\/v2\/pages\/68\/revisions"}],"predecessor-version":[{"id":7070,"href":"https:\/\/atauni.edu.tr\/kimya\/wp-json\/wp\/v2\/pages\/68\/revisions\/7070"}],"wp:attachment":[{"href":"https:\/\/atauni.edu.tr\/kimya\/wp-json\/wp\/v2\/media?parent=68"}],"curies":[{"name":"wp","href":"https:\/\/api.w.org\/{rel}","templated":true}]}}