{"id":6489,"date":"2024-12-05T11:24:44","date_gmt":"2024-12-05T08:24:44","guid":{"rendered":"https:\/\/birimler.atauni.edu.tr\/kis-sporlari-enstitusu\/?page_id=6489"},"modified":"2025-02-19T08:45:36","modified_gmt":"2025-02-19T05:45:36","slug":"100-2000-burs-programi","status":"publish","type":"page","link":"https:\/\/atauni.edu.tr\/kis-sporlari-enstitusu\/100-2000-burs-programi\/","title":{"rendered":"S\u00fcrd\u00fcr\u00fclebilir Kalk\u0131nma Hedefleri"},"content":{"rendered":"\t\t<div data-elementor-type=\"wp-page\" data-elementor-id=\"6489\" class=\"elementor elementor-6489\" data-elementor-post-type=\"page\">\n\t\t\t\t\t\t<section class=\"elementor-section elementor-top-section elementor-element elementor-element-45e0415 elementor-section-boxed elementor-section-height-default elementor-section-height-default\" data-id=\"45e0415\" data-element_type=\"section\">\n\t\t\t\t\t\t<div class=\"elementor-container elementor-column-gap-default\">\n\t\t\t\t\t<div class=\"elementor-column elementor-col-100 elementor-top-column elementor-element elementor-element-210128d\" data-id=\"210128d\" data-element_type=\"column\">\n\t\t\t<div class=\"elementor-widget-wrap elementor-element-populated\">\n\t\t\t\t\t\t<div class=\"elementor-element elementor-element-0735fb7 elementor-widget elementor-widget-spacer\" data-id=\"0735fb7\" data-element_type=\"widget\" data-widget_type=\"spacer.default\">\n\t\t\t\t<div class=\"elementor-widget-container\">\n\t\t\t\t\t\t\t<div class=\"elementor-spacer\">\n\t\t\t<div class=\"elementor-spacer-inner\"><\/div>\n\t\t<\/div>\n\t\t\t\t\t\t<\/div>\n\t\t\t\t<\/div>\n\t\t\t\t\t<\/div>\n\t\t<\/div>\n\t\t\t\t\t<\/div>\n\t\t<\/section>\n\t\t\t\t<section class=\"elementor-section elementor-top-section elementor-element elementor-element-f7171ce elementor-section-boxed elementor-section-height-default elementor-section-height-default\" data-id=\"f7171ce\" data-element_type=\"section\">\n\t\t\t\t\t\t<div class=\"elementor-container elementor-column-gap-default\">\n\t\t\t\t\t<div class=\"elementor-column elementor-col-100 elementor-top-column elementor-element elementor-element-a395640\" data-id=\"a395640\" data-element_type=\"column\">\n\t\t\t<div class=\"elementor-widget-wrap elementor-element-populated\">\n\t\t\t\t\t\t<div class=\"elementor-element elementor-element-e3b92b6 elementor-widget elementor-widget-heading\" data-id=\"e3b92b6\" data-element_type=\"widget\" data-widget_type=\"heading.default\">\n\t\t\t\t<div class=\"elementor-widget-container\">\n\t\t\t\t\t<h2 class=\"elementor-heading-title elementor-size-default\">S\u00fcrd\u00fcr\u00fclebilir Kalk\u0131nma Hedefleri<\/h2>\t\t\t\t<\/div>\n\t\t\t\t<\/div>\n\t\t\t\t<div class=\"elementor-element elementor-element-0ea0a89 elementor-widget-divider--view-line elementor-widget elementor-widget-divider\" data-id=\"0ea0a89\" data-element_type=\"widget\" data-widget_type=\"divider.default\">\n\t\t\t\t<div class=\"elementor-widget-container\">\n\t\t\t\t\t\t\t<div class=\"elementor-divider\">\n\t\t\t<span class=\"elementor-divider-separator\">\n\t\t\t\t\t\t<\/span>\n\t\t<\/div>\n\t\t\t\t\t\t<\/div>\n\t\t\t\t<\/div>\n\t\t\t\t\t<\/div>\n\t\t<\/div>\n\t\t\t\t\t<\/div>\n\t\t<\/section>\n\t\t\t\t<section class=\"elementor-section elementor-top-section elementor-element elementor-element-ec0d038 elementor-section-boxed elementor-section-height-default elementor-section-height-default\" data-id=\"ec0d038\" data-element_type=\"section\">\n\t\t\t\t\t\t<div class=\"elementor-container elementor-column-gap-default\">\n\t\t\t\t\t<div class=\"elementor-column elementor-col-100 elementor-top-column elementor-element elementor-element-c798d65\" data-id=\"c798d65\" data-element_type=\"column\">\n\t\t\t<div class=\"elementor-widget-wrap elementor-element-populated\">\n\t\t\t\t\t\t<div class=\"elementor-element elementor-element-8c6b961 elementor-widget elementor-widget-text-editor\" data-id=\"8c6b961\" data-element_type=\"widget\" data-widget_type=\"text-editor.default\">\n\t\t\t\t<div class=\"elementor-widget-container\">\n\t\t\t\t\t\t\t\t\t<p>Birle\u015fmi\u015f Milletlerin (BM) 25 Eyl\u00fcl 2015 tarihinde New York\u2019ta d\u00fczenlenen S\u00fcrd\u00fcr\u00fclebilir Kalk\u0131nma Zirvesi\u2019nde bir araya gelen \u00fclke liderleri 2030 y\u0131l\u0131na kadar d\u00fcnyada yoksullu\u011fun t\u00fcm boyutlar\u0131yla ortadan kald\u0131r\u0131lmas\u0131 ve insanl\u0131\u011f\u0131n ortak refah\u0131n\u0131n sa\u011flanmas\u0131 i\u00e7in 17 ama\u00e7 ve 169 hedeften olu\u015fan S\u00fcrd\u00fcr\u00fclebilir Kalk\u0131nma Ama\u00e7lar\u0131n\u0131 kabul etmi\u015flerdir.<\/p><p>Deklare edilen S\u00fcrd\u00fcr\u00fclebilir Kalk\u0131nma Ama\u00e7lar\u0131 yoksullu\u011fun son erdirilmesi, \u00e7evrenin korunmas\u0131, iklim krizine kar\u015f\u0131 \u00f6nlem al\u0131nmas\u0131, refah\u0131n adil payla\u015f\u0131m\u0131 ve bar\u0131\u015f\u0131n sa\u011flanmas\u0131 i\u00e7in k\u00fcresel bir eylem \u00e7a\u011fr\u0131s\u0131d\u0131r. Hedef insanl\u0131k ve gelecek nesiller i\u00e7in daha g\u00fczel ve ya\u015fanabilir bir d\u00fcnya sunmakt\u0131r.<\/p><p>\u00dclkelerin kalk\u0131nmas\u0131nda ve refah d\u00fczeyinin art\u0131r\u0131lmas\u0131nda kritik g\u00f6revler \u00fcstlenen y\u00fcksek\u00f6\u011fretim kurumlar\u0131, s\u00fcrd\u00fcr\u00fclebilir kalk\u0131nma hedeflerine ula\u015fmak i\u00e7in katk\u0131 sa\u011flayan payda\u015flardan birisi olarak ta \u00f6nemli role sahiptir. Di\u011fer taraftan, b\u00fcy\u00fck boyutlar\u0131 ve n\u00fcfuslar\u0131 ile adeta k\u00fc\u00e7\u00fck bir \u015fehir gibi olan \u00fcniversitelerin, kendi faaliyetlerini ger\u00e7ekle\u015ftirirken \u00e7evresel, sosyal ve ekonomik a\u00e7\u0131dan ortaya \u00e7\u0131kan olumsuz etkileri en aza indirmek i\u00e7in \u00e7al\u0131\u015fan, payda\u015flar\u0131na ya\u015fanabilir bir ye\u015fil kamp\u00fcs sunan ve topluma s\u00fcrd\u00fcr\u00fclebilirlik konusunda \u00f6nc\u00fcl\u00fck eden s\u00fcrd\u00fcr\u00fclebilir bir \u00fcniversite olmay\u0131 ilke edinmeleri \u00f6nemlidir.<\/p><p>S\u00fcrd\u00fcr\u00fclebilir Kalk\u0131nma Ama\u00e7lar\u0131 hakk\u0131nda detayl\u0131 bilgi almak i\u00e7in <a style=\"color: #a81e01;\" href=\"https:\/\/avesis.atauni.edu.tr\/surdurulebilirlik\">t\u0131klay\u0131n\u0131z&#8230;<\/a><\/p>\t\t\t\t\t\t\t\t<\/div>\n\t\t\t\t<\/div>\n\t\t\t\t\t<\/div>\n\t\t<\/div>\n\t\t\t\t\t<\/div>\n\t\t<\/section>\n\t\t\t\t<section class=\"elementor-section elementor-top-section elementor-element elementor-element-52e4fa1 elementor-section-boxed elementor-section-height-default elementor-section-height-default\" data-id=\"52e4fa1\" data-element_type=\"section\">\n\t\t\t\t\t\t<div class=\"elementor-container elementor-column-gap-default\">\n\t\t\t\t\t<div class=\"elementor-column elementor-col-100 elementor-top-column elementor-element elementor-element-49b20a3\" data-id=\"49b20a3\" data-element_type=\"column\">\n\t\t\t<div class=\"elementor-widget-wrap elementor-element-populated\">\n\t\t\t\t\t\t<div class=\"elementor-element elementor-element-fe52792 elementor-widget elementor-widget-spacer\" data-id=\"fe52792\" data-element_type=\"widget\" data-widget_type=\"spacer.default\">\n\t\t\t\t<div class=\"elementor-widget-container\">\n\t\t\t\t\t\t\t<div class=\"elementor-spacer\">\n\t\t\t<div class=\"elementor-spacer-inner\"><\/div>\n\t\t<\/div>\n\t\t\t\t\t\t<\/div>\n\t\t\t\t<\/div>\n\t\t\t\t\t<\/div>\n\t\t<\/div>\n\t\t\t\t\t<\/div>\n\t\t<\/section>\n\t\t\t\t<\/div>\n\t\t","protected":false},"excerpt":{"rendered":"<p>S\u00fcrd\u00fcr\u00fclebilir Kalk\u0131nma Hedefleri Birle\u015fmi\u015f Milletlerin (BM) 25 Eyl\u00fcl 2015 tarihinde New York\u2019ta d\u00fczenlenen S\u00fcrd\u00fcr\u00fclebilir Kalk\u0131nma Zirvesi\u2019nde bir araya gelen \u00fclke liderleri 2030 y\u0131l\u0131na kadar d\u00fcnyada yoksullu\u011fun t\u00fcm boyutlar\u0131yla ortadan kald\u0131r\u0131lmas\u0131 ve insanl\u0131\u011f\u0131n ortak refah\u0131n\u0131n sa\u011flanmas\u0131 i\u00e7in 17 ama\u00e7 ve 169 hedeften olu\u015fan S\u00fcrd\u00fcr\u00fclebilir Kalk\u0131nma Ama\u00e7lar\u0131n\u0131 kabul etmi\u015flerdir. Deklare edilen S\u00fcrd\u00fcr\u00fclebilir Kalk\u0131nma Ama\u00e7lar\u0131 yoksullu\u011fun son erdirilmesi, [&hellip;]<\/p>\n","protected":false},"author":632,"featured_media":0,"parent":0,"menu_order":0,"comment_status":"closed","ping_status":"closed","template":"elementor_header_footer","meta":{"footnotes":""},"class_list":["post-6489","page","type-page","status-publish","hentry"],"_links":{"self":[{"href":"https:\/\/atauni.edu.tr\/kis-sporlari-enstitusu\/wp-json\/wp\/v2\/pages\/6489","targetHints":{"allow":["GET"]}}],"collection":[{"href":"https:\/\/atauni.edu.tr\/kis-sporlari-enstitusu\/wp-json\/wp\/v2\/pages"}],"about":[{"href":"https:\/\/atauni.edu.tr\/kis-sporlari-enstitusu\/wp-json\/wp\/v2\/types\/page"}],"author":[{"embeddable":true,"href":"https:\/\/atauni.edu.tr\/kis-sporlari-enstitusu\/wp-json\/wp\/v2\/users\/632"}],"replies":[{"embeddable":true,"href":"https:\/\/atauni.edu.tr\/kis-sporlari-enstitusu\/wp-json\/wp\/v2\/comments?post=6489"}],"version-history":[{"count":23,"href":"https:\/\/atauni.edu.tr\/kis-sporlari-enstitusu\/wp-json\/wp\/v2\/pages\/6489\/revisions"}],"predecessor-version":[{"id":8215,"href":"https:\/\/atauni.edu.tr\/kis-sporlari-enstitusu\/wp-json\/wp\/v2\/pages\/6489\/revisions\/8215"}],"wp:attachment":[{"href":"https:\/\/atauni.edu.tr\/kis-sporlari-enstitusu\/wp-json\/wp\/v2\/media?parent=6489"}],"curies":[{"name":"wp","href":"https:\/\/api.w.org\/{rel}","templated":true}]}}