{"id":6721,"date":"2024-12-17T14:20:06","date_gmt":"2024-12-17T11:20:06","guid":{"rendered":"https:\/\/birimler.atauni.edu.tr\/kis-sporlari-enstitusu\/?page_id=6721"},"modified":"2025-08-27T14:05:39","modified_gmt":"2025-08-27T11:05:39","slug":"enstitu-kurulu","status":"publish","type":"page","link":"https:\/\/atauni.edu.tr\/kis-sporlari-enstitusu\/enstitu-kurulu\/","title":{"rendered":"Enstit\u00fc Kurulu"},"content":{"rendered":"\t\t<div data-elementor-type=\"wp-page\" data-elementor-id=\"6721\" class=\"elementor elementor-6721\" data-elementor-post-type=\"page\">\n\t\t\t\t\t\t<section class=\"elementor-section elementor-top-section elementor-element elementor-element-98f8209 elementor-section-boxed elementor-section-height-default elementor-section-height-default\" data-id=\"98f8209\" data-element_type=\"section\">\n\t\t\t\t\t\t<div class=\"elementor-container elementor-column-gap-default\">\n\t\t\t\t\t<div class=\"elementor-column elementor-col-100 elementor-top-column elementor-element elementor-element-83a9bfc\" data-id=\"83a9bfc\" data-element_type=\"column\">\n\t\t\t<div class=\"elementor-widget-wrap elementor-element-populated\">\n\t\t\t\t\t\t<div class=\"elementor-element elementor-element-a46625f elementor-widget elementor-widget-spacer\" data-id=\"a46625f\" data-element_type=\"widget\" data-widget_type=\"spacer.default\">\n\t\t\t\t<div class=\"elementor-widget-container\">\n\t\t\t\t\t\t\t<div class=\"elementor-spacer\">\n\t\t\t<div class=\"elementor-spacer-inner\"><\/div>\n\t\t<\/div>\n\t\t\t\t\t\t<\/div>\n\t\t\t\t<\/div>\n\t\t\t\t\t<\/div>\n\t\t<\/div>\n\t\t\t\t\t<\/div>\n\t\t<\/section>\n\t\t\t\t<section class=\"elementor-section elementor-top-section elementor-element elementor-element-81a8dd0 elementor-section-boxed elementor-section-height-default elementor-section-height-default\" data-id=\"81a8dd0\" data-element_type=\"section\">\n\t\t\t\t\t\t<div class=\"elementor-container elementor-column-gap-default\">\n\t\t\t\t\t<div class=\"elementor-column elementor-col-100 elementor-top-column elementor-element elementor-element-ad82924\" data-id=\"ad82924\" data-element_type=\"column\">\n\t\t\t<div class=\"elementor-widget-wrap elementor-element-populated\">\n\t\t\t\t\t\t<div class=\"elementor-element elementor-element-e3f2a99 elementor-widget elementor-widget-heading\" data-id=\"e3f2a99\" data-element_type=\"widget\" data-widget_type=\"heading.default\">\n\t\t\t\t<div class=\"elementor-widget-container\">\n\t\t\t\t\t<h2 class=\"elementor-heading-title elementor-size-default\">Enstit\u00fc Kurulu<\/h2>\t\t\t\t<\/div>\n\t\t\t\t<\/div>\n\t\t\t\t<div class=\"elementor-element elementor-element-3697def elementor-widget-divider--view-line elementor-widget elementor-widget-divider\" data-id=\"3697def\" data-element_type=\"widget\" data-widget_type=\"divider.default\">\n\t\t\t\t<div class=\"elementor-widget-container\">\n\t\t\t\t\t\t\t<div class=\"elementor-divider\">\n\t\t\t<span class=\"elementor-divider-separator\">\n\t\t\t\t\t\t<\/span>\n\t\t<\/div>\n\t\t\t\t\t\t<\/div>\n\t\t\t\t<\/div>\n\t\t\t\t\t<\/div>\n\t\t<\/div>\n\t\t\t\t\t<\/div>\n\t\t<\/section>\n\t\t\t\t<section class=\"elementor-section elementor-top-section elementor-element elementor-element-4ffd790 elementor-section-boxed elementor-section-height-default elementor-section-height-default\" data-id=\"4ffd790\" data-element_type=\"section\">\n\t\t\t\t\t\t<div class=\"elementor-container elementor-column-gap-default\">\n\t\t\t\t\t<div class=\"elementor-column elementor-col-100 elementor-top-column elementor-element elementor-element-67ff27f\" data-id=\"67ff27f\" data-element_type=\"column\">\n\t\t\t<div class=\"elementor-widget-wrap elementor-element-populated\">\n\t\t\t\t\t\t<div class=\"elementor-element elementor-element-e94f20a elementor-widget elementor-widget-text-editor\" data-id=\"e94f20a\" data-element_type=\"widget\" data-widget_type=\"text-editor.default\">\n\t\t\t\t<div class=\"elementor-widget-container\">\n\t\t\t\t\t\t\t\t\t<p><strong>Prof. Dr. Erdin\u00e7 \u015eIKTAR<\/strong>\u00a0&#8211; Enstit\u00fc M\u00fcd\u00fcr\u00fc<\/p><p><strong>Do\u00e7. Dr. Yunus Sinan B\u0130R\u0130C\u0130K<\/strong><span style=\"font-weight: var( --e-global-typography-text-font-weight )\"> &#8211; Enstit\u00fc M\u00fcd\u00fcr Yard\u0131mc\u0131s\u0131<\/span><\/p><p><strong>Do\u00e7. Dr. Fatih BED\u0130R<\/strong><span style=\"font-weight: var( --e-global-typography-text-font-weight )\"> &#8211; Enstit\u00fc M\u00fcd\u00fcr Yard\u0131mc\u0131s\u0131<\/span><\/p><p><span style=\"font-weight: var( --e-global-typography-text-font-weight )\"><strong>Prof. Dr. Emre BELL\u0130<\/strong> &#8211; Spor Y\u00f6netimi\u00a0 Ana Bilim Dal\u0131 Ba\u015fkan\u0131<\/span><\/p><p><strong>Do\u00e7. Dr. Fatih BED\u0130R<\/strong><span style=\"font-weight: var( --e-global-typography-text-font-weight )\"> &#8211; Beden E\u011fitimi ve Spor Ana Bilim Dal\u0131 Ba\u015fkan\u0131<\/span><\/p><p><strong>Do\u00e7. Dr. Ahmet \u015e\u0130R\u0130NKAN <\/strong>&#8211; Rekreasyon Ana Bilim Dal\u0131 Ba\u015fkan\u0131<\/p><p><strong>Do\u00e7. Dr. Hasan H\u00fcseyin YILMAZ<\/strong><span style=\"font-weight: var( --e-global-typography-text-font-weight )\"> &#8211; Spor Sa\u011fl\u0131k Ana Bilim Dal\u0131 Ba\u015fkan\u0131<\/span><\/p>\t\t\t\t\t\t\t\t<\/div>\n\t\t\t\t<\/div>\n\t\t\t\t\t<\/div>\n\t\t<\/div>\n\t\t\t\t\t<\/div>\n\t\t<\/section>\n\t\t\t\t<section class=\"elementor-section elementor-top-section elementor-element elementor-element-3afe97f elementor-section-boxed elementor-section-height-default elementor-section-height-default\" data-id=\"3afe97f\" data-element_type=\"section\">\n\t\t\t\t\t\t<div class=\"elementor-container elementor-column-gap-default\">\n\t\t\t\t\t<div class=\"elementor-column elementor-col-100 elementor-top-column elementor-element elementor-element-8450bec\" data-id=\"8450bec\" data-element_type=\"column\">\n\t\t\t<div class=\"elementor-widget-wrap elementor-element-populated\">\n\t\t\t\t\t\t<div class=\"elementor-element elementor-element-1a043d5 elementor-widget elementor-widget-spacer\" data-id=\"1a043d5\" data-element_type=\"widget\" data-widget_type=\"spacer.default\">\n\t\t\t\t<div class=\"elementor-widget-container\">\n\t\t\t\t\t\t\t<div class=\"elementor-spacer\">\n\t\t\t<div class=\"elementor-spacer-inner\"><\/div>\n\t\t<\/div>\n\t\t\t\t\t\t<\/div>\n\t\t\t\t<\/div>\n\t\t\t\t\t<\/div>\n\t\t<\/div>\n\t\t\t\t\t<\/div>\n\t\t<\/section>\n\t\t\t\t<\/div>\n\t\t","protected":false},"excerpt":{"rendered":"<p>Enstit\u00fc Kurulu Prof. Dr. Erdin\u00e7 \u015eIKTAR\u00a0&#8211; Enstit\u00fc M\u00fcd\u00fcr\u00fc Do\u00e7. Dr. Yunus Sinan B\u0130R\u0130C\u0130K &#8211; Enstit\u00fc M\u00fcd\u00fcr Yard\u0131mc\u0131s\u0131 Do\u00e7. Dr. Fatih BED\u0130R &#8211; Enstit\u00fc M\u00fcd\u00fcr Yard\u0131mc\u0131s\u0131 Prof. Dr. Emre BELL\u0130 &#8211; Spor Y\u00f6netimi\u00a0 Ana Bilim Dal\u0131 Ba\u015fkan\u0131 Do\u00e7. Dr. Fatih BED\u0130R &#8211; Beden E\u011fitimi ve Spor Ana Bilim Dal\u0131 Ba\u015fkan\u0131 Do\u00e7. Dr. Ahmet \u015e\u0130R\u0130NKAN &#8211; Rekreasyon [&hellip;]<\/p>\n","protected":false},"author":632,"featured_media":0,"parent":0,"menu_order":0,"comment_status":"closed","ping_status":"closed","template":"elementor_header_footer","meta":{"footnotes":""},"class_list":["post-6721","page","type-page","status-publish","hentry"],"_links":{"self":[{"href":"https:\/\/atauni.edu.tr\/kis-sporlari-enstitusu\/wp-json\/wp\/v2\/pages\/6721","targetHints":{"allow":["GET"]}}],"collection":[{"href":"https:\/\/atauni.edu.tr\/kis-sporlari-enstitusu\/wp-json\/wp\/v2\/pages"}],"about":[{"href":"https:\/\/atauni.edu.tr\/kis-sporlari-enstitusu\/wp-json\/wp\/v2\/types\/page"}],"author":[{"embeddable":true,"href":"https:\/\/atauni.edu.tr\/kis-sporlari-enstitusu\/wp-json\/wp\/v2\/users\/632"}],"replies":[{"embeddable":true,"href":"https:\/\/atauni.edu.tr\/kis-sporlari-enstitusu\/wp-json\/wp\/v2\/comments?post=6721"}],"version-history":[{"count":37,"href":"https:\/\/atauni.edu.tr\/kis-sporlari-enstitusu\/wp-json\/wp\/v2\/pages\/6721\/revisions"}],"predecessor-version":[{"id":9302,"href":"https:\/\/atauni.edu.tr\/kis-sporlari-enstitusu\/wp-json\/wp\/v2\/pages\/6721\/revisions\/9302"}],"wp:attachment":[{"href":"https:\/\/atauni.edu.tr\/kis-sporlari-enstitusu\/wp-json\/wp\/v2\/media?parent=6721"}],"curies":[{"name":"wp","href":"https:\/\/api.w.org\/{rel}","templated":true}]}}