{"id":5734,"date":"2021-07-13T11:37:45","date_gmt":"2021-07-13T08:37:45","guid":{"rendered":"https:\/\/portaltest.atauni.edu.tr\/bilgisayar-muhendisligi\/?page_id=5734"},"modified":"2021-08-27T15:50:14","modified_gmt":"2021-08-27T12:50:14","slug":"ogrenci-deneyimi","status":"publish","type":"page","link":"https:\/\/atauni.edu.tr\/klinik-bilimler-bolumu\/ogrenci-deneyimi\/","title":{"rendered":"\u00d6\u011frenci Deneyimi"},"content":{"rendered":"\t\t<div data-elementor-type=\"wp-page\" data-elementor-id=\"5734\" class=\"elementor elementor-5734\" data-elementor-post-type=\"page\">\n\t\t\t\t\t\t<section class=\"elementor-section elementor-top-section elementor-element elementor-element-730d320 elementor-section-boxed elementor-section-height-default elementor-section-height-default\" data-id=\"730d320\" data-element_type=\"section\">\n\t\t\t\t\t\t<div class=\"elementor-container elementor-column-gap-default\">\n\t\t\t\t\t<div class=\"elementor-column elementor-col-100 elementor-top-column elementor-element elementor-element-753d0860\" data-id=\"753d0860\" data-element_type=\"column\">\n\t\t\t<div class=\"elementor-widget-wrap\">\n\t\t\t\t\t\t\t<\/div>\n\t\t<\/div>\n\t\t\t\t\t<\/div>\n\t\t<\/section>\n\t\t\t\t<section class=\"elementor-section elementor-top-section elementor-element elementor-element-9be811a elementor-section-boxed elementor-section-height-default elementor-section-height-default\" data-id=\"9be811a\" data-element_type=\"section\">\n\t\t\t\t\t\t<div class=\"elementor-container elementor-column-gap-default\">\n\t\t\t\t\t<div class=\"elementor-column elementor-col-100 elementor-top-column elementor-element elementor-element-1ed847b7\" data-id=\"1ed847b7\" data-element_type=\"column\">\n\t\t\t<div class=\"elementor-widget-wrap elementor-element-populated\">\n\t\t\t\t\t\t<div class=\"elementor-element elementor-element-4ce0d07f elementor-widget elementor-widget-heading\" data-id=\"4ce0d07f\" data-element_type=\"widget\" data-widget_type=\"heading.default\">\n\t\t\t\t<div class=\"elementor-widget-container\">\n\t\t\t\t\t<h2 class=\"elementor-heading-title elementor-size-default\">\u00d6\u011frenci Deneyimi<\/h2>\t\t\t\t<\/div>\n\t\t\t\t<\/div>\n\t\t\t\t<div class=\"elementor-element elementor-element-63260862 elementor-widget-divider--view-line elementor-widget elementor-widget-divider\" data-id=\"63260862\" data-element_type=\"widget\" data-widget_type=\"divider.default\">\n\t\t\t\t<div class=\"elementor-widget-container\">\n\t\t\t\t\t\t\t<div class=\"elementor-divider\">\n\t\t\t<span class=\"elementor-divider-separator\">\n\t\t\t\t\t\t<\/span>\n\t\t<\/div>\n\t\t\t\t\t\t<\/div>\n\t\t\t\t<\/div>\n\t\t\t\t\t<\/div>\n\t\t<\/div>\n\t\t\t\t\t<\/div>\n\t\t<\/section>\n\t\t\t\t<section class=\"elementor-section elementor-top-section elementor-element elementor-element-4debb41 elementor-section-boxed elementor-section-height-default elementor-section-height-default\" data-id=\"4debb41\" data-element_type=\"section\">\n\t\t\t\t\t\t<div class=\"elementor-container elementor-column-gap-default\">\n\t\t\t\t\t<div class=\"elementor-column elementor-col-100 elementor-top-column elementor-element elementor-element-28420b1\" data-id=\"28420b1\" data-element_type=\"column\">\n\t\t\t<div class=\"elementor-widget-wrap elementor-element-populated\">\n\t\t\t\t\t\t<div class=\"elementor-element elementor-element-e007b90 elementor-widget elementor-widget-ova_testimonial\" data-id=\"e007b90\" data-element_type=\"widget\" data-settings=\"{&quot;pause_on_hover&quot;:&quot;yes&quot;,&quot;infinite&quot;:&quot;yes&quot;,&quot;autoplay&quot;:&quot;yes&quot;,&quot;autoplay_speed&quot;:3000,&quot;dot_control&quot;:&quot;yes&quot;}\" data-widget_type=\"ova_testimonial.default\">\n\t\t\t\t<div class=\"elementor-widget-container\">\n\t\t\t\t\t\n\t\t\n\t\t\t<section class=\"ova-testimonial \">\n\t\t\t\t<div class=\"slide-testimonials owl-carousel owl-theme\" data-options=\"{&quot;items&quot;:3,&quot;slideBy&quot;:1,&quot;margin&quot;:30,&quot;autoplayHoverPause&quot;:true,&quot;loop&quot;:true,&quot;autoplay&quot;:true,&quot;autoplayTimeout&quot;:3000,&quot;smartSpeed&quot;:500,&quot;dots&quot;:true}\">\n\t\t\t\t\t\t\t\t\t\t\t<div class=\"item\">\n\t\t\t\t\t\t\t<div class=\"client_info\">\n\t\t\t\t\t\t\t\t\t\t\t\t\t\t\t\t\t<p class=\"evaluate\">Atat\u00fcrk \u00dcniversitesi Klinik Bilimler B\u00f6l\u00fcm\u00fc, \u00f6\u011frencilerin themselves geli\u015ftirmeleri i\u00e7in ideal bir ortam sunar. \u00d6\u011frenci deneyimi, b\u00f6l\u00fcm\u00fcn temel \u00f6nceliklerinden biridir. B\u00f6l\u00fcmdeki akademik ve idari personel, \u00f6\u011frencilere rehberlik eder ve destek olur.\n\n\u00d6\u011frenciler, teorik bilgileri pratik uygulamalarla peki\u015ftirirler. Klinik ortamlarda ger\u00e7ek hastalara bakarak deneyim kazan\u0131rlar. Bu sayede, mezun olduklar\u0131nda sa\u011fl\u0131k sekt\u00f6r\u00fcne haz\u0131r bir \u015fekilde kat\u0131lm\u0131\u015f olurlar.\n\nB\u00f6l\u00fcm, \u00f6\u011frencilere sundu\u011fu olanaklar ile onlar\u0131n kendilerini geli\u015ftirmelerine imk\u00e2n tan\u0131r. \u00d6\u011frenciler, b\u00f6l\u00fcm\u00fcn d\u00fczenledi\u011fi sosyal ve k\u00fclt\u00fcrel etkinliklere kat\u0131l\u0131rlar. Bu faaliyetler, \u00f6\u011frencilerin birbirleriyle ve akademik personele olan ba\u011flar\u0131n\u0131 g\u00fc\u00e7lendirir.\n\nAyr\u0131ca, b\u00f6l\u00fcmdeki \u00f6\u011frenci kul\u00fcpleri ve topluluklar\u0131, \u00f6\u011frencilere yeni ilgi alanlar\u0131 ke\u015ffetme f\u0131rsat\u0131 sunar. \u00d6\u011frenciler, bu kul\u00fcpler arac\u0131l\u0131\u011f\u0131yla topluma hizmet g\u00f6t\u00fcr\u00fcrken ayn\u0131 zamanda kendilerini geli\u015ftirirler.\n\nAtat\u00fcrk \u00dcniversitesi Klinik Bilimler B\u00f6l\u00fcm\u00fc, \u00f6\u011frencilerine sadece akademik de\u011fil, ayn\u0131 zamanda ki\u015fisel geli\u015fim olanaklar\u0131 da sunar. Bu \u015fekilde, b\u00f6l\u00fcm\u00fcn mezunlar\u0131, sa\u011fl\u0131k sekt\u00f6r\u00fcne sadece bilgili ve yetenekli individuals olarak de\u011fil, ayn\u0131 zamanda toplumun sayg\u0131n \u00fcyeleri olarak kat\u0131l\u0131rlar.<\/p>\n\t\t\t\t\t\t\t\t\n\t\t\t\t\t\t\t\t<div class=\"info\">\n\t\t\t\t\t\t\t\t\t\t\t\t\t\t\t\t\t\t<div class=\"name-job\">\n\t\t\t\t\t\t\t\t\t\t\t\t\t\t\t\t\t\t\t\t\t<p class=\"name second_font\">Atat\u00fcrk \u00dcniversitesi Klinik Bilimler B\u00f6l\u00fcm\u00fc, \u00f6\u011frencilerin themselves geli\u015ftirmeleri i\u00e7in ideal bir ortam sunar. \u00d6\u011frenci deneyimi, b\u00f6l\u00fcm\u00fcn temel \u00f6nceliklerinden biridir. B\u00f6l\u00fcmdeki akademik ve idari personel, \u00f6\u011frencilere rehberlik eder ve destek olur.\n\n\u00d6\u011frenciler, teorik bilgileri pratik uygulamalarla peki\u015ftirirler. Klinik ortamlarda ger\u00e7ek hastalara bakarak deneyim kazan\u0131rlar. Bu sayede, mezun olduklar\u0131nda sa\u011fl\u0131k sekt\u00f6r\u00fcne haz\u0131r bir \u015fekilde kat\u0131lm\u0131\u015f olurlar.\n\nB\u00f6l\u00fcm, \u00f6\u011frencilere sundu\u011fu olanaklar ile onlar\u0131n kendilerini geli\u015ftirmelerine imk\u00e2n tan\u0131r. \u00d6\u011frenciler, b\u00f6l\u00fcm\u00fcn d\u00fczenledi\u011fi sosyal ve k\u00fclt\u00fcrel etkinliklere kat\u0131l\u0131rlar. Bu faaliyetler, \u00f6\u011frencilerin birbirleriyle ve akademik personele olan ba\u011flar\u0131n\u0131 g\u00fc\u00e7lendirir.\n\nAyr\u0131ca, b\u00f6l\u00fcmdeki \u00f6\u011frenci kul\u00fcpleri ve topluluklar\u0131, \u00f6\u011frencilere yeni ilgi alanlar\u0131 ke\u015ffetme f\u0131rsat\u0131 sunar. \u00d6\u011frenciler, bu kul\u00fcpler arac\u0131l\u0131\u011f\u0131yla topluma hizmet g\u00f6t\u00fcr\u00fcrken ayn\u0131 zamanda kendilerini geli\u015ftirirler.\n\nAtat\u00fcrk \u00dcniversitesi Klinik Bilimler B\u00f6l\u00fcm\u00fc, \u00f6\u011frencilerine sadece akademik de\u011fil, ayn\u0131 zamanda ki\u015fisel geli\u015fim olanaklar\u0131 da sunar. Bu \u015fekilde, b\u00f6l\u00fcm\u00fcn mezunlar\u0131, sa\u011fl\u0131k sekt\u00f6r\u00fcne sadece bilgili ve yetenekli individuals olarak de\u011fil, ayn\u0131 zamanda toplumun sayg\u0131n \u00fcyeleri olarak kat\u0131l\u0131rlar.<\/p>\n\t\t\t\t\t\t\t\t\t\t\t\t\t\t\t\t\t\t\t\t\t\t\t\t\t\t\t\t\t\t\t<p class=\"job\">Atat\u00fcrk \u00dcniversitesi Klinik Bilimler B\u00f6l\u00fcm\u00fc, \u00f6\u011frencilerin themselves geli\u015ftirmeleri i\u00e7in ideal bir ortam sunar. \u00d6\u011frenci deneyimi, b\u00f6l\u00fcm\u00fcn temel \u00f6nceliklerinden biridir. B\u00f6l\u00fcmdeki akademik ve idari personel, \u00f6\u011frencilere rehberlik eder ve destek olur.\n\n\u00d6\u011frenciler, teorik bilgileri pratik uygulamalarla peki\u015ftirirler. Klinik ortamlarda ger\u00e7ek hastalara bakarak deneyim kazan\u0131rlar. Bu sayede, mezun olduklar\u0131nda sa\u011fl\u0131k sekt\u00f6r\u00fcne haz\u0131r bir \u015fekilde kat\u0131lm\u0131\u015f olurlar.\n\nB\u00f6l\u00fcm, \u00f6\u011frencilere sundu\u011fu olanaklar ile onlar\u0131n kendilerini geli\u015ftirmelerine imk\u00e2n tan\u0131r. \u00d6\u011frenciler, b\u00f6l\u00fcm\u00fcn d\u00fczenledi\u011fi sosyal ve k\u00fclt\u00fcrel etkinliklere kat\u0131l\u0131rlar. Bu faaliyetler, \u00f6\u011frencilerin birbirleriyle ve akademik personele olan ba\u011flar\u0131n\u0131 g\u00fc\u00e7lendirir.\n\nAyr\u0131ca, b\u00f6l\u00fcmdeki \u00f6\u011frenci kul\u00fcpleri ve topluluklar\u0131, \u00f6\u011frencilere yeni ilgi alanlar\u0131 ke\u015ffetme f\u0131rsat\u0131 sunar. \u00d6\u011frenciler, bu kul\u00fcpler arac\u0131l\u0131\u011f\u0131yla topluma hizmet g\u00f6t\u00fcr\u00fcrken ayn\u0131 zamanda kendilerini geli\u015ftirirler.\n\nAtat\u00fcrk \u00dcniversitesi Klinik Bilimler B\u00f6l\u00fcm\u00fc, \u00f6\u011frencilerine sadece akademik de\u011fil, ayn\u0131 zamanda ki\u015fisel geli\u015fim olanaklar\u0131 da sunar. Bu \u015fekilde, b\u00f6l\u00fcm\u00fcn mezunlar\u0131, sa\u011fl\u0131k sekt\u00f6r\u00fcne sadece bilgili ve yetenekli individuals olarak de\u011fil, ayn\u0131 zamanda toplumun sayg\u0131n \u00fcyeleri olarak kat\u0131l\u0131rlar.<\/p>\n\t\t\t\t\t\t\t\t\t\t\t\t\t\t\t\t\t\t\t<\/div>\n\t\t\t\t\t\t\t\t<\/div>\n\t\t\t\t\t\t\t\t\n\t\t\t\t\t\t\t\t\t\t\t\t\t\t\t\t\t<div class=\"icon-quote\">\n\t\t\t\t\t\t\t\t\t\t<span class=\"flaticon-left-quote-1\"><\/span>\n\t\t\t\t\t\t\t\t\t<\/div>\n\t\t\t\t\t\t\t\t\t\t\t\t\t\t\t<\/div>\n\t\t\t\t\t\t<\/div>\n\t\t\t\t\t\t\t\t\t<\/div>\n\t\t\t<\/section>\n\n\t\t\t\t\n\t\t\t\t\t\t<\/div>\n\t\t\t\t<\/div>\n\t\t\t\t\t<\/div>\n\t\t<\/div>\n\t\t\t\t\t<\/div>\n\t\t<\/section>\n\t\t\t\t<\/div>\n\t\t","protected":false},"excerpt":{"rendered":"<p>Klinik Bilimler B\u00f6l\u00fcm\u00fcm\u00fczde \u00f6\u011frencilerimiz, ger\u00e7ek bir hastane ortam\u0131nda e\u011fitim g\u00f6rme f\u0131rsat\u0131na sahip olurlar. \u00d6\u011frenci deneyimi, bizim i\u00e7in \u00e7ok \u00f6nemlidir ve bu nedenle \u00f6\u011frencilerimizi desteklemek ve onlar\u0131n e\u011fitimlerini zenginle\u015ftirmek i\u00e7in \u00e7e\u015fitli aktiviteler d\u00fczenleriz. \u00d6\u011frencilerimiz, akademik y\u0131l boyunca bir\u00e7ok farkl\u0131 klini\u011fe ziyaret ger\u00e7ekle\u015ftirir ve burada ger\u00e7ek hastalarla \u00e7al\u0131\u015fma f\u0131rsat\u0131 bulurlar. Bu deneyimler, \u00f6\u011frencilerimizin teorik bilgileri prati\u011fe d\u00f6n\u00fc\u015ft\u00fcrmelerine [&hellip;]<\/p>\n","protected":false},"author":1,"featured_media":0,"parent":0,"menu_order":0,"comment_status":"closed","ping_status":"closed","template":"elementor_header_footer","meta":{"footnotes":""},"class_list":["post-5734","page","type-page","status-publish","hentry"],"_links":{"self":[{"href":"https:\/\/atauni.edu.tr\/klinik-bilimler-bolumu\/wp-json\/wp\/v2\/pages\/5734","targetHints":{"allow":["GET"]}}],"collection":[{"href":"https:\/\/atauni.edu.tr\/klinik-bilimler-bolumu\/wp-json\/wp\/v2\/pages"}],"about":[{"href":"https:\/\/atauni.edu.tr\/klinik-bilimler-bolumu\/wp-json\/wp\/v2\/types\/page"}],"author":[{"embeddable":true,"href":"https:\/\/atauni.edu.tr\/klinik-bilimler-bolumu\/wp-json\/wp\/v2\/users\/1"}],"replies":[{"embeddable":true,"href":"https:\/\/atauni.edu.tr\/klinik-bilimler-bolumu\/wp-json\/wp\/v2\/comments?post=5734"}],"version-history":[{"count":20,"href":"https:\/\/atauni.edu.tr\/klinik-bilimler-bolumu\/wp-json\/wp\/v2\/pages\/5734\/revisions"}],"predecessor-version":[{"id":6103,"href":"https:\/\/atauni.edu.tr\/klinik-bilimler-bolumu\/wp-json\/wp\/v2\/pages\/5734\/revisions\/6103"}],"wp:attachment":[{"href":"https:\/\/atauni.edu.tr\/klinik-bilimler-bolumu\/wp-json\/wp\/v2\/media?parent=5734"}],"curies":[{"name":"wp","href":"https:\/\/api.w.org\/{rel}","templated":true}]}}